{"id":17997,"date":"2023-03-16T15:20:57","date_gmt":"2023-03-16T14:20:57","guid":{"rendered":"https:\/\/regiongron.sk\/clenovia\/pila\/"},"modified":"2023-03-22T10:06:07","modified_gmt":"2023-03-22T09:06:07","slug":"pila","status":"publish","type":"clenovia","link":"https:\/\/regiongron.sk\/en\/clenovia\/pila\/","title":{"rendered":"P\u00edla"},"content":{"rendered":"\n<p>Mal\u00fa r\u00e1zovit\u00fa obec - najmen\u0161iu v na\u0161om regi\u00f3ne - n\u00e1jdete ukryt\u00fa v doline medzi Vt\u00e1\u010dnikom a Voj\u0161\u00ednom.<\/p>\n\n\n<div class=\"wp-block-image\">\n<figure class=\"aligncenter size-full is-resized\"><img loading=\"lazy\" decoding=\"async\" src=\"https:\/\/regiongron.sk\/wp-content\/uploads\/2023\/03\/Erb-Pila-jpg.jpg\" alt=\"\" class=\"wp-image-18652\" width=\"70\" height=\"80\"\/><\/figure>\n<\/div>\n\n\n<p><span style=\"color: #0000ff;\"><a style=\"color: #0000ff;\" href=\"http:\/\/www.obecpila.eu\/\" target=\"_blank\" rel=\"noopener noreferrer\">www.obecpila.eu<\/a><\/span><\/p>\n","protected":false},"featured_media":18652,"template":"","categories":[54],"tags":[],"class_list":["post-17997","clenovia","type-clenovia","status-publish","has-post-thumbnail","hentry","category-mesta-a-obce"],"acf":[],"uagb_featured_image_src":{"full":["https:\/\/regiongron.sk\/en\/wp-content\/uploads\/2023\/03\/Erb-Pila-jpg.jpg",319,366,false],"thumbnail":["https:\/\/regiongron.sk\/en\/wp-content\/uploads\/2023\/03\/Erb-Pila-jpg.jpg",319,366,false],"medium":["https:\/\/regiongron.sk\/en\/wp-content\/uploads\/2023\/03\/Erb-Pila-jpg.jpg",319,366,false],"medium_large":["https:\/\/regiongron.sk\/en\/wp-content\/uploads\/2023\/03\/Erb-Pila-jpg.jpg",319,366,false],"large":["https:\/\/regiongron.sk\/en\/wp-content\/uploads\/2023\/03\/Erb-Pila-jpg.jpg",319,366,false],"1536x1536":["https:\/\/regiongron.sk\/en\/wp-content\/uploads\/2023\/03\/Erb-Pila-jpg.jpg",319,366,false],"2048x2048":["https:\/\/regiongron.sk\/en\/wp-content\/uploads\/2023\/03\/Erb-Pila-jpg.jpg",319,366,false]},"uagb_author_info":{"display_name":"regiongron","author_link":"https:\/\/regiongron.sk\/en\/author\/"},"uagb_comment_info":0,"uagb_excerpt":"Mal\u00fa r\u00e1zovit\u00fa obec - najmen\u0161iu v na\u0161om regi\u00f3ne - n\u00e1jdete ukryt\u00fa v doline medzi Vt\u00e1\u010dnikom a Voj\u0161\u00ednom. www.obecpila.eu","_links":{"self":[{"href":"https:\/\/regiongron.sk\/en\/wp-json\/wp\/v2\/clenovia\/17997","targetHints":{"allow":["GET"]}}],"collection":[{"href":"https:\/\/regiongron.sk\/en\/wp-json\/wp\/v2\/clenovia"}],"about":[{"href":"https:\/\/regiongron.sk\/en\/wp-json\/wp\/v2\/types\/clenovia"}],"wp:featuredmedia":[{"embeddable":true,"href":"https:\/\/regiongron.sk\/en\/wp-json\/wp\/v2\/media\/18652"}],"wp:attachment":[{"href":"https:\/\/regiongron.sk\/en\/wp-json\/wp\/v2\/media?parent=17997"}],"wp:term":[{"taxonomy":"category","embeddable":true,"href":"https:\/\/regiongron.sk\/en\/wp-json\/wp\/v2\/categories?post=17997"},{"taxonomy":"post_tag","embeddable":true,"href":"https:\/\/regiongron.sk\/en\/wp-json\/wp\/v2\/tags?post=17997"}],"curies":[{"name":"wp","href":"https:\/\/api.w.org\/{rel}","templated":true}]}}

Píla

<p>Malú rázovitú obec - najmenšiu v našom regióne - nájdete ukrytú v doline medzi Vtáčnikom a Vojšínom.</p>


<div class="wp-block-image">
<figure class="aligncenter size-full is-resized"><img loading="lazy" decoding="async" src="https://regiongron.sk/wp-content/uploads/2023/03/Erb-Pila-jpg.jpg" alt="" class="wp-image-18652" width="70" height="80"/></figure>
</div>


<p><span style="color: #0000ff;"><a style="color: #0000ff;" href="http://www.obecpila.eu/" target="_blank" rel="noopener noreferrer">www.obecpila.eu</a></span></p>

Malú rázovitú obec - najmenšiu v našom regióne - nájdete ukrytú v doline medzi Vtáčnikom a Vojšínom. www.obecpila.eu
