{"id":18900,"date":"2023-04-18T13:33:34","date_gmt":"2023-04-18T11:33:34","guid":{"rendered":"https:\/\/regiongron.sk\/?post_type=clenovia&#038;p=18900"},"modified":"2023-04-18T13:33:34","modified_gmt":"2023-04-18T11:33:34","slug":"vrchy-sk-o-z","status":"publish","type":"clenovia","link":"https:\/\/regiongron.sk\/en\/clenovia\/vrchy-sk-o-z\/","title":{"rendered":"VRCHY SK, o. z."},"content":{"rendered":"\n<p>Poslan\u00edm ob\u010dianskeho zdru\u017eenia VRCHY SK, o. z., ktor\u00e9 m\u00e1 s\u00eddlo v \u017darnovici, je tvorba a zlep\u0161ovanie podmienok na rozvoj aktiv\u00edt v oblasti \u0161portu, \u017eivotn\u00e9ho prostredia a turistiky vo svojom okol\u00ed. \u00da\u010delom je tie\u017e podpora \u0161portov\u00fdch \u010dinnost\u00ed svojich \u010dlenov, a to na amat\u00e9rskej i profesion\u00e1lnej \u00farovni i podpora ich \u00fa\u010dasti na \u0161portov\u00fdch podujatiach s region\u00e1lnym, celoslovensk\u00fdm i medzin\u00e1rodn\u00fdm v\u00fdznamom. <\/p>\n\n\n\n<p>Ob\u010dianske zdru\u017eenie v minulosti spolupracovalo s OOCR na zna\u010den\u00ed nov\u00fdch cyklotr\u00e1s v K\u013eakovskej doline a dlhodobo sa v okol\u00ed \u017darnovice venuje organiz\u00e1cii \u0161portov\u00fdch podujat\u00ed zameran\u00fdch pr\u00e1ve na cyklistiku. <\/p>\n\n\n<div class=\"wp-block-image\">\n<figure class=\"aligncenter size-full is-resized\"><img loading=\"lazy\" decoding=\"async\" src=\"https:\/\/regiongron.sk\/wp-content\/uploads\/2023\/04\/erika-jauschova-visegrad4bicyclerace-slovakia-2022-00190.jpeg\" alt=\"\" class=\"wp-image-18901\" width=\"531\" height=\"354\" srcset=\"https:\/\/regiongron.sk\/en\/wp-content\/uploads\/2023\/04\/erika-jauschova-visegrad4bicyclerace-slovakia-2022-00190.jpeg 1000w, https:\/\/regiongron.sk\/en\/wp-content\/uploads\/2023\/04\/erika-jauschova-visegrad4bicyclerace-slovakia-2022-00190-600x400.jpeg 600w, https:\/\/regiongron.sk\/en\/wp-content\/uploads\/2023\/04\/erika-jauschova-visegrad4bicyclerace-slovakia-2022-00190-768x512.jpeg 768w\" sizes=\"auto, (max-width: 531px) 100vw, 531px\" \/><figcaption class=\"wp-element-caption\">Autor: Erika Jauschov\u00e1, Zdroj: www.visegrad4bicyclerace.com<\/figcaption><\/figure>\n<\/div>\n\n\n<p>Najv\u00fdznamnej\u0161\u00edm podujat\u00edm, ktor\u00e9 zdru\u017eenie zastre\u0161uje, je Visegrad 4 Bicycle Race, preteky v cestnej cyklistike t\u00edmov, ktor\u00e9 sa odohr\u00e1vaj\u00fa na p\u00f4de v\u0161etk\u00fdch \u0161t\u00e1tov tzv. Vy\u0161ehradskej \u0161tvorky. OZ VRCHY SK organizuje slovensk\u00fa \u010das\u0165 tohto preteku, pri\u010dom v roku 2023 ide u\u017e o tret\u00ed ro\u010dn\u00edk, ktor\u00e9ho \u0161tart i cie\u013eov\u00e1 p\u00e1ska s\u00fa v Novej Bani. <\/p>\n","protected":false},"featured_media":18901,"template":"","categories":[52],"tags":[],"class_list":["post-18900","clenovia","type-clenovia","status-publish","has-post-thumbnail","hentry","category-ostatne-subjekty"],"acf":[],"uagb_featured_image_src":{"full":["https:\/\/regiongron.sk\/en\/wp-content\/uploads\/2023\/04\/erika-jauschova-visegrad4bicyclerace-slovakia-2022-00190.jpeg",1000,667,false],"thumbnail":["https:\/\/regiongron.sk\/en\/wp-content\/uploads\/2023\/04\/erika-jauschova-visegrad4bicyclerace-slovakia-2022-00190-400x400.jpeg",400,400,true],"medium":["https:\/\/regiongron.sk\/en\/wp-content\/uploads\/2023\/04\/erika-jauschova-visegrad4bicyclerace-slovakia-2022-00190-600x400.jpeg",600,400,true],"medium_large":["https:\/\/regiongron.sk\/en\/wp-content\/uploads\/2023\/04\/erika-jauschova-visegrad4bicyclerace-slovakia-2022-00190-768x512.jpeg",768,512,true],"large":["https:\/\/regiongron.sk\/en\/wp-content\/uploads\/2023\/04\/erika-jauschova-visegrad4bicyclerace-slovakia-2022-00190.jpeg",1000,667,false],"1536x1536":["https:\/\/regiongron.sk\/en\/wp-content\/uploads\/2023\/04\/erika-jauschova-visegrad4bicyclerace-slovakia-2022-00190.jpeg",1000,667,false],"2048x2048":["https:\/\/regiongron.sk\/en\/wp-content\/uploads\/2023\/04\/erika-jauschova-visegrad4bicyclerace-slovakia-2022-00190.jpeg",1000,667,false]},"uagb_author_info":{"display_name":"regiongron","author_link":"https:\/\/regiongron.sk\/en\/author\/"},"uagb_comment_info":0,"uagb_excerpt":"Poslan\u00edm ob\u010dianskeho zdru\u017eenia VRCHY SK, o. z., ktor\u00e9 m\u00e1 s\u00eddlo v \u017darnovici, je tvorba a zlep\u0161ovanie podmienok na rozvoj aktiv\u00edt v oblasti \u0161portu, \u017eivotn\u00e9ho prostredia a turistiky vo svojom okol\u00ed. \u00da\u010delom je tie\u017e podpora \u0161portov\u00fdch \u010dinnost\u00ed svojich \u010dlenov, a to na amat\u00e9rskej i profesion\u00e1lnej \u00farovni i podpora ich \u00fa\u010dasti na \u0161portov\u00fdch podujatiach s region\u00e1lnym, celoslovensk\u00fdm&hellip;","_links":{"self":[{"href":"https:\/\/regiongron.sk\/en\/wp-json\/wp\/v2\/clenovia\/18900","targetHints":{"allow":["GET"]}}],"collection":[{"href":"https:\/\/regiongron.sk\/en\/wp-json\/wp\/v2\/clenovia"}],"about":[{"href":"https:\/\/regiongron.sk\/en\/wp-json\/wp\/v2\/types\/clenovia"}],"wp:featuredmedia":[{"embeddable":true,"href":"https:\/\/regiongron.sk\/en\/wp-json\/wp\/v2\/media\/18901"}],"wp:attachment":[{"href":"https:\/\/regiongron.sk\/en\/wp-json\/wp\/v2\/media?parent=18900"}],"wp:term":[{"taxonomy":"category","embeddable":true,"href":"https:\/\/regiongron.sk\/en\/wp-json\/wp\/v2\/categories?post=18900"},{"taxonomy":"post_tag","embeddable":true,"href":"https:\/\/regiongron.sk\/en\/wp-json\/wp\/v2\/tags?post=18900"}],"curies":[{"name":"wp","href":"https:\/\/api.w.org\/{rel}","templated":true}]}}

<p>Poslaním občianskeho združenia VRCHY SK, o. z., ktoré má sídlo v Žarnovici, je tvorba a zlepšovanie podmienok na rozvoj aktivít v oblasti športu, životného prostredia a turistiky vo svojom okolí. Účelom je tiež podpora športových činností svojich členov, a to na amatérskej i profesionálnej úrovni i podpora ich účasti na športových podujatiach s regionálnym, celoslovenským i medzinárodným významom. </p>



<p>Občianske združenie v minulosti spolupracovalo s OOCR na značení nových cyklotrás v Kľakovskej doline a dlhodobo sa v okolí Žarnovice venuje organizácii športových podujatí zameraných práve na cyklistiku. </p>


<div class="wp-block-image">
<figure class="aligncenter size-full is-resized"><img loading="lazy" decoding="async" src="https://regiongron.sk/wp-content/uploads/2023/04/erika-jauschova-visegrad4bicyclerace-slovakia-2022-00190.jpeg" alt="" class="wp-image-18901" width="531" height="354" srcset="https://regiongron.sk/en/wp-content/uploads/2023/04/erika-jauschova-visegrad4bicyclerace-slovakia-2022-00190.jpeg 1000w, https://regiongron.sk/en/wp-content/uploads/2023/04/erika-jauschova-visegrad4bicyclerace-slovakia-2022-00190-600x400.jpeg 600w, https://regiongron.sk/en/wp-content/uploads/2023/04/erika-jauschova-visegrad4bicyclerace-slovakia-2022-00190-768x512.jpeg 768w" sizes="auto, (max-width: 531px) 100vw, 531px" /><figcaption class="wp-element-caption">Autor: Erika Jauschová, Zdroj: www.visegrad4bicyclerace.com</figcaption></figure>
</div>


<p>Najvýznamnejším podujatím, ktoré združenie zastrešuje, je Visegrad 4 Bicycle Race, preteky v cestnej cyklistike tímov, ktoré sa odohrávajú na pôde všetkých štátov tzv. Vyšehradskej štvorky. OZ VRCHY SK organizuje slovenskú časť tohto preteku, pričom v roku 2023 ide už o tretí ročník, ktorého štart i cieľová páska sú v Novej Bani. </p>

Poslaním občianskeho združenia VRCHY SK, o. z., ktoré má sídlo v Žarnovici, je tvorba a zlepšovanie podmienok na rozvoj aktivít v oblasti športu, životného prostredia a turistiky vo svojom okolí. Účelom je tiež podpora športových činností svojich členov, a to na amatérskej i profesionálnej úrovni i podpora ich účasti na športových podujatiach s regionálnym, celoslovenským&hellip;
