{"id":19619,"date":"2023-06-06T13:50:23","date_gmt":"2023-06-06T11:50:23","guid":{"rendered":"https:\/\/regiongron.sk\/?post_type=podujatia&#038;p=19619"},"modified":"2023-06-06T13:50:24","modified_gmt":"2023-06-06T11:50:24","slug":"leto-v-parku-2023-ziar-nad-hronom","status":"publish","type":"podujatia","link":"https:\/\/regiongron.sk\/en\/podujatia\/leto-v-parku-2023-ziar-nad-hronom\/","title":{"rendered":"LETO V PARKU 2023 - \u017dIAR NAD HRONOM"},"content":{"rendered":"<div class=\"wp-block-image\">\n<figure class=\"aligncenter size-large\"><img loading=\"lazy\" decoding=\"async\" width=\"724\" height=\"1024\" src=\"https:\/\/regiongron.sk\/wp-content\/uploads\/2023\/06\/Leto-v-parku-2023-ziar-nad-hronom-plagat-724x1024.jpg\" alt=\"Leto-v-parku-2023-ziar-nad-hronom-plagat\" class=\"wp-image-19620\" srcset=\"https:\/\/regiongron.sk\/en\/wp-content\/uploads\/2023\/06\/Leto-v-parku-2023-ziar-nad-hronom-plagat-724x1024.jpg 724w, https:\/\/regiongron.sk\/en\/wp-content\/uploads\/2023\/06\/Leto-v-parku-2023-ziar-nad-hronom-plagat-424x600.jpg 424w, https:\/\/regiongron.sk\/en\/wp-content\/uploads\/2023\/06\/Leto-v-parku-2023-ziar-nad-hronom-plagat-768x1086.jpg 768w, https:\/\/regiongron.sk\/en\/wp-content\/uploads\/2023\/06\/Leto-v-parku-2023-ziar-nad-hronom-plagat-1086x1536.jpg 1086w, https:\/\/regiongron.sk\/en\/wp-content\/uploads\/2023\/06\/Leto-v-parku-2023-ziar-nad-hronom-plagat.jpg 1448w\" sizes=\"auto, (max-width: 724px) 100vw, 724px\" \/><\/figure>\n<\/div>\n\n\n<p>\u017dIARSKE LETO V PARKU BUDE PLN\u00c9 HVIEZD aj tento rok. Pozrite si ponuku koncertov, ktor\u00e9 s\u00fa na leto pripraven\u00e9!<\/p>\n\n\n\n<p>Vstupenky v predpredaji na <a rel=\"noreferrer noopener\" href=\"http:\/\/www.mskcentrum.sk\/?fbclid=IwAR1Mn0Og-xmz-GLYK5qGlwlUE7PXEFgxsCtTVirPZiLeeptAcP3SneS_aJY\" target=\"_blank\">www.mskcentrum.sk<\/a> a na <a rel=\"noreferrer noopener\" href=\"http:\/\/www.ticketportal.sk\/?fbclid=IwAR0Ti3dpB5eYZMGyFWZmX2DRhQK_XheD_NI1GWxFpVihL3ehRr5QzgyBru0\" target=\"_blank\">www.ticketportal.sk<\/a><\/p>\n\n\n\n<h4 class=\"wp-block-heading\">J\u00daN<\/h4>\n\n\n\n<p><img loading=\"lazy\" decoding=\"async\" width=\"16\" height=\"16\" src=\"https:\/\/regiongron.sk\/wp-content\/uploads\/2023\/02\/1f538-1.png\" alt=\" \">\u00a0KALI &amp; PETER PANN - piatok 30.6.<\/p>\n\n\n\n<h4 class=\"wp-block-heading\">J\u00daL<\/h4>\n\n\n\n<p><img loading=\"lazy\" decoding=\"async\" width=\"16\" height=\"16\" src=\"https:\/\/regiongron.sk\/wp-content\/uploads\/2023\/02\/1f539-1.png\" alt=\" \">\u00a0SIMA MAGU\u0160INOV\u00c1 - piatok 7.7.<\/p>\n\n\n\n<p><img loading=\"lazy\" decoding=\"async\" width=\"16\" height=\"16\" src=\"https:\/\/regiongron.sk\/wp-content\/uploads\/2023\/02\/1f538-1.png\" alt=\" \">\u00a0IN\u00c9 KAFE - piatok 14.7.<\/p>\n\n\n\n<p><img loading=\"lazy\" decoding=\"async\" width=\"16\" height=\"16\" src=\"https:\/\/regiongron.sk\/wp-content\/uploads\/2023\/02\/1f539-1.png\" alt=\" \">\u00a0SILN\u00c9 RE\u010cI - stand up - piatok 21.7.<\/p>\n\n\n\n<h4 class=\"wp-block-heading\">AUGUST<\/h4>\n\n\n\n<p><img loading=\"lazy\" decoding=\"async\" width=\"16\" height=\"16\" src=\"https:\/\/regiongron.sk\/wp-content\/uploads\/2023\/02\/1f538-1.png\" alt=\" \">\u00a0MIRO JARO\u0160 - piatok 11.8.<\/p>\n\n\n\n<p><\/p>\n\n\n<p><iframe loading=\"lazy\" style=\"border:none\" src=\"https:\/\/sk.frame.mapy.cz\/s\/renemupegu\" width=\"100\" height=\"350\" frameborder=\"0\"><\/iframe><\/p>\n\n\n\n\n","protected":false},"excerpt":{"rendered":"<p>\u017dIARSKE LETO V PARKU BUDE PLN\u00c9 HVIEZD aj tento rok. Pozrite si ponuku koncertov, ktor\u00e9 s\u00fa na leto pripraven\u00e9! Vstupenky v predpredaji na www.mskcentrum.sk a na www.ticketportal.sk J\u00daN \u00a0KALI &amp; PETER PANN - piatok 30.6. J\u00daL \u00a0SIMA MAGU\u0160INOV\u00c1 - piatok 7.7. \u00a0IN\u00c9 KAFE - piatok 14.7. \u00a0SILN\u00c9 RE\u010cI - stand up - piatok 21.7. AUGUST [&hellip;]<\/p>\n","protected":false},"author":3,"featured_media":19620,"menu_order":575,"comment_status":"open","ping_status":"closed","template":"","format":"standard","categories":[],"tags":[],"class_list":["post-19619","podujatia","type-podujatia","status-publish","format-standard","has-post-thumbnail","hentry"],"acf":[],"uagb_featured_image_src":{"full":["https:\/\/regiongron.sk\/en\/wp-content\/uploads\/2023\/06\/Leto-v-parku-2023-ziar-nad-hronom-plagat.jpg",1448,2048,false],"thumbnail":["https:\/\/regiongron.sk\/en\/wp-content\/uploads\/2023\/06\/Leto-v-parku-2023-ziar-nad-hronom-plagat-400x400.jpg",400,400,true],"medium":["https:\/\/regiongron.sk\/en\/wp-content\/uploads\/2023\/06\/Leto-v-parku-2023-ziar-nad-hronom-plagat-424x600.jpg",424,600,true],"medium_large":["https:\/\/regiongron.sk\/en\/wp-content\/uploads\/2023\/06\/Leto-v-parku-2023-ziar-nad-hronom-plagat-768x1086.jpg",768,1086,true],"large":["https:\/\/regiongron.sk\/en\/wp-content\/uploads\/2023\/06\/Leto-v-parku-2023-ziar-nad-hronom-plagat-724x1024.jpg",724,1024,true],"1536x1536":["https:\/\/regiongron.sk\/en\/wp-content\/uploads\/2023\/06\/Leto-v-parku-2023-ziar-nad-hronom-plagat-1086x1536.jpg",1086,1536,true],"2048x2048":["https:\/\/regiongron.sk\/en\/wp-content\/uploads\/2023\/06\/Leto-v-parku-2023-ziar-nad-hronom-plagat.jpg",1448,2048,false]},"uagb_author_info":{"display_name":"Gabriela Matlovi\u010dov\u00e1","author_link":"https:\/\/regiongron.sk\/en\/author\/gabriela\/"},"uagb_comment_info":0,"uagb_excerpt":"\u017dIARSKE LETO V PARKU BUDE PLN\u00c9 HVIEZD aj tento rok. Pozrite si ponuku koncertov, ktor\u00e9 s\u00fa na leto pripraven\u00e9! Vstupenky v predpredaji na www.mskcentrum.sk a na www.ticketportal.sk J\u00daN \u00a0KALI &amp; PETER PANN - piatok 30.6. J\u00daL \u00a0SIMA MAGU\u0160INOV\u00c1 - piatok 7.7. \u00a0IN\u00c9 KAFE - piatok 14.7. \u00a0SILN\u00c9 RE\u010cI - stand up - piatok 21.7. AUGUST&hellip;","_links":{"self":[{"href":"https:\/\/regiongron.sk\/en\/wp-json\/wp\/v2\/podujatia\/19619","targetHints":{"allow":["GET"]}}],"collection":[{"href":"https:\/\/regiongron.sk\/en\/wp-json\/wp\/v2\/podujatia"}],"about":[{"href":"https:\/\/regiongron.sk\/en\/wp-json\/wp\/v2\/types\/podujatia"}],"author":[{"embeddable":true,"href":"https:\/\/regiongron.sk\/en\/wp-json\/wp\/v2\/users\/3"}],"replies":[{"embeddable":true,"href":"https:\/\/regiongron.sk\/en\/wp-json\/wp\/v2\/comments?post=19619"}],"version-history":[{"count":2,"href":"https:\/\/regiongron.sk\/en\/wp-json\/wp\/v2\/podujatia\/19619\/revisions"}],"predecessor-version":[{"id":19622,"href":"https:\/\/regiongron.sk\/en\/wp-json\/wp\/v2\/podujatia\/19619\/revisions\/19622"}],"wp:featuredmedia":[{"embeddable":true,"href":"https:\/\/regiongron.sk\/en\/wp-json\/wp\/v2\/media\/19620"}],"wp:attachment":[{"href":"https:\/\/regiongron.sk\/en\/wp-json\/wp\/v2\/media?parent=19619"}],"wp:term":[{"taxonomy":"category","embeddable":true,"href":"https:\/\/regiongron.sk\/en\/wp-json\/wp\/v2\/categories?post=19619"},{"taxonomy":"post_tag","embeddable":true,"href":"https:\/\/regiongron.sk\/en\/wp-json\/wp\/v2\/tags?post=19619"}],"curies":[{"name":"wp","href":"https:\/\/api.w.org\/{rel}","templated":true}]}}

LETO V PARKU 2023 - ŽIAR NAD HRONOM

<div class="wp-block-image">
<figure class="aligncenter size-large"><img loading="lazy" decoding="async" width="724" height="1024" src="https://regiongron.sk/wp-content/uploads/2023/06/Leto-v-parku-2023-ziar-nad-hronom-plagat-724x1024.jpg" alt="Leto-v-parku-2023-ziar-nad-hronom-plagat" class="wp-image-19620" srcset="https://regiongron.sk/en/wp-content/uploads/2023/06/Leto-v-parku-2023-ziar-nad-hronom-plagat-724x1024.jpg 724w, https://regiongron.sk/en/wp-content/uploads/2023/06/Leto-v-parku-2023-ziar-nad-hronom-plagat-424x600.jpg 424w, https://regiongron.sk/en/wp-content/uploads/2023/06/Leto-v-parku-2023-ziar-nad-hronom-plagat-768x1086.jpg 768w, https://regiongron.sk/en/wp-content/uploads/2023/06/Leto-v-parku-2023-ziar-nad-hronom-plagat-1086x1536.jpg 1086w, https://regiongron.sk/en/wp-content/uploads/2023/06/Leto-v-parku-2023-ziar-nad-hronom-plagat.jpg 1448w" sizes="auto, (max-width: 724px) 100vw, 724px" /></figure>
</div>


<p>ŽIARSKE LETO V PARKU BUDE PLNÉ HVIEZD aj tento rok. Pozrite si ponuku koncertov, ktoré sú na leto pripravené!</p>



<p>Vstupenky v predpredaji na <a rel="noreferrer noopener" href="http://www.mskcentrum.sk/?fbclid=IwAR1Mn0Og-xmz-GLYK5qGlwlUE7PXEFgxsCtTVirPZiLeeptAcP3SneS_aJY" target="_blank">www.mskcentrum.sk</a> a na <a rel="noreferrer noopener" href="http://www.ticketportal.sk/?fbclid=IwAR0Ti3dpB5eYZMGyFWZmX2DRhQK_XheD_NI1GWxFpVihL3ehRr5QzgyBru0" target="_blank">www.ticketportal.sk</a></p>



<h4 class="wp-block-heading">JÚN</h4>



<p><img loading="lazy" decoding="async" width="16" height="16" src="https://regiongron.sk/wp-content/uploads/2023/02/1f538-1.png" alt=" "> KALI &amp; PETER PANN - piatok 30.6.</p>



<h4 class="wp-block-heading">JÚL</h4>



<p><img loading="lazy" decoding="async" width="16" height="16" src="https://regiongron.sk/wp-content/uploads/2023/02/1f539-1.png" alt=" "> SIMA MAGUŠINOVÁ - piatok 7.7.</p>



<p><img loading="lazy" decoding="async" width="16" height="16" src="https://regiongron.sk/wp-content/uploads/2023/02/1f538-1.png" alt=" "> INÉ KAFE - piatok 14.7.</p>



<p><img loading="lazy" decoding="async" width="16" height="16" src="https://regiongron.sk/wp-content/uploads/2023/02/1f539-1.png" alt=" "> SILNÉ REČI - stand up - piatok 21.7.</p>



<h4 class="wp-block-heading">AUGUST</h4>



<p><img loading="lazy" decoding="async" width="16" height="16" src="https://regiongron.sk/wp-content/uploads/2023/02/1f538-1.png" alt=" "> MIRO JAROŠ - piatok 11.8.</p>



<p></p>


<p><iframe loading="lazy" style="border:none" src="https://sk.frame.mapy.cz/s/renemupegu" width="100" height="350" frameborder="0"></iframe></p>

<p>ŽIARSKE LETO V PARKU BUDE PLNÉ HVIEZD aj tento rok. Pozrite si ponuku koncertov, ktoré sú na leto pripravené! Vstupenky v predpredaji na www.mskcentrum.sk a na www.ticketportal.sk JÚN  KALI &amp; PETER PANN - piatok 30.6. JÚL  SIMA MAGUŠINOVÁ - piatok 7.7.  INÉ KAFE - piatok 14.7.  SILNÉ REČI - stand up - piatok 21.7. AUGUST [&hellip;]</p>

Gabriela Matlovičová

ŽIARSKE LETO V PARKU BUDE PLNÉ HVIEZD aj tento rok. Pozrite si ponuku koncertov, ktoré sú na leto pripravené! Vstupenky v predpredaji na www.mskcentrum.sk a na www.ticketportal.sk JÚN  KALI &amp; PETER PANN - piatok 30.6. JÚL  SIMA MAGUŠINOVÁ - piatok 7.7.  INÉ KAFE - piatok 14.7.  SILNÉ REČI - stand up - piatok 21.7. AUGUST&hellip;
