{"id":20199,"date":"2023-08-21T12:07:44","date_gmt":"2023-08-21T10:07:44","guid":{"rendered":"https:\/\/regiongron.sk\/?post_type=podujatia&#038;p=20199"},"modified":"2023-08-21T12:07:45","modified_gmt":"2023-08-21T10:07:45","slug":"letne-kino-na-tajchu-film-buko-28-8-2023","status":"publish","type":"podujatia","link":"https:\/\/regiongron.sk\/en\/podujatia\/letne-kino-na-tajchu-film-buko-28-8-2023\/","title":{"rendered":"LETN\u00c9 KINO NA TAJCHU - FILM BUKO, 28.8.2023"},"content":{"rendered":"<div class=\"wp-block-image\">\n<figure class=\"aligncenter size-large\"><img loading=\"lazy\" decoding=\"async\" width=\"724\" height=\"1024\" src=\"https:\/\/regiongron.sk\/wp-content\/uploads\/2023\/08\/letne-kino-tajch-nova-bana-film-buko-28.8.2023-724x1024.jpg\" alt=\"\" class=\"wp-image-20200\" srcset=\"https:\/\/regiongron.sk\/en\/wp-content\/uploads\/2023\/08\/letne-kino-tajch-nova-bana-film-buko-28.8.2023-724x1024.jpg 724w, https:\/\/regiongron.sk\/en\/wp-content\/uploads\/2023\/08\/letne-kino-tajch-nova-bana-film-buko-28.8.2023-424x600.jpg 424w, https:\/\/regiongron.sk\/en\/wp-content\/uploads\/2023\/08\/letne-kino-tajch-nova-bana-film-buko-28.8.2023-768x1086.jpg 768w, https:\/\/regiongron.sk\/en\/wp-content\/uploads\/2023\/08\/letne-kino-tajch-nova-bana-film-buko-28.8.2023-1086x1536.jpg 1086w, https:\/\/regiongron.sk\/en\/wp-content\/uploads\/2023\/08\/letne-kino-tajch-nova-bana-film-buko-28.8.2023.jpg 1448w\" sizes=\"auto, (max-width: 724px) 100vw, 724px\" \/><\/figure>\n<\/div>\n\n\n<p>Mesto Nov\u00e1 Ba\u0148a V\u00e1s poz\u00fdva na videoprojekciu filmu Alice Nellis \u2013 BUKO . Videoprojekcia sa uskuto\u010dn\u00ed 28. augusta 2023 o 20.30 hod v amfite\u00e1tri Tajch.<\/p>\n\n\n\n<p>Vstup vo\u013en\u00fd.<\/p>\n\n\n\n<p>Pr\u00edstupnos\u0165 : Nevhodn\u00e9 pre vekov\u00fa kateg\u00f3riu malolet\u00fdch do 12 rokov.<\/p>\n\n\n\n<p>\u017d\u00e1ner: dr\u00e1ma\/kom\u00e9dia<\/p>\n\n\n<p><iframe loading=\"lazy\" style=\"border:none\" src=\"https:\/\/sk.frame.mapy.cz\/s\/rezehapoto\" width=\"100%\" height=\"350\" frameborder=\"0\"><\/iframe><\/p>\n\n\n\n\n","protected":false},"excerpt":{"rendered":"<p>Mesto Nov\u00e1 Ba\u0148a V\u00e1s poz\u00fdva na videoprojekciu filmu Alice Nellis \u2013 BUKO . Videoprojekcia sa uskuto\u010dn\u00ed 28. augusta 2023 o 20.30 hod v amfite\u00e1tri Tajch. Vstup vo\u013en\u00fd. Pr\u00edstupnos\u0165 : Nevhodn\u00e9 pre vekov\u00fa kateg\u00f3riu malolet\u00fdch do 12 rokov. \u017d\u00e1ner: dr\u00e1ma\/kom\u00e9dia<\/p>\n","protected":false},"author":3,"featured_media":20200,"menu_order":573,"comment_status":"open","ping_status":"closed","template":"","format":"standard","categories":[46],"tags":[],"class_list":["post-20199","podujatia","type-podujatia","status-publish","format-standard","has-post-thumbnail","hentry","category-podujatia"],"acf":[],"uagb_featured_image_src":{"full":["https:\/\/regiongron.sk\/en\/wp-content\/uploads\/2023\/08\/letne-kino-tajch-nova-bana-film-buko-28.8.2023.jpg",1448,2048,false],"thumbnail":["https:\/\/regiongron.sk\/en\/wp-content\/uploads\/2023\/08\/letne-kino-tajch-nova-bana-film-buko-28.8.2023-400x400.jpg",400,400,true],"medium":["https:\/\/regiongron.sk\/en\/wp-content\/uploads\/2023\/08\/letne-kino-tajch-nova-bana-film-buko-28.8.2023-424x600.jpg",424,600,true],"medium_large":["https:\/\/regiongron.sk\/en\/wp-content\/uploads\/2023\/08\/letne-kino-tajch-nova-bana-film-buko-28.8.2023-768x1086.jpg",768,1086,true],"large":["https:\/\/regiongron.sk\/en\/wp-content\/uploads\/2023\/08\/letne-kino-tajch-nova-bana-film-buko-28.8.2023-724x1024.jpg",724,1024,true],"1536x1536":["https:\/\/regiongron.sk\/en\/wp-content\/uploads\/2023\/08\/letne-kino-tajch-nova-bana-film-buko-28.8.2023-1086x1536.jpg",1086,1536,true],"2048x2048":["https:\/\/regiongron.sk\/en\/wp-content\/uploads\/2023\/08\/letne-kino-tajch-nova-bana-film-buko-28.8.2023.jpg",1448,2048,false]},"uagb_author_info":{"display_name":"Gabriela Matlovi\u010dov\u00e1","author_link":"https:\/\/regiongron.sk\/en\/author\/gabriela\/"},"uagb_comment_info":0,"uagb_excerpt":"Mesto Nov\u00e1 Ba\u0148a V\u00e1s poz\u00fdva na videoprojekciu filmu Alice Nellis \u2013 BUKO . Videoprojekcia sa uskuto\u010dn\u00ed 28. augusta 2023 o 20.30 hod v amfite\u00e1tri Tajch. Vstup vo\u013en\u00fd. Pr\u00edstupnos\u0165 : Nevhodn\u00e9 pre vekov\u00fa kateg\u00f3riu malolet\u00fdch do 12 rokov. \u017d\u00e1ner: dr\u00e1ma\/kom\u00e9dia","_links":{"self":[{"href":"https:\/\/regiongron.sk\/en\/wp-json\/wp\/v2\/podujatia\/20199","targetHints":{"allow":["GET"]}}],"collection":[{"href":"https:\/\/regiongron.sk\/en\/wp-json\/wp\/v2\/podujatia"}],"about":[{"href":"https:\/\/regiongron.sk\/en\/wp-json\/wp\/v2\/types\/podujatia"}],"author":[{"embeddable":true,"href":"https:\/\/regiongron.sk\/en\/wp-json\/wp\/v2\/users\/3"}],"replies":[{"embeddable":true,"href":"https:\/\/regiongron.sk\/en\/wp-json\/wp\/v2\/comments?post=20199"}],"version-history":[{"count":2,"href":"https:\/\/regiongron.sk\/en\/wp-json\/wp\/v2\/podujatia\/20199\/revisions"}],"predecessor-version":[{"id":20202,"href":"https:\/\/regiongron.sk\/en\/wp-json\/wp\/v2\/podujatia\/20199\/revisions\/20202"}],"wp:featuredmedia":[{"embeddable":true,"href":"https:\/\/regiongron.sk\/en\/wp-json\/wp\/v2\/media\/20200"}],"wp:attachment":[{"href":"https:\/\/regiongron.sk\/en\/wp-json\/wp\/v2\/media?parent=20199"}],"wp:term":[{"taxonomy":"category","embeddable":true,"href":"https:\/\/regiongron.sk\/en\/wp-json\/wp\/v2\/categories?post=20199"},{"taxonomy":"post_tag","embeddable":true,"href":"https:\/\/regiongron.sk\/en\/wp-json\/wp\/v2\/tags?post=20199"}],"curies":[{"name":"wp","href":"https:\/\/api.w.org\/{rel}","templated":true}]}}

LETNÉ KINO NA TAJCHU - FILM BUKO, 28.8.2023

<div class="wp-block-image">
<figure class="aligncenter size-large"><img loading="lazy" decoding="async" width="724" height="1024" src="https://regiongron.sk/wp-content/uploads/2023/08/letne-kino-tajch-nova-bana-film-buko-28.8.2023-724x1024.jpg" alt="" class="wp-image-20200" srcset="https://regiongron.sk/en/wp-content/uploads/2023/08/letne-kino-tajch-nova-bana-film-buko-28.8.2023-724x1024.jpg 724w, https://regiongron.sk/en/wp-content/uploads/2023/08/letne-kino-tajch-nova-bana-film-buko-28.8.2023-424x600.jpg 424w, https://regiongron.sk/en/wp-content/uploads/2023/08/letne-kino-tajch-nova-bana-film-buko-28.8.2023-768x1086.jpg 768w, https://regiongron.sk/en/wp-content/uploads/2023/08/letne-kino-tajch-nova-bana-film-buko-28.8.2023-1086x1536.jpg 1086w, https://regiongron.sk/en/wp-content/uploads/2023/08/letne-kino-tajch-nova-bana-film-buko-28.8.2023.jpg 1448w" sizes="auto, (max-width: 724px) 100vw, 724px" /></figure>
</div>


<p>Mesto Nová Baňa Vás pozýva na videoprojekciu filmu Alice Nellis – BUKO . Videoprojekcia sa uskutoční 28. augusta 2023 o 20.30 hod v amfiteátri Tajch.</p>



<p>Vstup voľný.</p>



<p>Prístupnosť : Nevhodné pre vekovú kategóriu maloletých do 12 rokov.</p>



<p>Žáner: dráma/komédia</p>


<p><iframe loading="lazy" style="border:none" src="https://sk.frame.mapy.cz/s/rezehapoto" width="100%" height="350" frameborder="0"></iframe></p>

<p>Mesto Nová Baňa Vás pozýva na videoprojekciu filmu Alice Nellis – BUKO . Videoprojekcia sa uskutoční 28. augusta 2023 o 20.30 hod v amfiteátri Tajch. Vstup voľný. Prístupnosť : Nevhodné pre vekovú kategóriu maloletých do 12 rokov. Žáner: dráma/komédia</p>

Gabriela Matlovičová

Mesto Nová Baňa Vás pozýva na videoprojekciu filmu Alice Nellis – BUKO . Videoprojekcia sa uskutoční 28. augusta 2023 o 20.30 hod v amfiteátri Tajch. Vstup voľný. Prístupnosť : Nevhodné pre vekovú kategóriu maloletých do 12 rokov. Žáner: dráma/komédia
