{"id":20475,"date":"2023-10-02T11:34:44","date_gmt":"2023-10-02T09:34:44","guid":{"rendered":"https:\/\/regiongron.sk\/?post_type=podujatia&#038;p=20475"},"modified":"2023-10-02T11:34:45","modified_gmt":"2023-10-02T09:34:45","slug":"l-kasuba-a-m-kreibich-koncert-21-10-2023","status":"publish","type":"podujatia","link":"https:\/\/regiongron.sk\/en\/podujatia\/l-kasuba-a-m-kreibich-koncert-21-10-2023\/","title":{"rendered":"\u013d. KA\u0160UBA A M. KREIBICH, koncert 21.10.2023"},"content":{"rendered":"<div class=\"wp-block-image\">\n<figure class=\"aligncenter size-large\"><img loading=\"lazy\" decoding=\"async\" width=\"725\" height=\"1024\" src=\"https:\/\/regiongron.sk\/wp-content\/uploads\/2023\/10\/kasuba-koncert-ziar-nad-hronom-21.10-725x1024.jpg\" alt=\"\" class=\"wp-image-20476\" srcset=\"https:\/\/regiongron.sk\/en\/wp-content\/uploads\/2023\/10\/kasuba-koncert-ziar-nad-hronom-21.10-725x1024.jpg 725w, https:\/\/regiongron.sk\/en\/wp-content\/uploads\/2023\/10\/kasuba-koncert-ziar-nad-hronom-21.10-425x600.jpg 425w, https:\/\/regiongron.sk\/en\/wp-content\/uploads\/2023\/10\/kasuba-koncert-ziar-nad-hronom-21.10-768x1085.jpg 768w, https:\/\/regiongron.sk\/en\/wp-content\/uploads\/2023\/10\/kasuba-koncert-ziar-nad-hronom-21.10-1087x1536.jpg 1087w, https:\/\/regiongron.sk\/en\/wp-content\/uploads\/2023\/10\/kasuba-koncert-ziar-nad-hronom-21.10.jpg 1449w\" sizes=\"auto, (max-width: 725px) 100vw, 725px\" \/><\/figure>\n<\/div>\n\n\n<p>Ob\u013e\u00faben\u00e1 Hudobn\u00e1 skupina \u00faspe\u0161ne \u00fa\u010dinkuje na podujatiach po celom Slovensku a v \u010cech\u00e1ch. \u013dudov\u00edt Ka\u0161uba a Martina Kreibich \u00fazko spolupracuj\u00fa aj s TV \u0160l\u00e1ger a Senzi TV. Vydali nieko\u013eko CD a DVD nosi\u010dov. Ich mottom je, \u017ee hudba lie\u010di. Najlep\u0161\u00ed pocit maj\u00fa vtedy, ke\u010f ich piesne vy\u010daria \u00fasmevy na per\u00e1ch.&nbsp;<\/p>\n\n\n\n<p>Vesel\u00e9, melodick\u00e9 popul\u00e1rne piesne poch\u00e1dzaj\u00fa preva\u017ene z vlastnej autorskej dielne \u013dudov\u00edta Ka\u0161ubu. Ich koncerty zanechaj\u00fa v\u017edy v ka\u017edom div\u00e1kovi nezabudnute\u013en\u00fd z\u00e1\u017eitok.<\/p>\n\n\n<p><iframe loading=\"lazy\" style=\"border:none\" src=\"https:\/\/sk.frame.mapy.cz\/s\/mutesezove\" width=\"100%\" height=\"350\" frameborder=\"0\"><\/iframe><\/p>\n\n\n\n\n","protected":false},"excerpt":{"rendered":"<p>Ob\u013e\u00faben\u00e1 Hudobn\u00e1 skupina \u00faspe\u0161ne \u00fa\u010dinkuje na podujatiach po celom Slovensku a v \u010cech\u00e1ch. \u013dudov\u00edt Ka\u0161uba a Martina Kreibich \u00fazko spolupracuj\u00fa aj s TV \u0160l\u00e1ger a Senzi TV. Vydali nieko\u013eko CD a DVD nosi\u010dov. Ich mottom je, \u017ee hudba lie\u010di. Najlep\u0161\u00ed pocit maj\u00fa vtedy, ke\u010f ich piesne vy\u010daria \u00fasmevy na per\u00e1ch.&nbsp; Vesel\u00e9, melodick\u00e9 popul\u00e1rne piesne poch\u00e1dzaj\u00fa [&hellip;]<\/p>\n","protected":false},"author":3,"featured_media":20476,"menu_order":547,"comment_status":"open","ping_status":"closed","template":"","format":"standard","categories":[46],"tags":[],"class_list":["post-20475","podujatia","type-podujatia","status-publish","format-standard","has-post-thumbnail","hentry","category-podujatia"],"acf":[],"uagb_featured_image_src":{"full":["https:\/\/regiongron.sk\/en\/wp-content\/uploads\/2023\/10\/kasuba-koncert-ziar-nad-hronom-21.10.jpg",1449,2048,false],"thumbnail":["https:\/\/regiongron.sk\/en\/wp-content\/uploads\/2023\/10\/kasuba-koncert-ziar-nad-hronom-21.10-400x400.jpg",400,400,true],"medium":["https:\/\/regiongron.sk\/en\/wp-content\/uploads\/2023\/10\/kasuba-koncert-ziar-nad-hronom-21.10-425x600.jpg",425,600,true],"medium_large":["https:\/\/regiongron.sk\/en\/wp-content\/uploads\/2023\/10\/kasuba-koncert-ziar-nad-hronom-21.10-768x1085.jpg",768,1085,true],"large":["https:\/\/regiongron.sk\/en\/wp-content\/uploads\/2023\/10\/kasuba-koncert-ziar-nad-hronom-21.10-725x1024.jpg",725,1024,true],"1536x1536":["https:\/\/regiongron.sk\/en\/wp-content\/uploads\/2023\/10\/kasuba-koncert-ziar-nad-hronom-21.10-1087x1536.jpg",1087,1536,true],"2048x2048":["https:\/\/regiongron.sk\/en\/wp-content\/uploads\/2023\/10\/kasuba-koncert-ziar-nad-hronom-21.10.jpg",1449,2048,false]},"uagb_author_info":{"display_name":"Gabriela Matlovi\u010dov\u00e1","author_link":"https:\/\/regiongron.sk\/en\/author\/gabriela\/"},"uagb_comment_info":0,"uagb_excerpt":"Ob\u013e\u00faben\u00e1 Hudobn\u00e1 skupina \u00faspe\u0161ne \u00fa\u010dinkuje na podujatiach po celom Slovensku a v \u010cech\u00e1ch. \u013dudov\u00edt Ka\u0161uba a Martina Kreibich \u00fazko spolupracuj\u00fa aj s TV \u0160l\u00e1ger a Senzi TV. Vydali nieko\u013eko CD a DVD nosi\u010dov. Ich mottom je, \u017ee hudba lie\u010di. Najlep\u0161\u00ed pocit maj\u00fa vtedy, ke\u010f ich piesne vy\u010daria \u00fasmevy na per\u00e1ch.&nbsp; Vesel\u00e9, melodick\u00e9 popul\u00e1rne piesne poch\u00e1dzaj\u00fa&hellip;","_links":{"self":[{"href":"https:\/\/regiongron.sk\/en\/wp-json\/wp\/v2\/podujatia\/20475","targetHints":{"allow":["GET"]}}],"collection":[{"href":"https:\/\/regiongron.sk\/en\/wp-json\/wp\/v2\/podujatia"}],"about":[{"href":"https:\/\/regiongron.sk\/en\/wp-json\/wp\/v2\/types\/podujatia"}],"author":[{"embeddable":true,"href":"https:\/\/regiongron.sk\/en\/wp-json\/wp\/v2\/users\/3"}],"replies":[{"embeddable":true,"href":"https:\/\/regiongron.sk\/en\/wp-json\/wp\/v2\/comments?post=20475"}],"version-history":[{"count":2,"href":"https:\/\/regiongron.sk\/en\/wp-json\/wp\/v2\/podujatia\/20475\/revisions"}],"predecessor-version":[{"id":20478,"href":"https:\/\/regiongron.sk\/en\/wp-json\/wp\/v2\/podujatia\/20475\/revisions\/20478"}],"wp:featuredmedia":[{"embeddable":true,"href":"https:\/\/regiongron.sk\/en\/wp-json\/wp\/v2\/media\/20476"}],"wp:attachment":[{"href":"https:\/\/regiongron.sk\/en\/wp-json\/wp\/v2\/media?parent=20475"}],"wp:term":[{"taxonomy":"category","embeddable":true,"href":"https:\/\/regiongron.sk\/en\/wp-json\/wp\/v2\/categories?post=20475"},{"taxonomy":"post_tag","embeddable":true,"href":"https:\/\/regiongron.sk\/en\/wp-json\/wp\/v2\/tags?post=20475"}],"curies":[{"name":"wp","href":"https:\/\/api.w.org\/{rel}","templated":true}]}}

Ľ. KAŠUBA A M. KREIBICH, koncert 21.10.2023

<div class="wp-block-image">
<figure class="aligncenter size-large"><img loading="lazy" decoding="async" width="725" height="1024" src="https://regiongron.sk/wp-content/uploads/2023/10/kasuba-koncert-ziar-nad-hronom-21.10-725x1024.jpg" alt="" class="wp-image-20476" srcset="https://regiongron.sk/en/wp-content/uploads/2023/10/kasuba-koncert-ziar-nad-hronom-21.10-725x1024.jpg 725w, https://regiongron.sk/en/wp-content/uploads/2023/10/kasuba-koncert-ziar-nad-hronom-21.10-425x600.jpg 425w, https://regiongron.sk/en/wp-content/uploads/2023/10/kasuba-koncert-ziar-nad-hronom-21.10-768x1085.jpg 768w, https://regiongron.sk/en/wp-content/uploads/2023/10/kasuba-koncert-ziar-nad-hronom-21.10-1087x1536.jpg 1087w, https://regiongron.sk/en/wp-content/uploads/2023/10/kasuba-koncert-ziar-nad-hronom-21.10.jpg 1449w" sizes="auto, (max-width: 725px) 100vw, 725px" /></figure>
</div>


<p>Obľúbená Hudobná skupina úspešne účinkuje na podujatiach po celom Slovensku a v Čechách. Ľudovít Kašuba a Martina Kreibich úzko spolupracujú aj s TV Šláger a Senzi TV. Vydali niekoľko CD a DVD nosičov. Ich mottom je, že hudba lieči. Najlepší pocit majú vtedy, keď ich piesne vyčaria úsmevy na perách.&nbsp;</p>



<p>Veselé, melodické populárne piesne pochádzajú prevažne z vlastnej autorskej dielne Ľudovíta Kašubu. Ich koncerty zanechajú vždy v každom divákovi nezabudnuteľný zážitok.</p>


<p><iframe loading="lazy" style="border:none" src="https://sk.frame.mapy.cz/s/mutesezove" width="100%" height="350" frameborder="0"></iframe></p>

<p>Obľúbená Hudobná skupina úspešne účinkuje na podujatiach po celom Slovensku a v Čechách. Ľudovít Kašuba a Martina Kreibich úzko spolupracujú aj s TV Šláger a Senzi TV. Vydali niekoľko CD a DVD nosičov. Ich mottom je, že hudba lieči. Najlepší pocit majú vtedy, keď ich piesne vyčaria úsmevy na perách.&nbsp; Veselé, melodické populárne piesne pochádzajú [&hellip;]</p>

Gabriela Matlovičová

Obľúbená Hudobná skupina úspešne účinkuje na podujatiach po celom Slovensku a v Čechách. Ľudovít Kašuba a Martina Kreibich úzko spolupracujú aj s TV Šláger a Senzi TV. Vydali niekoľko CD a DVD nosičov. Ich mottom je, že hudba lieči. Najlepší pocit majú vtedy, keď ich piesne vyčaria úsmevy na perách.&nbsp; Veselé, melodické populárne piesne pochádzajú&hellip;
