{"id":21651,"date":"2024-04-09T17:57:04","date_gmt":"2024-04-09T15:57:04","guid":{"rendered":"https:\/\/regiongron.sk\/?post_type=podujatia&#038;p=21651"},"modified":"2024-04-09T18:05:27","modified_gmt":"2024-04-09T16:05:27","slug":"kurz-tvoriva-upcyklacia-osveta-ziar-11-4-2024","status":"publish","type":"podujatia","link":"https:\/\/regiongron.sk\/en\/podujatia\/kurz-tvoriva-upcyklacia-osveta-ziar-11-4-2024\/","title":{"rendered":"KURZ TVORIV\u00c1 UPCYKL\u00c1CIA, OSVETA \u017dIAR, 11.4.2024"},"content":{"rendered":"<div class=\"wp-block-image\">\n<figure class=\"aligncenter size-large\"><img loading=\"lazy\" decoding=\"async\" width=\"716\" height=\"1024\" src=\"https:\/\/regiongron.sk\/wp-content\/uploads\/2024\/04\/tvoriva-upcyklacia-kurz-osveta-ziar-11.4.2024-716x1024.jpg\" alt=\"\" class=\"wp-image-21652\" srcset=\"https:\/\/regiongron.sk\/en\/wp-content\/uploads\/2024\/04\/tvoriva-upcyklacia-kurz-osveta-ziar-11.4.2024-716x1024.jpg 716w, https:\/\/regiongron.sk\/en\/wp-content\/uploads\/2024\/04\/tvoriva-upcyklacia-kurz-osveta-ziar-11.4.2024-420x600.jpg 420w, https:\/\/regiongron.sk\/en\/wp-content\/uploads\/2024\/04\/tvoriva-upcyklacia-kurz-osveta-ziar-11.4.2024-768x1098.jpg 768w, https:\/\/regiongron.sk\/en\/wp-content\/uploads\/2024\/04\/tvoriva-upcyklacia-kurz-osveta-ziar-11.4.2024.jpg 813w\" sizes=\"auto, (max-width: 716px) 100vw, 716px\" \/><\/figure>\n<\/div>\n\n\n<p>Rozm\u00fd\u0161\u013eali ste nad t\u00fdm ako zachr\u00e1ni\u0165 svoje ob\u013e\u00faben\u00e9 oble\u010denie?<br>Ak \u00e1no, m\u00e1me pre v\u00e1s in\u0161pir\u00e1ciu v podobe kurzu tvorivej upcykl\u00e1cie.<br>Sta\u010d\u00ed si prinies\u0165 svoje ob\u013e\u00faben\u00e9 rifle, svetr\u00edk, tri\u010dko a in\u00e9...<br>(diera, f\u013eak, ktor\u00e9 chcete zamaskova\u0165, alebo obnovi\u0165 funk\u010dnos\u0165)<\/p>\n\n\n\n<p><strong>Lektorka:<\/strong> Juliana Re\u010dlov\u00e1<\/p>\n\n\n\n<p><strong>Cena kurzu:<\/strong> 7,00 \u20ac<\/p>\n\n\n\n<p><strong>Term\u00edn:<\/strong> 11. apr\u00edla 2024<\/p>\n\n\n\n<p><strong>Viac inform\u00e1ci\u00ed:<\/strong> <a href=\"https:\/\/www.osvetaziar.sk\/svet-remesiel-tvoriva-upcyklacia\/?f=\" target=\"_blank\" rel=\"noreferrer noopener\">www.osvetaziar.sk<\/a><\/p>\n\n\n<p><iframe loading=\"lazy\" style=\"border:none\" src=\"https:\/\/sk.frame.mapy.cz\/s\/lujogazove\" width=\"100%\" height=\"350\" frameborder=\"0\"><\/iframe><\/p>\n","protected":false},"excerpt":{"rendered":"<p>Rozm\u00fd\u0161\u013eali ste nad t\u00fdm ako zachr\u00e1ni\u0165 svoje ob\u013e\u00faben\u00e9 oble\u010denie?Ak \u00e1no, m\u00e1me pre v\u00e1s in\u0161pir\u00e1ciu v podobe kurzu tvorivej upcykl\u00e1cie.Sta\u010d\u00ed si prinies\u0165 svoje ob\u013e\u00faben\u00e9 rifle, svetr\u00edk, tri\u010dko a in\u00e9...(diera, f\u013eak, ktor\u00e9 chcete zamaskova\u0165, alebo obnovi\u0165 funk\u010dnos\u0165) Lektorka: Juliana Re\u010dlov\u00e1 Cena kurzu: 7,00 \u20ac Term\u00edn: 11. apr\u00edla 2024 Viac inform\u00e1ci\u00ed: www.osvetaziar.sk<\/p>\n","protected":false},"author":3,"featured_media":21652,"menu_order":402,"comment_status":"open","ping_status":"closed","template":"","format":"standard","categories":[46],"tags":[],"class_list":["post-21651","podujatia","type-podujatia","status-publish","format-standard","has-post-thumbnail","hentry","category-podujatia"],"acf":[],"uagb_featured_image_src":{"full":["https:\/\/regiongron.sk\/en\/wp-content\/uploads\/2024\/04\/tvoriva-upcyklacia-kurz-osveta-ziar-11.4.2024.jpg",813,1162,false],"thumbnail":["https:\/\/regiongron.sk\/en\/wp-content\/uploads\/2024\/04\/tvoriva-upcyklacia-kurz-osveta-ziar-11.4.2024-400x400.jpg",400,400,true],"medium":["https:\/\/regiongron.sk\/en\/wp-content\/uploads\/2024\/04\/tvoriva-upcyklacia-kurz-osveta-ziar-11.4.2024-420x600.jpg",420,600,true],"medium_large":["https:\/\/regiongron.sk\/en\/wp-content\/uploads\/2024\/04\/tvoriva-upcyklacia-kurz-osveta-ziar-11.4.2024-768x1098.jpg",768,1098,true],"large":["https:\/\/regiongron.sk\/en\/wp-content\/uploads\/2024\/04\/tvoriva-upcyklacia-kurz-osveta-ziar-11.4.2024-716x1024.jpg",716,1024,true],"1536x1536":["https:\/\/regiongron.sk\/en\/wp-content\/uploads\/2024\/04\/tvoriva-upcyklacia-kurz-osveta-ziar-11.4.2024.jpg",813,1162,false],"2048x2048":["https:\/\/regiongron.sk\/en\/wp-content\/uploads\/2024\/04\/tvoriva-upcyklacia-kurz-osveta-ziar-11.4.2024.jpg",813,1162,false]},"uagb_author_info":{"display_name":"Gabriela Matlovi\u010dov\u00e1","author_link":"https:\/\/regiongron.sk\/en\/author\/gabriela\/"},"uagb_comment_info":0,"uagb_excerpt":"Rozm\u00fd\u0161\u013eali ste nad t\u00fdm ako zachr\u00e1ni\u0165 svoje ob\u013e\u00faben\u00e9 oble\u010denie?Ak \u00e1no, m\u00e1me pre v\u00e1s in\u0161pir\u00e1ciu v podobe kurzu tvorivej upcykl\u00e1cie.Sta\u010d\u00ed si prinies\u0165 svoje ob\u013e\u00faben\u00e9 rifle, svetr\u00edk, tri\u010dko a in\u00e9...(diera, f\u013eak, ktor\u00e9 chcete zamaskova\u0165, alebo obnovi\u0165 funk\u010dnos\u0165) Lektorka: Juliana Re\u010dlov\u00e1 Cena kurzu: 7,00 \u20ac Term\u00edn: 11. apr\u00edla 2024 Viac inform\u00e1ci\u00ed: www.osvetaziar.sk","_links":{"self":[{"href":"https:\/\/regiongron.sk\/en\/wp-json\/wp\/v2\/podujatia\/21651","targetHints":{"allow":["GET"]}}],"collection":[{"href":"https:\/\/regiongron.sk\/en\/wp-json\/wp\/v2\/podujatia"}],"about":[{"href":"https:\/\/regiongron.sk\/en\/wp-json\/wp\/v2\/types\/podujatia"}],"author":[{"embeddable":true,"href":"https:\/\/regiongron.sk\/en\/wp-json\/wp\/v2\/users\/3"}],"replies":[{"embeddable":true,"href":"https:\/\/regiongron.sk\/en\/wp-json\/wp\/v2\/comments?post=21651"}],"version-history":[{"count":1,"href":"https:\/\/regiongron.sk\/en\/wp-json\/wp\/v2\/podujatia\/21651\/revisions"}],"predecessor-version":[{"id":21653,"href":"https:\/\/regiongron.sk\/en\/wp-json\/wp\/v2\/podujatia\/21651\/revisions\/21653"}],"wp:featuredmedia":[{"embeddable":true,"href":"https:\/\/regiongron.sk\/en\/wp-json\/wp\/v2\/media\/21652"}],"wp:attachment":[{"href":"https:\/\/regiongron.sk\/en\/wp-json\/wp\/v2\/media?parent=21651"}],"wp:term":[{"taxonomy":"category","embeddable":true,"href":"https:\/\/regiongron.sk\/en\/wp-json\/wp\/v2\/categories?post=21651"},{"taxonomy":"post_tag","embeddable":true,"href":"https:\/\/regiongron.sk\/en\/wp-json\/wp\/v2\/tags?post=21651"}],"curies":[{"name":"wp","href":"https:\/\/api.w.org\/{rel}","templated":true}]}}

KURZ TVORIVÁ UPCYKLÁCIA, OSVETA ŽIAR, 11.4.2024

<div class="wp-block-image">
<figure class="aligncenter size-large"><img loading="lazy" decoding="async" width="716" height="1024" src="https://regiongron.sk/wp-content/uploads/2024/04/tvoriva-upcyklacia-kurz-osveta-ziar-11.4.2024-716x1024.jpg" alt="" class="wp-image-21652" srcset="https://regiongron.sk/en/wp-content/uploads/2024/04/tvoriva-upcyklacia-kurz-osveta-ziar-11.4.2024-716x1024.jpg 716w, https://regiongron.sk/en/wp-content/uploads/2024/04/tvoriva-upcyklacia-kurz-osveta-ziar-11.4.2024-420x600.jpg 420w, https://regiongron.sk/en/wp-content/uploads/2024/04/tvoriva-upcyklacia-kurz-osveta-ziar-11.4.2024-768x1098.jpg 768w, https://regiongron.sk/en/wp-content/uploads/2024/04/tvoriva-upcyklacia-kurz-osveta-ziar-11.4.2024.jpg 813w" sizes="auto, (max-width: 716px) 100vw, 716px" /></figure>
</div>


<p>Rozmýšľali ste nad tým ako zachrániť svoje obľúbené oblečenie?<br>Ak áno, máme pre vás inšpiráciu v podobe kurzu tvorivej upcyklácie.<br>Stačí si priniesť svoje obľúbené rifle, svetrík, tričko a iné...<br>(diera, fľak, ktoré chcete zamaskovať, alebo obnoviť funkčnosť)</p>



<p><strong>Lektorka:</strong> Juliana Rečlová</p>



<p><strong>Cena kurzu:</strong> 7,00 €</p>



<p><strong>Termín:</strong> 11. apríla 2024</p>



<p><strong>Viac informácií:</strong> <a href="https://www.osvetaziar.sk/svet-remesiel-tvoriva-upcyklacia/?f=" target="_blank" rel="noreferrer noopener">www.osvetaziar.sk</a></p>


<p><iframe loading="lazy" style="border:none" src="https://sk.frame.mapy.cz/s/lujogazove" width="100%" height="350" frameborder="0"></iframe></p>

<p>Rozmýšľali ste nad tým ako zachrániť svoje obľúbené oblečenie?Ak áno, máme pre vás inšpiráciu v podobe kurzu tvorivej upcyklácie.Stačí si priniesť svoje obľúbené rifle, svetrík, tričko a iné...(diera, fľak, ktoré chcete zamaskovať, alebo obnoviť funkčnosť) Lektorka: Juliana Rečlová Cena kurzu: 7,00 € Termín: 11. apríla 2024 Viac informácií: www.osvetaziar.sk</p>

Gabriela Matlovičová

Rozmýšľali ste nad tým ako zachrániť svoje obľúbené oblečenie?Ak áno, máme pre vás inšpiráciu v podobe kurzu tvorivej upcyklácie.Stačí si priniesť svoje obľúbené rifle, svetrík, tričko a iné...(diera, fľak, ktoré chcete zamaskovať, alebo obnoviť funkčnosť) Lektorka: Juliana Rečlová Cena kurzu: 7,00 € Termín: 11. apríla 2024 Viac informácií: www.osvetaziar.sk
