{"id":21917,"date":"2024-05-13T17:10:37","date_gmt":"2024-05-13T15:10:37","guid":{"rendered":"https:\/\/regiongron.sk\/?post_type=podujatia&#038;p=21917"},"modified":"2024-05-13T17:10:38","modified_gmt":"2024-05-13T15:10:38","slug":"folklorny-festival-pod-inovcom-velka-lehota-1-2-6-204","status":"publish","type":"podujatia","link":"https:\/\/regiongron.sk\/en\/podujatia\/folklorny-festival-pod-inovcom-velka-lehota-1-2-6-204\/","title":{"rendered":"FOLKL\u00d3RNY FESTIVAL POD INOVCOM, VE\u013dK\u00c1 LEHOTA, 1.-2.6.204"},"content":{"rendered":"<div class=\"wp-block-image\">\n<figure class=\"aligncenter size-large\"><img loading=\"lazy\" decoding=\"async\" width=\"691\" height=\"1024\" src=\"https:\/\/regiongron.sk\/wp-content\/uploads\/2024\/05\/pod-inovcom-1.6.-2.6.2024-velka-lehota-691x1024.jpg\" alt=\"\" class=\"wp-image-21918\" srcset=\"https:\/\/regiongron.sk\/en\/wp-content\/uploads\/2024\/05\/pod-inovcom-1.6.-2.6.2024-velka-lehota-691x1024.jpg 691w, https:\/\/regiongron.sk\/en\/wp-content\/uploads\/2024\/05\/pod-inovcom-1.6.-2.6.2024-velka-lehota-405x600.jpg 405w, https:\/\/regiongron.sk\/en\/wp-content\/uploads\/2024\/05\/pod-inovcom-1.6.-2.6.2024-velka-lehota-768x1139.jpg 768w, https:\/\/regiongron.sk\/en\/wp-content\/uploads\/2024\/05\/pod-inovcom-1.6.-2.6.2024-velka-lehota-1036x1536.jpg 1036w, https:\/\/regiongron.sk\/en\/wp-content\/uploads\/2024\/05\/pod-inovcom-1.6.-2.6.2024-velka-lehota.jpg 1381w\" sizes=\"auto, (max-width: 691px) 100vw, 691px\" \/><\/figure>\n<\/div>\n\n\n<p>Detsk\u00fd folkl\u00f3rny festival Pod Inovcom sa uskuto\u010dn\u00ed v d\u0148och 1. \u2013 2. j\u00fana 2024 na amfite\u00e1tri vo Ve\u013ekej Lehote. Na 29. ro\u010dn\u00edku sa predstavia detsk\u00e9 folkl\u00f3rneho s\u00fabory z okresov Bansk\u00e1 \u0160tiavnica, \u017darnovica a \u017diar nad Hronom.<\/p>\n\n\n\n<p>Detsk\u00fd folkl\u00f3rny festival Pod Inovcom je jedin\u00fd folkl\u00f3rny festival v na\u0161om regi\u00f3ne. V prv\u00fd j\u00fanov\u00fd v\u00edkend ka\u017edoro\u010dne o\u017e\u00edvaj\u00fa \u013eudov\u00e9 trad\u00edcie v prostred\u00ed prekr\u00e1snych lesov pohoria Pohronsk\u00fd Inovec. Dvojd\u0148ov\u00fd festival sa kon\u00e1 v obci Ve\u013ek\u00e1 Lehota. N\u00e1zov odkazuje na pohorie Pohronsk\u00fd Inovec, pod ktor\u00fdm sa obec Ve\u013ek\u00e1 Lehota nach\u00e1dza.<\/p>\n\n\n\n<p>V sobotu sa m\u00f4\u017eete stretn\u00fa\u0165 so zn\u00e1mou etnologi\u010dkou Katar\u00ednou N\u00e1daskou a pozrie\u0165 si v\u00fdstavu v\u00fdtvarn\u00fdch pr\u00e1c \u201eFolkl\u00f3r o\u010dami det\u00ed\u201c.<br>Po\u010das nedele na obecnom amfite\u00e1tri prebiehaj\u00fa vyst\u00fapenia folkloristov z n\u00e1\u0161ho regi\u00f3nu: detsk\u00e9 folkl\u00f3rne s\u00fabory: \u010cere\u0161ni\u010dka, \u010cistinka, Duk\u00e1tik, Hron\u010dek, Hroniarik, Makovi\u010dka a hos\u0165a festivalu spolu so sprievodn\u00fdmi podujatiami.<\/p>\n\n\n\n<p>Festivalom Pod Inovcom oslavujeme folkl\u00f3r a prispievame k zachov\u00e1vaniu, tvoriv\u00e9mu rozv\u00edjaniu, verejnej prezent\u00e1cii hodn\u00f4t na\u0161ich \u013eudov\u00fdch trad\u00edci\u00ed. Sta\u0148te sa s\u00fa\u010das\u0165ou tejto oslavy.<\/p>\n\n\n<p><iframe loading=\"lazy\" style=\"border:none\" src=\"https:\/\/sk.frame.mapy.cz\/s\/munoradafo\" width=\"100%\" height=\"350\" frameborder=\"0\"><\/iframe><\/p>\n\n\n\n\n","protected":false},"excerpt":{"rendered":"<p>Detsk\u00fd folkl\u00f3rny festival Pod Inovcom sa uskuto\u010dn\u00ed v d\u0148och 1. \u2013 2. j\u00fana 2024 na amfite\u00e1tri vo Ve\u013ekej Lehote. Na 29. ro\u010dn\u00edku sa predstavia detsk\u00e9 folkl\u00f3rneho s\u00fabory z okresov Bansk\u00e1 \u0160tiavnica, \u017darnovica a \u017diar nad Hronom. Detsk\u00fd folkl\u00f3rny festival Pod Inovcom je jedin\u00fd folkl\u00f3rny festival v na\u0161om regi\u00f3ne. V prv\u00fd j\u00fanov\u00fd v\u00edkend ka\u017edoro\u010dne o\u017e\u00edvaj\u00fa \u013eudov\u00e9 [&hellip;]<\/p>\n","protected":false},"author":3,"featured_media":21918,"menu_order":331,"comment_status":"open","ping_status":"closed","template":"","format":"standard","categories":[46],"tags":[],"class_list":["post-21917","podujatia","type-podujatia","status-publish","format-standard","has-post-thumbnail","hentry","category-podujatia"],"acf":[],"uagb_featured_image_src":{"full":["https:\/\/regiongron.sk\/en\/wp-content\/uploads\/2024\/05\/pod-inovcom-1.6.-2.6.2024-velka-lehota.jpg",1381,2048,false],"thumbnail":["https:\/\/regiongron.sk\/en\/wp-content\/uploads\/2024\/05\/pod-inovcom-1.6.-2.6.2024-velka-lehota-400x400.jpg",400,400,true],"medium":["https:\/\/regiongron.sk\/en\/wp-content\/uploads\/2024\/05\/pod-inovcom-1.6.-2.6.2024-velka-lehota-405x600.jpg",405,600,true],"medium_large":["https:\/\/regiongron.sk\/en\/wp-content\/uploads\/2024\/05\/pod-inovcom-1.6.-2.6.2024-velka-lehota-768x1139.jpg",768,1139,true],"large":["https:\/\/regiongron.sk\/en\/wp-content\/uploads\/2024\/05\/pod-inovcom-1.6.-2.6.2024-velka-lehota-691x1024.jpg",691,1024,true],"1536x1536":["https:\/\/regiongron.sk\/en\/wp-content\/uploads\/2024\/05\/pod-inovcom-1.6.-2.6.2024-velka-lehota-1036x1536.jpg",1036,1536,true],"2048x2048":["https:\/\/regiongron.sk\/en\/wp-content\/uploads\/2024\/05\/pod-inovcom-1.6.-2.6.2024-velka-lehota.jpg",1381,2048,false]},"uagb_author_info":{"display_name":"Gabriela Matlovi\u010dov\u00e1","author_link":"https:\/\/regiongron.sk\/en\/author\/gabriela\/"},"uagb_comment_info":0,"uagb_excerpt":"Detsk\u00fd folkl\u00f3rny festival Pod Inovcom sa uskuto\u010dn\u00ed v d\u0148och 1. \u2013 2. j\u00fana 2024 na amfite\u00e1tri vo Ve\u013ekej Lehote. Na 29. ro\u010dn\u00edku sa predstavia detsk\u00e9 folkl\u00f3rneho s\u00fabory z okresov Bansk\u00e1 \u0160tiavnica, \u017darnovica a \u017diar nad Hronom. Detsk\u00fd folkl\u00f3rny festival Pod Inovcom je jedin\u00fd folkl\u00f3rny festival v na\u0161om regi\u00f3ne. V prv\u00fd j\u00fanov\u00fd v\u00edkend ka\u017edoro\u010dne o\u017e\u00edvaj\u00fa \u013eudov\u00e9&hellip;","_links":{"self":[{"href":"https:\/\/regiongron.sk\/en\/wp-json\/wp\/v2\/podujatia\/21917","targetHints":{"allow":["GET"]}}],"collection":[{"href":"https:\/\/regiongron.sk\/en\/wp-json\/wp\/v2\/podujatia"}],"about":[{"href":"https:\/\/regiongron.sk\/en\/wp-json\/wp\/v2\/types\/podujatia"}],"author":[{"embeddable":true,"href":"https:\/\/regiongron.sk\/en\/wp-json\/wp\/v2\/users\/3"}],"replies":[{"embeddable":true,"href":"https:\/\/regiongron.sk\/en\/wp-json\/wp\/v2\/comments?post=21917"}],"version-history":[{"count":1,"href":"https:\/\/regiongron.sk\/en\/wp-json\/wp\/v2\/podujatia\/21917\/revisions"}],"predecessor-version":[{"id":21919,"href":"https:\/\/regiongron.sk\/en\/wp-json\/wp\/v2\/podujatia\/21917\/revisions\/21919"}],"wp:featuredmedia":[{"embeddable":true,"href":"https:\/\/regiongron.sk\/en\/wp-json\/wp\/v2\/media\/21918"}],"wp:attachment":[{"href":"https:\/\/regiongron.sk\/en\/wp-json\/wp\/v2\/media?parent=21917"}],"wp:term":[{"taxonomy":"category","embeddable":true,"href":"https:\/\/regiongron.sk\/en\/wp-json\/wp\/v2\/categories?post=21917"},{"taxonomy":"post_tag","embeddable":true,"href":"https:\/\/regiongron.sk\/en\/wp-json\/wp\/v2\/tags?post=21917"}],"curies":[{"name":"wp","href":"https:\/\/api.w.org\/{rel}","templated":true}]}}

FOLKLÓRNY FESTIVAL POD INOVCOM, VEĽKÁ LEHOTA, 1.-2.6.204

<div class="wp-block-image">
<figure class="aligncenter size-large"><img loading="lazy" decoding="async" width="691" height="1024" src="https://regiongron.sk/wp-content/uploads/2024/05/pod-inovcom-1.6.-2.6.2024-velka-lehota-691x1024.jpg" alt="" class="wp-image-21918" srcset="https://regiongron.sk/en/wp-content/uploads/2024/05/pod-inovcom-1.6.-2.6.2024-velka-lehota-691x1024.jpg 691w, https://regiongron.sk/en/wp-content/uploads/2024/05/pod-inovcom-1.6.-2.6.2024-velka-lehota-405x600.jpg 405w, https://regiongron.sk/en/wp-content/uploads/2024/05/pod-inovcom-1.6.-2.6.2024-velka-lehota-768x1139.jpg 768w, https://regiongron.sk/en/wp-content/uploads/2024/05/pod-inovcom-1.6.-2.6.2024-velka-lehota-1036x1536.jpg 1036w, https://regiongron.sk/en/wp-content/uploads/2024/05/pod-inovcom-1.6.-2.6.2024-velka-lehota.jpg 1381w" sizes="auto, (max-width: 691px) 100vw, 691px" /></figure>
</div>


<p>Detský folklórny festival Pod Inovcom sa uskutoční v dňoch 1. – 2. júna 2024 na amfiteátri vo Veľkej Lehote. Na 29. ročníku sa predstavia detské folklórneho súbory z okresov Banská Štiavnica, Žarnovica a Žiar nad Hronom.</p>



<p>Detský folklórny festival Pod Inovcom je jediný folklórny festival v našom regióne. V prvý júnový víkend každoročne ožívajú ľudové tradície v prostredí prekrásnych lesov pohoria Pohronský Inovec. Dvojdňový festival sa koná v obci Veľká Lehota. Názov odkazuje na pohorie Pohronský Inovec, pod ktorým sa obec Veľká Lehota nachádza.</p>



<p>V sobotu sa môžete stretnúť so známou etnologičkou Katarínou Nádaskou a pozrieť si výstavu výtvarných prác „Folklór očami detí“.<br>Počas nedele na obecnom amfiteátri prebiehajú vystúpenia folkloristov z nášho regiónu: detské folklórne súbory: Čerešnička, Čistinka, Dukátik, Hronček, Hroniarik, Makovička a hosťa festivalu spolu so sprievodnými podujatiami.</p>



<p>Festivalom Pod Inovcom oslavujeme folklór a prispievame k zachovávaniu, tvorivému rozvíjaniu, verejnej prezentácii hodnôt našich ľudových tradícií. Staňte sa súčasťou tejto oslavy.</p>


<p><iframe loading="lazy" style="border:none" src="https://sk.frame.mapy.cz/s/munoradafo" width="100%" height="350" frameborder="0"></iframe></p>

<p>Detský folklórny festival Pod Inovcom sa uskutoční v dňoch 1. – 2. júna 2024 na amfiteátri vo Veľkej Lehote. Na 29. ročníku sa predstavia detské folklórneho súbory z okresov Banská Štiavnica, Žarnovica a Žiar nad Hronom. Detský folklórny festival Pod Inovcom je jediný folklórny festival v našom regióne. V prvý júnový víkend každoročne ožívajú ľudové [&hellip;]</p>

Gabriela Matlovičová

Detský folklórny festival Pod Inovcom sa uskutoční v dňoch 1. – 2. júna 2024 na amfiteátri vo Veľkej Lehote. Na 29. ročníku sa predstavia detské folklórneho súbory z okresov Banská Štiavnica, Žarnovica a Žiar nad Hronom. Detský folklórny festival Pod Inovcom je jediný folklórny festival v našom regióne. V prvý júnový víkend každoročne ožívajú ľudové&hellip;
