{"id":22042,"date":"2024-05-30T11:34:32","date_gmt":"2024-05-30T09:34:32","guid":{"rendered":"https:\/\/regiongron.sk\/?post_type=podujatia&#038;p=22042"},"modified":"2024-05-30T11:34:33","modified_gmt":"2024-05-30T09:34:33","slug":"gulas-fest-zarnovica-15-6-2024","status":"publish","type":"podujatia","link":"https:\/\/regiongron.sk\/en\/podujatia\/gulas-fest-zarnovica-15-6-2024\/","title":{"rendered":"GUL\u00c1\u0160 FEST, \u017dARNOVICA, 15.6.2024"},"content":{"rendered":"<div class=\"wp-block-image\">\n<figure class=\"aligncenter size-full\"><img loading=\"lazy\" decoding=\"async\" width=\"720\" height=\"509\" src=\"https:\/\/regiongron.sk\/wp-content\/uploads\/2024\/05\/gulas-fest-zarnovica-15.6.2024.jpg\" alt=\"gulas fest zarnovica, 15.6.2024\" class=\"wp-image-22043\" srcset=\"https:\/\/regiongron.sk\/en\/wp-content\/uploads\/2024\/05\/gulas-fest-zarnovica-15.6.2024.jpg 720w, https:\/\/regiongron.sk\/en\/wp-content\/uploads\/2024\/05\/gulas-fest-zarnovica-15.6.2024-600x424.jpg 600w\" sizes=\"auto, (max-width: 720px) 100vw, 720px\" \/><\/figure>\n<\/div>\n\n\n<p>Mesto \u017darnovica poz\u00fdva v\u0161etk\u00fdch nad\u0161encov jedla a dobrej hudby na s\u00fa\u0165a\u017e vo varen\u00ed gul\u00e1\u0161u pod n\u00e1zvom Gul\u00e1\u0161 fest. Podujatie sa bude kona\u0165 v sobotu 15.6.2024 v priestoroch Mestsk\u00e9ho \u0161portov\u00e9ho re\u00e1lu.<\/p>\n\n\n\n<p>Do s\u00fa\u0165a\u017ee sa m\u00f4\u017ee zapoji\u0165 dru\u017estvo s maxim\u00e1lnym po\u010dtom \u010dlenov 3 osoby, zaslan\u00edm prihl\u00e1\u0161ky prostredn\u00edctvom e-mailu\u00a0<a href=\"&#109;&#x61;&#105;&#x6c;&#116;&#x6f;&#58;&#x6b;u&#x6c;t&#x75;r&#x61;&#64;&#122;&#x61;&#114;&#x6e;&#111;&#x76;&#105;&#x63;&#97;&#x2e;e&#x75;\">k&#117;&#108;&#x74;&#x75;ra&#64;&#122;&#x61;&#x72;no&#118;&#105;&#x63;&#x61;&#46;e&#117;<\/a>\u00a0alebo osobne v kancel\u00e1rii Oddelenia kult\u00fary, ml\u00e1de\u017ee a \u0161portu Ms\u00da v kult\u00farnom dome. Term\u00edn uz\u00e1vierky prihl\u00e1\u0161ky je 12.6.2024.<\/p>\n\n\n\n<p>Po\u010det s\u00fa\u0165a\u017en\u00fdch dru\u017estiev je z organiza\u010dn\u00fdch d\u00f4vodov obmedzen\u00fd, maxim\u00e1lne 10 s\u00fa\u0165a\u017en\u00fdch dru\u017estiev. <\/p>\n\n\n\n<p>\u0160tartovn\u00e9 je 15 eur. S\u00fa\u0165a\u017e vo varen\u00ed gul\u00e1\u0161u za\u010d\u00edna o 13.00 hod.<\/p>\n\n\n\n<p>O 15.00 hod. v\u00e1m do tanca zahr\u00e1 skupina OK BAND, a o 17.00 hod. zmen\u00edme \u017e\u00e1ner s country hudobnou skupinou RAN\u010c. Na z\u00e1ver sa m\u00f4\u017eete te\u0161i\u0165 na diskot\u00e9ku s DJ \u0160TEFANOM I\u0160TOKOM o 19.15 hod.<\/p>\n\n\n<p><iframe loading=\"lazy\" style=\"border:none\" src=\"https:\/\/sk.frame.mapy.cz\/s\/lugafukogu\" width=\"100%\" height=\"350\" frameborder=\"0\"><\/iframe><\/p>\n\n\n\n\n","protected":false},"excerpt":{"rendered":"<p>Mesto \u017darnovica poz\u00fdva v\u0161etk\u00fdch nad\u0161encov jedla a dobrej hudby na s\u00fa\u0165a\u017e vo varen\u00ed gul\u00e1\u0161u pod n\u00e1zvom Gul\u00e1\u0161 fest. Podujatie sa bude kona\u0165 v sobotu 15.6.2024 v priestoroch Mestsk\u00e9ho \u0161portov\u00e9ho re\u00e1lu. Do s\u00fa\u0165a\u017ee sa m\u00f4\u017ee zapoji\u0165 dru\u017estvo s maxim\u00e1lnym po\u010dtom \u010dlenov 3 osoby, zaslan\u00edm prihl\u00e1\u0161ky prostredn\u00edctvom e-mailu\u00a0&#x6b;&#117;l&#x74;&#117;r&#x61;&#64;z&#x61;&#x72;&#110;&#x6f;&#x76;&#105;c&#x61;&#46;e&#x75;\u00a0alebo osobne v kancel\u00e1rii Oddelenia kult\u00fary, ml\u00e1de\u017ee a \u0161portu Ms\u00da [&hellip;]<\/p>\n","protected":false},"author":3,"featured_media":22043,"menu_order":319,"comment_status":"open","ping_status":"closed","template":"","format":"standard","categories":[46],"tags":[],"class_list":["post-22042","podujatia","type-podujatia","status-publish","format-standard","has-post-thumbnail","hentry","category-podujatia"],"acf":[],"uagb_featured_image_src":{"full":["https:\/\/regiongron.sk\/en\/wp-content\/uploads\/2024\/05\/gulas-fest-zarnovica-15.6.2024.jpg",720,509,false],"thumbnail":["https:\/\/regiongron.sk\/en\/wp-content\/uploads\/2024\/05\/gulas-fest-zarnovica-15.6.2024-400x400.jpg",400,400,true],"medium":["https:\/\/regiongron.sk\/en\/wp-content\/uploads\/2024\/05\/gulas-fest-zarnovica-15.6.2024-600x424.jpg",600,424,true],"medium_large":["https:\/\/regiongron.sk\/en\/wp-content\/uploads\/2024\/05\/gulas-fest-zarnovica-15.6.2024.jpg",720,509,false],"large":["https:\/\/regiongron.sk\/en\/wp-content\/uploads\/2024\/05\/gulas-fest-zarnovica-15.6.2024.jpg",720,509,false],"1536x1536":["https:\/\/regiongron.sk\/en\/wp-content\/uploads\/2024\/05\/gulas-fest-zarnovica-15.6.2024.jpg",720,509,false],"2048x2048":["https:\/\/regiongron.sk\/en\/wp-content\/uploads\/2024\/05\/gulas-fest-zarnovica-15.6.2024.jpg",720,509,false]},"uagb_author_info":{"display_name":"Gabriela Matlovi\u010dov\u00e1","author_link":"https:\/\/regiongron.sk\/en\/author\/gabriela\/"},"uagb_comment_info":0,"uagb_excerpt":"Mesto \u017darnovica poz\u00fdva v\u0161etk\u00fdch nad\u0161encov jedla a dobrej hudby na s\u00fa\u0165a\u017e vo varen\u00ed gul\u00e1\u0161u pod n\u00e1zvom Gul\u00e1\u0161 fest. Podujatie sa bude kona\u0165 v sobotu 15.6.2024 v priestoroch Mestsk\u00e9ho \u0161portov\u00e9ho re\u00e1lu. Do s\u00fa\u0165a\u017ee sa m\u00f4\u017ee zapoji\u0165 dru\u017estvo s maxim\u00e1lnym po\u010dtom \u010dlenov 3 osoby, zaslan\u00edm prihl\u00e1\u0161ky prostredn\u00edctvom e-mailu\u00a0&#x6b;u&#x6c;&#116;&#x75;&#114;a&#x40;z&#x61;&#114;&#x6e;&#111;v&#x69;&#99;&#x61;&#46;e&#x75;\u00a0alebo osobne v kancel\u00e1rii Oddelenia kult\u00fary, ml\u00e1de\u017ee a \u0161portu Ms\u00da&hellip;","_links":{"self":[{"href":"https:\/\/regiongron.sk\/en\/wp-json\/wp\/v2\/podujatia\/22042","targetHints":{"allow":["GET"]}}],"collection":[{"href":"https:\/\/regiongron.sk\/en\/wp-json\/wp\/v2\/podujatia"}],"about":[{"href":"https:\/\/regiongron.sk\/en\/wp-json\/wp\/v2\/types\/podujatia"}],"author":[{"embeddable":true,"href":"https:\/\/regiongron.sk\/en\/wp-json\/wp\/v2\/users\/3"}],"replies":[{"embeddable":true,"href":"https:\/\/regiongron.sk\/en\/wp-json\/wp\/v2\/comments?post=22042"}],"version-history":[{"count":1,"href":"https:\/\/regiongron.sk\/en\/wp-json\/wp\/v2\/podujatia\/22042\/revisions"}],"predecessor-version":[{"id":22044,"href":"https:\/\/regiongron.sk\/en\/wp-json\/wp\/v2\/podujatia\/22042\/revisions\/22044"}],"wp:featuredmedia":[{"embeddable":true,"href":"https:\/\/regiongron.sk\/en\/wp-json\/wp\/v2\/media\/22043"}],"wp:attachment":[{"href":"https:\/\/regiongron.sk\/en\/wp-json\/wp\/v2\/media?parent=22042"}],"wp:term":[{"taxonomy":"category","embeddable":true,"href":"https:\/\/regiongron.sk\/en\/wp-json\/wp\/v2\/categories?post=22042"},{"taxonomy":"post_tag","embeddable":true,"href":"https:\/\/regiongron.sk\/en\/wp-json\/wp\/v2\/tags?post=22042"}],"curies":[{"name":"wp","href":"https:\/\/api.w.org\/{rel}","templated":true}]}}

GULÁŠ FEST, ŽARNOVICA, 15.6.2024

<div class="wp-block-image">
<figure class="aligncenter size-full"><img loading="lazy" decoding="async" width="720" height="509" src="https://regiongron.sk/wp-content/uploads/2024/05/gulas-fest-zarnovica-15.6.2024.jpg" alt="gulas fest zarnovica, 15.6.2024" class="wp-image-22043" srcset="https://regiongron.sk/en/wp-content/uploads/2024/05/gulas-fest-zarnovica-15.6.2024.jpg 720w, https://regiongron.sk/en/wp-content/uploads/2024/05/gulas-fest-zarnovica-15.6.2024-600x424.jpg 600w" sizes="auto, (max-width: 720px) 100vw, 720px" /></figure>
</div>


<p>Mesto Žarnovica pozýva všetkých nadšencov jedla a dobrej hudby na súťaž vo varení gulášu pod názvom Guláš fest. Podujatie sa bude konať v sobotu 15.6.2024 v priestoroch Mestského športového reálu.</p>



<p>Do súťaže sa môže zapojiť družstvo s maximálnym počtom členov 3 osoby, zaslaním prihlášky prostredníctvom e-mailu <a href="&#109;&#x61;&#105;&#x6c;&#116;&#x6f;&#58;&#x6b;u&#x6c;t&#x75;r&#x61;&#64;&#122;&#x61;&#114;&#x6e;&#111;&#x76;&#105;&#x63;&#97;&#x2e;e&#x75;">k&#117;&#108;&#x74;&#x75;ra&#64;&#122;&#x61;&#x72;no&#118;&#105;&#x63;&#x61;&#46;e&#117;</a> alebo osobne v kancelárii Oddelenia kultúry, mládeže a športu MsÚ v kultúrnom dome. Termín uzávierky prihlášky je 12.6.2024.</p>



<p>Počet súťažných družstiev je z organizačných dôvodov obmedzený, maximálne 10 súťažných družstiev. </p>



<p>Štartovné je 15 eur. Súťaž vo varení gulášu začína o 13.00 hod.</p>



<p>O 15.00 hod. vám do tanca zahrá skupina OK BAND, a o 17.00 hod. zmeníme žáner s country hudobnou skupinou RANČ. Na záver sa môžete tešiť na diskotéku s DJ ŠTEFANOM IŠTOKOM o 19.15 hod.</p>


<p><iframe loading="lazy" style="border:none" src="https://sk.frame.mapy.cz/s/lugafukogu" width="100%" height="350" frameborder="0"></iframe></p>

<p>Mesto Žarnovica pozýva všetkých nadšencov jedla a dobrej hudby na súťaž vo varení gulášu pod názvom Guláš fest. Podujatie sa bude konať v sobotu 15.6.2024 v priestoroch Mestského športového reálu. Do súťaže sa môže zapojiť družstvo s maximálnym počtom členov 3 osoby, zaslaním prihlášky prostredníctvom e-mailu &#x6b;&#117;l&#x74;&#117;r&#x61;&#64;z&#x61;&#x72;&#110;&#x6f;&#x76;&#105;c&#x61;&#46;e&#x75; alebo osobne v kancelárii Oddelenia kultúry, mládeže a športu MsÚ [&hellip;]</p>

Gabriela Matlovičová

Mesto Žarnovica pozýva všetkých nadšencov jedla a dobrej hudby na súťaž vo varení gulášu pod názvom Guláš fest. Podujatie sa bude konať v sobotu 15.6.2024 v priestoroch Mestského športového reálu. Do súťaže sa môže zapojiť družstvo s maximálnym počtom členov 3 osoby, zaslaním prihlášky prostredníctvom e-mailu &#x6b;u&#x6c;&#116;&#x75;&#114;a&#x40;z&#x61;&#114;&#x6e;&#111;v&#x69;&#99;&#x61;&#46;e&#x75; alebo osobne v kancelárii Oddelenia kultúry, mládeže a športu MsÚ&hellip;
