{"id":22229,"date":"2024-07-01T15:55:35","date_gmt":"2024-07-01T13:55:35","guid":{"rendered":"https:\/\/regiongron.sk\/?post_type=podujatia&#038;p=22229"},"modified":"2024-07-01T15:55:36","modified_gmt":"2024-07-01T13:55:36","slug":"tulave-kino-a-stanovacka-pekny-les-27-7-2024","status":"publish","type":"podujatia","link":"https:\/\/regiongron.sk\/en\/podujatia\/tulave-kino-a-stanovacka-pekny-les-27-7-2024\/","title":{"rendered":"T\u00daLAV\u00c9 KINO A STANOVA\u010cKA, PEKN\u00dd LES,  27.7.2024"},"content":{"rendered":"<div class=\"wp-block-image\">\n<figure class=\"aligncenter size-large\"><img loading=\"lazy\" decoding=\"async\" width=\"724\" height=\"1024\" src=\"https:\/\/regiongron.sk\/wp-content\/uploads\/2024\/07\/tulave-kino-a-stanovacka-pekny-les-27.7.2024-724x1024.jpg\" alt=\"\" class=\"wp-image-22230\" srcset=\"https:\/\/regiongron.sk\/en\/wp-content\/uploads\/2024\/07\/tulave-kino-a-stanovacka-pekny-les-27.7.2024-724x1024.jpg 724w, https:\/\/regiongron.sk\/en\/wp-content\/uploads\/2024\/07\/tulave-kino-a-stanovacka-pekny-les-27.7.2024-424x600.jpg 424w, https:\/\/regiongron.sk\/en\/wp-content\/uploads\/2024\/07\/tulave-kino-a-stanovacka-pekny-les-27.7.2024-768x1086.jpg 768w, https:\/\/regiongron.sk\/en\/wp-content\/uploads\/2024\/07\/tulave-kino-a-stanovacka-pekny-les-27.7.2024-1086x1536.jpg 1086w, https:\/\/regiongron.sk\/en\/wp-content\/uploads\/2024\/07\/tulave-kino-a-stanovacka-pekny-les-27.7.2024.jpg 1414w\" sizes=\"auto, (max-width: 724px) 100vw, 724px\" \/><\/figure>\n<\/div>\n\n\n<p>Agroturistick\u00fd are\u00e1l <a href=\"https:\/\/peknyles.sk\/\" data-type=\"link\" data-id=\"https:\/\/peknyles.sk\/\"><strong>Pekn\u00fd les<\/strong><\/a> v Horn\u00fdch H\u00e1mroch v\u00e1s poz\u00fdva na nezabudnute\u013en\u00fd z\u00e1\u017eitok premietania filmu pod hol\u00fdm nebom - <a href=\"https:\/\/www.facebook.com\/share\/ruFhU84oBriZsJjS\/\" target=\"_blank\" rel=\"noreferrer noopener\"><strong>T\u00falav\u00e9 kino (premietanie pod hol\u00fdm nebom) spojen\u00e9 so stanova\u010dkou<\/strong><\/a>, v\u010faka kamar\u00e1tom z\u00a0T\u00falav\u00e9ho kina\u00a0a tie\u017e na par\u00e1dnu\u00a0stanova\u010dku.<\/p>\n\n\n\n<p>V sobotu 27. j\u00fala m\u00e1te jedine\u010dn\u00fa pr\u00edle\u017eitos\u0165 stanova\u0165 so svojimi kamar\u00e1tmi v Peknom lese\u00a0a po z\u00e1pade slnka si pozrie\u0165 film na obrovskom nafukovacom pl\u00e1tne, v \u0161t\u00fdlov\u00fdch stoli\u010dk\u00e1ch s chrumkaj\u00facim popcornom \u010di ikonickou cukrovou vatou.<\/p>\n\n\n\n<p>Stany si m\u00f4\u017ete rozklada\u0165 po\u010das cel\u00e9ho d\u0148a a u\u017ei\u0165 si tak aj spolo\u010dn\u00e9 k\u0155menie zvieratiek a denn\u00fd anima\u010dn\u00fd program.<\/p>\n\n\n\n<p>Ak nechcete stanova\u0165, pr\u00ed\u010fte kludne iba na kino, lep\u0161ie rande nevymysl\u00edte!<\/p>\n\n\n\n<p>V\u0161etky podujatia - na leto je v Peknom lese pripraven\u00fdch a\u017e 15 akci\u00ed, n\u00e1jdete na facebookovom profile Pekn\u00fd les: <a href=\"https:\/\/www.facebook.com\/peknyles\/events\"><strong>https:\/\/www.facebook.com\/peknyles\/events<\/strong><\/a><\/p>\n\n\n<p><iframe loading=\"lazy\" style=\"border:none\" src=\"https:\/\/sk.frame.mapy.cz\/s\/bovunocaba\" width=\"100%\" height=\"350\" frameborder=\"0\"><\/iframe><\/p>\n\n\n\n\n","protected":false},"excerpt":{"rendered":"<p>Agroturistick\u00fd are\u00e1l Pekn\u00fd les v Horn\u00fdch H\u00e1mroch v\u00e1s poz\u00fdva na nezabudnute\u013en\u00fd z\u00e1\u017eitok premietania filmu pod hol\u00fdm nebom - T\u00falav\u00e9 kino (premietanie pod hol\u00fdm nebom) spojen\u00e9 so stanova\u010dkou, v\u010faka kamar\u00e1tom z\u00a0T\u00falav\u00e9ho kina\u00a0a tie\u017e na par\u00e1dnu\u00a0stanova\u010dku. V sobotu 27. j\u00fala m\u00e1te jedine\u010dn\u00fa pr\u00edle\u017eitos\u0165 stanova\u0165 so svojimi kamar\u00e1tmi v Peknom lese\u00a0a po z\u00e1pade slnka si pozrie\u0165 film na [&hellip;]<\/p>\n","protected":false},"author":3,"featured_media":22230,"menu_order":272,"comment_status":"open","ping_status":"closed","template":"","format":"standard","categories":[46],"tags":[],"class_list":["post-22229","podujatia","type-podujatia","status-publish","format-standard","has-post-thumbnail","hentry","category-podujatia"],"acf":[],"uagb_featured_image_src":{"full":["https:\/\/regiongron.sk\/en\/wp-content\/uploads\/2024\/07\/tulave-kino-a-stanovacka-pekny-les-27.7.2024.jpg",1414,2000,false],"thumbnail":["https:\/\/regiongron.sk\/en\/wp-content\/uploads\/2024\/07\/tulave-kino-a-stanovacka-pekny-les-27.7.2024-400x400.jpg",400,400,true],"medium":["https:\/\/regiongron.sk\/en\/wp-content\/uploads\/2024\/07\/tulave-kino-a-stanovacka-pekny-les-27.7.2024-424x600.jpg",424,600,true],"medium_large":["https:\/\/regiongron.sk\/en\/wp-content\/uploads\/2024\/07\/tulave-kino-a-stanovacka-pekny-les-27.7.2024-768x1086.jpg",768,1086,true],"large":["https:\/\/regiongron.sk\/en\/wp-content\/uploads\/2024\/07\/tulave-kino-a-stanovacka-pekny-les-27.7.2024-724x1024.jpg",724,1024,true],"1536x1536":["https:\/\/regiongron.sk\/en\/wp-content\/uploads\/2024\/07\/tulave-kino-a-stanovacka-pekny-les-27.7.2024-1086x1536.jpg",1086,1536,true],"2048x2048":["https:\/\/regiongron.sk\/en\/wp-content\/uploads\/2024\/07\/tulave-kino-a-stanovacka-pekny-les-27.7.2024.jpg",1414,2000,false]},"uagb_author_info":{"display_name":"Gabriela Matlovi\u010dov\u00e1","author_link":"https:\/\/regiongron.sk\/en\/author\/gabriela\/"},"uagb_comment_info":0,"uagb_excerpt":"Agroturistick\u00fd are\u00e1l Pekn\u00fd les v Horn\u00fdch H\u00e1mroch v\u00e1s poz\u00fdva na nezabudnute\u013en\u00fd z\u00e1\u017eitok premietania filmu pod hol\u00fdm nebom - T\u00falav\u00e9 kino (premietanie pod hol\u00fdm nebom) spojen\u00e9 so stanova\u010dkou, v\u010faka kamar\u00e1tom z\u00a0T\u00falav\u00e9ho kina\u00a0a tie\u017e na par\u00e1dnu\u00a0stanova\u010dku. V sobotu 27. j\u00fala m\u00e1te jedine\u010dn\u00fa pr\u00edle\u017eitos\u0165 stanova\u0165 so svojimi kamar\u00e1tmi v Peknom lese\u00a0a po z\u00e1pade slnka si pozrie\u0165 film na&hellip;","_links":{"self":[{"href":"https:\/\/regiongron.sk\/en\/wp-json\/wp\/v2\/podujatia\/22229","targetHints":{"allow":["GET"]}}],"collection":[{"href":"https:\/\/regiongron.sk\/en\/wp-json\/wp\/v2\/podujatia"}],"about":[{"href":"https:\/\/regiongron.sk\/en\/wp-json\/wp\/v2\/types\/podujatia"}],"author":[{"embeddable":true,"href":"https:\/\/regiongron.sk\/en\/wp-json\/wp\/v2\/users\/3"}],"replies":[{"embeddable":true,"href":"https:\/\/regiongron.sk\/en\/wp-json\/wp\/v2\/comments?post=22229"}],"version-history":[{"count":1,"href":"https:\/\/regiongron.sk\/en\/wp-json\/wp\/v2\/podujatia\/22229\/revisions"}],"predecessor-version":[{"id":22231,"href":"https:\/\/regiongron.sk\/en\/wp-json\/wp\/v2\/podujatia\/22229\/revisions\/22231"}],"wp:featuredmedia":[{"embeddable":true,"href":"https:\/\/regiongron.sk\/en\/wp-json\/wp\/v2\/media\/22230"}],"wp:attachment":[{"href":"https:\/\/regiongron.sk\/en\/wp-json\/wp\/v2\/media?parent=22229"}],"wp:term":[{"taxonomy":"category","embeddable":true,"href":"https:\/\/regiongron.sk\/en\/wp-json\/wp\/v2\/categories?post=22229"},{"taxonomy":"post_tag","embeddable":true,"href":"https:\/\/regiongron.sk\/en\/wp-json\/wp\/v2\/tags?post=22229"}],"curies":[{"name":"wp","href":"https:\/\/api.w.org\/{rel}","templated":true}]}}

TÚLAVÉ KINO A STANOVAČKA, PEKNÝ LES,  27.7.2024

<div class="wp-block-image">
<figure class="aligncenter size-large"><img loading="lazy" decoding="async" width="724" height="1024" src="https://regiongron.sk/wp-content/uploads/2024/07/tulave-kino-a-stanovacka-pekny-les-27.7.2024-724x1024.jpg" alt="" class="wp-image-22230" srcset="https://regiongron.sk/en/wp-content/uploads/2024/07/tulave-kino-a-stanovacka-pekny-les-27.7.2024-724x1024.jpg 724w, https://regiongron.sk/en/wp-content/uploads/2024/07/tulave-kino-a-stanovacka-pekny-les-27.7.2024-424x600.jpg 424w, https://regiongron.sk/en/wp-content/uploads/2024/07/tulave-kino-a-stanovacka-pekny-les-27.7.2024-768x1086.jpg 768w, https://regiongron.sk/en/wp-content/uploads/2024/07/tulave-kino-a-stanovacka-pekny-les-27.7.2024-1086x1536.jpg 1086w, https://regiongron.sk/en/wp-content/uploads/2024/07/tulave-kino-a-stanovacka-pekny-les-27.7.2024.jpg 1414w" sizes="auto, (max-width: 724px) 100vw, 724px" /></figure>
</div>


<p>Agroturistický areál <a href="https://peknyles.sk/" data-type="link" data-id="https://peknyles.sk/"><strong>Pekný les</strong></a> v Horných Hámroch vás pozýva na nezabudnuteľný zážitok premietania filmu pod holým nebom - <a href="https://www.facebook.com/share/ruFhU84oBriZsJjS/" target="_blank" rel="noreferrer noopener"><strong>Túlavé kino (premietanie pod holým nebom) spojené so stanovačkou</strong></a>, vďaka kamarátom z Túlavého kina a tiež na parádnu stanovačku.</p>



<p>V sobotu 27. júla máte jedinečnú príležitosť stanovať so svojimi kamarátmi v Peknom lese a po západe slnka si pozrieť film na obrovskom nafukovacom plátne, v štýlových stoličkách s chrumkajúcim popcornom či ikonickou cukrovou vatou.</p>



<p>Stany si môžte rozkladať počas celého dňa a užiť si tak aj spoločné kŕmenie zvieratiek a denný animačný program.</p>



<p>Ak nechcete stanovať, príďte kludne iba na kino, lepšie rande nevymyslíte!</p>



<p>Všetky podujatia - na leto je v Peknom lese pripravených až 15 akcií, nájdete na facebookovom profile Pekný les: <a href="https://www.facebook.com/peknyles/events"><strong>https://www.facebook.com/peknyles/events</strong></a></p>


<p><iframe loading="lazy" style="border:none" src="https://sk.frame.mapy.cz/s/bovunocaba" width="100%" height="350" frameborder="0"></iframe></p>

<p>Agroturistický areál Pekný les v Horných Hámroch vás pozýva na nezabudnuteľný zážitok premietania filmu pod holým nebom - Túlavé kino (premietanie pod holým nebom) spojené so stanovačkou, vďaka kamarátom z Túlavého kina a tiež na parádnu stanovačku. V sobotu 27. júla máte jedinečnú príležitosť stanovať so svojimi kamarátmi v Peknom lese a po západe slnka si pozrieť film na [&hellip;]</p>

Gabriela Matlovičová

Agroturistický areál Pekný les v Horných Hámroch vás pozýva na nezabudnuteľný zážitok premietania filmu pod holým nebom - Túlavé kino (premietanie pod holým nebom) spojené so stanovačkou, vďaka kamarátom z Túlavého kina a tiež na parádnu stanovačku. V sobotu 27. júla máte jedinečnú príležitosť stanovať so svojimi kamarátmi v Peknom lese a po západe slnka si pozrieť film na&hellip;
