{"id":23624,"date":"2025-02-03T17:00:39","date_gmt":"2025-02-03T16:00:39","guid":{"rendered":"https:\/\/regiongron.sk\/?post_type=podujatia&#038;p=23624"},"modified":"2025-02-03T17:00:40","modified_gmt":"2025-02-03T16:00:40","slug":"divadlo-milujem-ta-ale-ziar-nad-hronom-16-3-2025","status":"publish","type":"podujatia","link":"https:\/\/regiongron.sk\/en\/podujatia\/divadlo-milujem-ta-ale-ziar-nad-hronom-16-3-2025\/","title":{"rendered":"DIVADLO: MILUJEM \u0164A, ALE..., \u017dIAR NAD HRONOM, 16.3.2025"},"content":{"rendered":"<div class=\"wp-block-image\">\n<figure class=\"aligncenter size-full\"><img loading=\"lazy\" decoding=\"async\" width=\"600\" height=\"600\" src=\"https:\/\/regiongron.sk\/wp-content\/uploads\/2025\/01\/divadlo-milujem-ta-ale.-ziar-nad-hronom-16.3.2025.jpg\" alt=\"divadlo-milujem-ta-ale.-ziar-nad-hronom-16.3.2025\" class=\"wp-image-23531\" srcset=\"https:\/\/regiongron.sk\/en\/wp-content\/uploads\/2025\/01\/divadlo-milujem-ta-ale.-ziar-nad-hronom-16.3.2025.jpg 600w, https:\/\/regiongron.sk\/en\/wp-content\/uploads\/2025\/01\/divadlo-milujem-ta-ale.-ziar-nad-hronom-16.3.2025-400x400.jpg 400w\" sizes=\"auto, (max-width: 600px) 100vw, 600px\" \/><\/figure>\n<\/div>\n\n\n<p><strong>DIVADELN\u00c9 PREDSTAVENIE - MILUJEM \u0164A, ALE \u2026<\/strong><\/p>\n\n\n\n<p><strong>TERM\u00cdN: <\/strong>16.03.2025, 17:00<\/p>\n\n\n\n<p><strong>MIESTO:<\/strong> SSO\u0160Pg EBG (b\u00fdval\u00fd DK), N\u00e1mestie Matice slovenskej<\/p>\n\n\n\n<p>Naj\u00faspe\u0161nej\u0161ia broadwaysk\u00e1 muzik\u00e1lov\u00e1 kom\u00e9dia s\u00fa\u010dasnosti (THE NEW YORK TIMES) prich\u00e1dza na Slovensko v r\u00e9\u017eii J\u00e1na \u010eurov\u010d\u00edka!<\/p>\n\n\n\n<p><strong>Obsadenie:<\/strong><\/p>\n\n\n\n<p>Peter Brajer\u010d\u00edk - J\u00e1n Slez\u00e1k<\/p>\n\n\n\n<p>Martin Nikod\u00fdm - Marek Rozko\u0161<\/p>\n\n\n\n<p>Liv Bielovi\u010d - Radka Kopriva<\/p>\n\n\n\n<p>M\u00e1ria Schummerov\u00e1 - Emma Funtov\u00e1<\/p>\n\n\n\n<p><strong>D\u013a\u017eka predstavenia:<\/strong> 120 min\u00fat<\/p>\n\n\n\n<p>Predstavenie je odpor\u00fa\u010dan\u00e9 pre osoby nad 15 rokov!<\/p>\n\n\n\n<p><strong>PREDAJ L\u00cdSTKOV: <a href=\"https:\/\/www.mskcentrum.sk\/milujem-ta-ale-.\/?f=\">https:\/\/www.mskcentrum.sk\/milujem-ta-ale-.\/?f=<\/a><\/strong><\/p>\n","protected":false},"excerpt":{"rendered":"<p>DIVADELN\u00c9 PREDSTAVENIE - MILUJEM \u0164A, ALE \u2026 TERM\u00cdN: 16.03.2025, 17:00 MIESTO: SSO\u0160Pg EBG (b\u00fdval\u00fd DK), N\u00e1mestie Matice slovenskej Naj\u00faspe\u0161nej\u0161ia broadwaysk\u00e1 muzik\u00e1lov\u00e1 kom\u00e9dia s\u00fa\u010dasnosti (THE NEW YORK TIMES) prich\u00e1dza na Slovensko v r\u00e9\u017eii J\u00e1na \u010eurov\u010d\u00edka! Obsadenie: Peter Brajer\u010d\u00edk - J\u00e1n Slez\u00e1k Martin Nikod\u00fdm - Marek Rozko\u0161 Liv Bielovi\u010d - Radka Kopriva M\u00e1ria Schummerov\u00e1 - Emma Funtov\u00e1 [&hellip;]<\/p>\n","protected":false},"author":3,"featured_media":23531,"menu_order":6,"comment_status":"open","ping_status":"closed","template":"","format":"standard","categories":[46],"tags":[],"class_list":["post-23624","podujatia","type-podujatia","status-publish","format-standard","has-post-thumbnail","hentry","category-podujatia"],"acf":[],"uagb_featured_image_src":{"full":["https:\/\/regiongron.sk\/en\/wp-content\/uploads\/2025\/01\/divadlo-milujem-ta-ale.-ziar-nad-hronom-16.3.2025.jpg",600,600,false],"thumbnail":["https:\/\/regiongron.sk\/en\/wp-content\/uploads\/2025\/01\/divadlo-milujem-ta-ale.-ziar-nad-hronom-16.3.2025-400x400.jpg",400,400,true],"medium":["https:\/\/regiongron.sk\/en\/wp-content\/uploads\/2025\/01\/divadlo-milujem-ta-ale.-ziar-nad-hronom-16.3.2025.jpg",600,600,false],"medium_large":["https:\/\/regiongron.sk\/en\/wp-content\/uploads\/2025\/01\/divadlo-milujem-ta-ale.-ziar-nad-hronom-16.3.2025.jpg",600,600,false],"large":["https:\/\/regiongron.sk\/en\/wp-content\/uploads\/2025\/01\/divadlo-milujem-ta-ale.-ziar-nad-hronom-16.3.2025.jpg",600,600,false],"1536x1536":["https:\/\/regiongron.sk\/en\/wp-content\/uploads\/2025\/01\/divadlo-milujem-ta-ale.-ziar-nad-hronom-16.3.2025.jpg",600,600,false],"2048x2048":["https:\/\/regiongron.sk\/en\/wp-content\/uploads\/2025\/01\/divadlo-milujem-ta-ale.-ziar-nad-hronom-16.3.2025.jpg",600,600,false]},"uagb_author_info":{"display_name":"Gabriela Matlovi\u010dov\u00e1","author_link":"https:\/\/regiongron.sk\/en\/author\/gabriela\/"},"uagb_comment_info":0,"uagb_excerpt":"DIVADELN\u00c9 PREDSTAVENIE - MILUJEM \u0164A, ALE \u2026 TERM\u00cdN: 16.03.2025, 17:00 MIESTO: SSO\u0160Pg EBG (b\u00fdval\u00fd DK), N\u00e1mestie Matice slovenskej Naj\u00faspe\u0161nej\u0161ia broadwaysk\u00e1 muzik\u00e1lov\u00e1 kom\u00e9dia s\u00fa\u010dasnosti (THE NEW YORK TIMES) prich\u00e1dza na Slovensko v r\u00e9\u017eii J\u00e1na \u010eurov\u010d\u00edka! Obsadenie: Peter Brajer\u010d\u00edk - J\u00e1n Slez\u00e1k Martin Nikod\u00fdm - Marek Rozko\u0161 Liv Bielovi\u010d - Radka Kopriva M\u00e1ria Schummerov\u00e1 - Emma Funtov\u00e1&hellip;","_links":{"self":[{"href":"https:\/\/regiongron.sk\/en\/wp-json\/wp\/v2\/podujatia\/23624","targetHints":{"allow":["GET"]}}],"collection":[{"href":"https:\/\/regiongron.sk\/en\/wp-json\/wp\/v2\/podujatia"}],"about":[{"href":"https:\/\/regiongron.sk\/en\/wp-json\/wp\/v2\/types\/podujatia"}],"author":[{"embeddable":true,"href":"https:\/\/regiongron.sk\/en\/wp-json\/wp\/v2\/users\/3"}],"replies":[{"embeddable":true,"href":"https:\/\/regiongron.sk\/en\/wp-json\/wp\/v2\/comments?post=23624"}],"version-history":[{"count":1,"href":"https:\/\/regiongron.sk\/en\/wp-json\/wp\/v2\/podujatia\/23624\/revisions"}],"predecessor-version":[{"id":23625,"href":"https:\/\/regiongron.sk\/en\/wp-json\/wp\/v2\/podujatia\/23624\/revisions\/23625"}],"wp:featuredmedia":[{"embeddable":true,"href":"https:\/\/regiongron.sk\/en\/wp-json\/wp\/v2\/media\/23531"}],"wp:attachment":[{"href":"https:\/\/regiongron.sk\/en\/wp-json\/wp\/v2\/media?parent=23624"}],"wp:term":[{"taxonomy":"category","embeddable":true,"href":"https:\/\/regiongron.sk\/en\/wp-json\/wp\/v2\/categories?post=23624"},{"taxonomy":"post_tag","embeddable":true,"href":"https:\/\/regiongron.sk\/en\/wp-json\/wp\/v2\/tags?post=23624"}],"curies":[{"name":"wp","href":"https:\/\/api.w.org\/{rel}","templated":true}]}}

DIVADLO: MILUJEM ŤA, ALE..., ŽIAR NAD HRONOM, 16.3.2025

<div class="wp-block-image">
<figure class="aligncenter size-full"><img loading="lazy" decoding="async" width="600" height="600" src="https://regiongron.sk/wp-content/uploads/2025/01/divadlo-milujem-ta-ale.-ziar-nad-hronom-16.3.2025.jpg" alt="divadlo-milujem-ta-ale.-ziar-nad-hronom-16.3.2025" class="wp-image-23531" srcset="https://regiongron.sk/en/wp-content/uploads/2025/01/divadlo-milujem-ta-ale.-ziar-nad-hronom-16.3.2025.jpg 600w, https://regiongron.sk/en/wp-content/uploads/2025/01/divadlo-milujem-ta-ale.-ziar-nad-hronom-16.3.2025-400x400.jpg 400w" sizes="auto, (max-width: 600px) 100vw, 600px" /></figure>
</div>


<p><strong>DIVADELNÉ PREDSTAVENIE - MILUJEM ŤA, ALE …</strong></p>



<p><strong>TERMÍN: </strong>16.03.2025, 17:00</p>



<p><strong>MIESTO:</strong> SSOŠPg EBG (bývalý DK), Námestie Matice slovenskej</p>



<p>Najúspešnejšia broadwayská muzikálová komédia súčasnosti (THE NEW YORK TIMES) prichádza na Slovensko v réžii Jána Ďurovčíka!</p>



<p><strong>Obsadenie:</strong></p>



<p>Peter Brajerčík - Ján Slezák</p>



<p>Martin Nikodým - Marek Rozkoš</p>



<p>Liv Bielovič - Radka Kopriva</p>



<p>Mária Schummerová - Emma Funtová</p>



<p><strong>Dĺžka predstavenia:</strong> 120 minút</p>



<p>Predstavenie je odporúčané pre osoby nad 15 rokov!</p>



<p><strong>PREDAJ LÍSTKOV: <a href="https://www.mskcentrum.sk/milujem-ta-ale-./?f=">https://www.mskcentrum.sk/milujem-ta-ale-./?f=</a></strong></p>

<p>DIVADELNÉ PREDSTAVENIE - MILUJEM ŤA, ALE … TERMÍN: 16.03.2025, 17:00 MIESTO: SSOŠPg EBG (bývalý DK), Námestie Matice slovenskej Najúspešnejšia broadwayská muzikálová komédia súčasnosti (THE NEW YORK TIMES) prichádza na Slovensko v réžii Jána Ďurovčíka! Obsadenie: Peter Brajerčík - Ján Slezák Martin Nikodým - Marek Rozkoš Liv Bielovič - Radka Kopriva Mária Schummerová - Emma Funtová [&hellip;]</p>

Gabriela Matlovičová

DIVADELNÉ PREDSTAVENIE - MILUJEM ŤA, ALE … TERMÍN: 16.03.2025, 17:00 MIESTO: SSOŠPg EBG (bývalý DK), Námestie Matice slovenskej Najúspešnejšia broadwayská muzikálová komédia súčasnosti (THE NEW YORK TIMES) prichádza na Slovensko v réžii Jána Ďurovčíka! Obsadenie: Peter Brajerčík - Ján Slezák Martin Nikodým - Marek Rozkoš Liv Bielovič - Radka Kopriva Mária Schummerová - Emma Funtová&hellip;
