{"id":23883,"date":"2025-02-20T13:03:38","date_gmt":"2025-02-20T12:03:38","guid":{"rendered":"https:\/\/regiongron.sk\/?post_type=podujatia&#038;p=23883"},"modified":"2025-02-20T13:03:39","modified_gmt":"2025-02-20T12:03:39","slug":"vystava-akvarelov-j-pasler-vietnamkupele-sklene-teplice-28-2-2025","status":"publish","type":"podujatia","link":"https:\/\/regiongron.sk\/en\/podujatia\/vystava-akvarelov-j-pasler-vietnamkupele-sklene-teplice-28-2-2025\/","title":{"rendered":"V\u00ddSTAVA AKVARELOV J. P\u00c1SLER - VIETNAM,K\u00daPELE SKLEN\u00c9 TEPLICE, 28.2.2025"},"content":{"rendered":"<div class=\"wp-block-image\">\n<figure class=\"aligncenter size-full\"><img loading=\"lazy\" decoding=\"async\" width=\"768\" height=\"960\" src=\"https:\/\/regiongron.sk\/wp-content\/uploads\/2025\/02\/vernisaz-vystavy-jaroslav-pasler-vietnam-kupele-sklene-teplice-28.2.2025.jpg\" alt=\"vernisaz-vystavy-jaroslav-pasler-vietnam-kupele-sklene-teplice-28.2.2025\" class=\"wp-image-23870\" srcset=\"https:\/\/regiongron.sk\/en\/wp-content\/uploads\/2025\/02\/vernisaz-vystavy-jaroslav-pasler-vietnam-kupele-sklene-teplice-28.2.2025.jpg 768w, https:\/\/regiongron.sk\/en\/wp-content\/uploads\/2025\/02\/vernisaz-vystavy-jaroslav-pasler-vietnam-kupele-sklene-teplice-28.2.2025-480x600.jpg 480w\" sizes=\"auto, (max-width: 768px) 100vw, 768px\" \/><\/figure>\n<\/div>","protected":false},"excerpt":{"rendered":"","protected":false},"author":3,"featured_media":23874,"menu_order":45,"comment_status":"open","ping_status":"closed","template":"","format":"standard","categories":[46],"tags":[],"class_list":["post-23883","podujatia","type-podujatia","status-publish","format-standard","has-post-thumbnail","hentry","category-podujatia"],"acf":[],"uagb_featured_image_src":{"full":["https:\/\/regiongron.sk\/en\/wp-content\/uploads\/2025\/02\/titulka-vernisaz-vystavy-jaroslav-pasler-vietnam-kupele-sklene-teplice-28.2.2025.jpg",768,768,false],"thumbnail":["https:\/\/regiongron.sk\/en\/wp-content\/uploads\/2025\/02\/titulka-vernisaz-vystavy-jaroslav-pasler-vietnam-kupele-sklene-teplice-28.2.2025-400x400.jpg",400,400,true],"medium":["https:\/\/regiongron.sk\/en\/wp-content\/uploads\/2025\/02\/titulka-vernisaz-vystavy-jaroslav-pasler-vietnam-kupele-sklene-teplice-28.2.2025-600x600.jpg",600,600,true],"medium_large":["https:\/\/regiongron.sk\/en\/wp-content\/uploads\/2025\/02\/titulka-vernisaz-vystavy-jaroslav-pasler-vietnam-kupele-sklene-teplice-28.2.2025.jpg",768,768,false],"large":["https:\/\/regiongron.sk\/en\/wp-content\/uploads\/2025\/02\/titulka-vernisaz-vystavy-jaroslav-pasler-vietnam-kupele-sklene-teplice-28.2.2025.jpg",768,768,false],"1536x1536":["https:\/\/regiongron.sk\/en\/wp-content\/uploads\/2025\/02\/titulka-vernisaz-vystavy-jaroslav-pasler-vietnam-kupele-sklene-teplice-28.2.2025.jpg",768,768,false],"2048x2048":["https:\/\/regiongron.sk\/en\/wp-content\/uploads\/2025\/02\/titulka-vernisaz-vystavy-jaroslav-pasler-vietnam-kupele-sklene-teplice-28.2.2025.jpg",768,768,false]},"uagb_author_info":{"display_name":"Gabriela Matlovi\u010dov\u00e1","author_link":"https:\/\/regiongron.sk\/en\/author\/gabriela\/"},"uagb_comment_info":0,"uagb_excerpt":null,"_links":{"self":[{"href":"https:\/\/regiongron.sk\/en\/wp-json\/wp\/v2\/podujatia\/23883","targetHints":{"allow":["GET"]}}],"collection":[{"href":"https:\/\/regiongron.sk\/en\/wp-json\/wp\/v2\/podujatia"}],"about":[{"href":"https:\/\/regiongron.sk\/en\/wp-json\/wp\/v2\/types\/podujatia"}],"author":[{"embeddable":true,"href":"https:\/\/regiongron.sk\/en\/wp-json\/wp\/v2\/users\/3"}],"replies":[{"embeddable":true,"href":"https:\/\/regiongron.sk\/en\/wp-json\/wp\/v2\/comments?post=23883"}],"version-history":[{"count":1,"href":"https:\/\/regiongron.sk\/en\/wp-json\/wp\/v2\/podujatia\/23883\/revisions"}],"predecessor-version":[{"id":23884,"href":"https:\/\/regiongron.sk\/en\/wp-json\/wp\/v2\/podujatia\/23883\/revisions\/23884"}],"wp:featuredmedia":[{"embeddable":true,"href":"https:\/\/regiongron.sk\/en\/wp-json\/wp\/v2\/media\/23874"}],"wp:attachment":[{"href":"https:\/\/regiongron.sk\/en\/wp-json\/wp\/v2\/media?parent=23883"}],"wp:term":[{"taxonomy":"category","embeddable":true,"href":"https:\/\/regiongron.sk\/en\/wp-json\/wp\/v2\/categories?post=23883"},{"taxonomy":"post_tag","embeddable":true,"href":"https:\/\/regiongron.sk\/en\/wp-json\/wp\/v2\/tags?post=23883"}],"curies":[{"name":"wp","href":"https:\/\/api.w.org\/{rel}","templated":true}]}}

VÝSTAVA AKVARELOV J. PÁSLER - VIETNAM,KÚPELE SKLENÉ TEPLICE, 28.2.2025

Gabriela Matlovičová
