{"id":23915,"date":"2025-02-25T10:07:04","date_gmt":"2025-02-25T09:07:04","guid":{"rendered":"https:\/\/regiongron.sk\/?post_type=podujatia&#038;p=23915"},"modified":"2025-02-25T10:07:06","modified_gmt":"2025-02-25T09:07:06","slug":"medzinarodna-konferencia-krv-a-popol-ostry-grun-18-3-2025","status":"publish","type":"podujatia","link":"https:\/\/regiongron.sk\/en\/podujatia\/medzinarodna-konferencia-krv-a-popol-ostry-grun-18-3-2025\/","title":{"rendered":"MEDZIN\u00c1RODN\u00c1 KONFERENCIA KRV A POPOL, OSTR\u00dd GR\u00da\u0147, 18.3.2025"},"content":{"rendered":"<div class=\"wp-block-image\">\n<figure class=\"aligncenter size-full\"><img loading=\"lazy\" decoding=\"async\" width=\"789\" height=\"937\" src=\"https:\/\/regiongron.sk\/wp-content\/uploads\/2025\/02\/konferencia-krva-a-popol-ostry-grun-18.3.2025.jpg\" alt=\"konferencia-krva-a-popol-ostry-grun-18.3.202\" class=\"wp-image-23918\" srcset=\"https:\/\/regiongron.sk\/en\/wp-content\/uploads\/2025\/02\/konferencia-krva-a-popol-ostry-grun-18.3.2025.jpg 789w, https:\/\/regiongron.sk\/en\/wp-content\/uploads\/2025\/02\/konferencia-krva-a-popol-ostry-grun-18.3.2025-505x600.jpg 505w, https:\/\/regiongron.sk\/en\/wp-content\/uploads\/2025\/02\/konferencia-krva-a-popol-ostry-grun-18.3.2025-768x912.jpg 768w\" sizes=\"auto, (max-width: 789px) 100vw, 789px\" \/><\/figure>\n<\/div>\n\n\n<p>Poz\u00fdvame v\u00e1s na <strong>medzin\u00e1rodn\u00fa konferenciu \u201eKrv a popol\u201c<\/strong>, ktor\u00e1 sa uskuto\u010dn\u00ed 18.3.2025 so za\u010diatkom o\u00a09:00 hod. v\u00a0Kult\u00farnom dome v\u00a0Ostrom Gr\u00fani.\u00a0<\/p>\n\n\n<div class=\"wp-block-image\">\n<figure class=\"aligncenter size-full\"><img loading=\"lazy\" decoding=\"async\" width=\"663\" height=\"936\" src=\"https:\/\/regiongron.sk\/wp-content\/uploads\/2025\/02\/konferencia-krva-a-popol-ostry-grun-program-18.3.2025.jpg\" alt=\"konferencia-krva-a-popol-ostry-grun-program-18.3.2025\" class=\"wp-image-23919\" srcset=\"https:\/\/regiongron.sk\/en\/wp-content\/uploads\/2025\/02\/konferencia-krva-a-popol-ostry-grun-program-18.3.2025.jpg 663w, https:\/\/regiongron.sk\/en\/wp-content\/uploads\/2025\/02\/konferencia-krva-a-popol-ostry-grun-program-18.3.2025-425x600.jpg 425w\" sizes=\"auto, (max-width: 663px) 100vw, 663px\" \/><\/figure>\n<\/div>\n\n\n<p>Medzin\u00e1rodn\u00fa konferenciu \u201eKrv a\u00a0popol\u201c organizuje Slovensk\u00e9 protifa\u0161istick\u00e9 hnutie v\u00a0spolupr\u00e1ci s\u00a0nad\u00e1ciou Fridrich Ebert Stiftung a\u00a0obcami Ostr\u00fd Gr\u00fa\u0148 a\u00a0K\u013eak.<\/p>\n","protected":false},"excerpt":{"rendered":"<p>Poz\u00fdvame v\u00e1s na medzin\u00e1rodn\u00fa konferenciu \u201eKrv a popol\u201c, ktor\u00e1 sa uskuto\u010dn\u00ed 18.3.2025 so za\u010diatkom o\u00a09:00 hod. v\u00a0Kult\u00farnom dome v\u00a0Ostrom Gr\u00fani.\u00a0 Medzin\u00e1rodn\u00fa konferenciu \u201eKrv a\u00a0popol\u201c organizuje Slovensk\u00e9 protifa\u0161istick\u00e9 hnutie v\u00a0spolupr\u00e1ci s\u00a0nad\u00e1ciou Fridrich Ebert Stiftung a\u00a0obcami Ostr\u00fd Gr\u00fa\u0148 a\u00a0K\u013eak.<\/p>\n","protected":false},"author":3,"featured_media":23922,"menu_order":8,"comment_status":"open","ping_status":"closed","template":"","format":"standard","categories":[46],"tags":[],"class_list":["post-23915","podujatia","type-podujatia","status-publish","format-standard","has-post-thumbnail","hentry","category-podujatia"],"acf":[],"uagb_featured_image_src":{"full":["https:\/\/regiongron.sk\/en\/wp-content\/uploads\/2025\/02\/titulka-konferencia-krva-a-popol-ostry-grun-18.3.2025.jpg",789,789,false],"thumbnail":["https:\/\/regiongron.sk\/en\/wp-content\/uploads\/2025\/02\/titulka-konferencia-krva-a-popol-ostry-grun-18.3.2025-400x400.jpg",400,400,true],"medium":["https:\/\/regiongron.sk\/en\/wp-content\/uploads\/2025\/02\/titulka-konferencia-krva-a-popol-ostry-grun-18.3.2025-600x600.jpg",600,600,true],"medium_large":["https:\/\/regiongron.sk\/en\/wp-content\/uploads\/2025\/02\/titulka-konferencia-krva-a-popol-ostry-grun-18.3.2025-768x768.jpg",768,768,true],"large":["https:\/\/regiongron.sk\/en\/wp-content\/uploads\/2025\/02\/titulka-konferencia-krva-a-popol-ostry-grun-18.3.2025.jpg",789,789,false],"1536x1536":["https:\/\/regiongron.sk\/en\/wp-content\/uploads\/2025\/02\/titulka-konferencia-krva-a-popol-ostry-grun-18.3.2025.jpg",789,789,false],"2048x2048":["https:\/\/regiongron.sk\/en\/wp-content\/uploads\/2025\/02\/titulka-konferencia-krva-a-popol-ostry-grun-18.3.2025.jpg",789,789,false]},"uagb_author_info":{"display_name":"Gabriela Matlovi\u010dov\u00e1","author_link":"https:\/\/regiongron.sk\/en\/author\/gabriela\/"},"uagb_comment_info":0,"uagb_excerpt":"Poz\u00fdvame v\u00e1s na medzin\u00e1rodn\u00fa konferenciu \u201eKrv a popol\u201c, ktor\u00e1 sa uskuto\u010dn\u00ed 18.3.2025 so za\u010diatkom o\u00a09:00 hod. v\u00a0Kult\u00farnom dome v\u00a0Ostrom Gr\u00fani.\u00a0 Medzin\u00e1rodn\u00fa konferenciu \u201eKrv a\u00a0popol\u201c organizuje Slovensk\u00e9 protifa\u0161istick\u00e9 hnutie v\u00a0spolupr\u00e1ci s\u00a0nad\u00e1ciou Fridrich Ebert Stiftung a\u00a0obcami Ostr\u00fd Gr\u00fa\u0148 a\u00a0K\u013eak.","_links":{"self":[{"href":"https:\/\/regiongron.sk\/en\/wp-json\/wp\/v2\/podujatia\/23915","targetHints":{"allow":["GET"]}}],"collection":[{"href":"https:\/\/regiongron.sk\/en\/wp-json\/wp\/v2\/podujatia"}],"about":[{"href":"https:\/\/regiongron.sk\/en\/wp-json\/wp\/v2\/types\/podujatia"}],"author":[{"embeddable":true,"href":"https:\/\/regiongron.sk\/en\/wp-json\/wp\/v2\/users\/3"}],"replies":[{"embeddable":true,"href":"https:\/\/regiongron.sk\/en\/wp-json\/wp\/v2\/comments?post=23915"}],"version-history":[{"count":1,"href":"https:\/\/regiongron.sk\/en\/wp-json\/wp\/v2\/podujatia\/23915\/revisions"}],"predecessor-version":[{"id":23923,"href":"https:\/\/regiongron.sk\/en\/wp-json\/wp\/v2\/podujatia\/23915\/revisions\/23923"}],"wp:featuredmedia":[{"embeddable":true,"href":"https:\/\/regiongron.sk\/en\/wp-json\/wp\/v2\/media\/23922"}],"wp:attachment":[{"href":"https:\/\/regiongron.sk\/en\/wp-json\/wp\/v2\/media?parent=23915"}],"wp:term":[{"taxonomy":"category","embeddable":true,"href":"https:\/\/regiongron.sk\/en\/wp-json\/wp\/v2\/categories?post=23915"},{"taxonomy":"post_tag","embeddable":true,"href":"https:\/\/regiongron.sk\/en\/wp-json\/wp\/v2\/tags?post=23915"}],"curies":[{"name":"wp","href":"https:\/\/api.w.org\/{rel}","templated":true}]}}

MEDZINÁRODNÁ KONFERENCIA KRV A POPOL, OSTRÝ GRÚŇ, 18.3.2025

<div class="wp-block-image">
<figure class="aligncenter size-full"><img loading="lazy" decoding="async" width="789" height="937" src="https://regiongron.sk/wp-content/uploads/2025/02/konferencia-krva-a-popol-ostry-grun-18.3.2025.jpg" alt="konferencia-krva-a-popol-ostry-grun-18.3.202" class="wp-image-23918" srcset="https://regiongron.sk/en/wp-content/uploads/2025/02/konferencia-krva-a-popol-ostry-grun-18.3.2025.jpg 789w, https://regiongron.sk/en/wp-content/uploads/2025/02/konferencia-krva-a-popol-ostry-grun-18.3.2025-505x600.jpg 505w, https://regiongron.sk/en/wp-content/uploads/2025/02/konferencia-krva-a-popol-ostry-grun-18.3.2025-768x912.jpg 768w" sizes="auto, (max-width: 789px) 100vw, 789px" /></figure>
</div>


<p>Pozývame vás na <strong>medzinárodnú konferenciu „Krv a popol“</strong>, ktorá sa uskutoční 18.3.2025 so začiatkom o 9:00 hod. v Kultúrnom dome v Ostrom Grúni. </p>


<div class="wp-block-image">
<figure class="aligncenter size-full"><img loading="lazy" decoding="async" width="663" height="936" src="https://regiongron.sk/wp-content/uploads/2025/02/konferencia-krva-a-popol-ostry-grun-program-18.3.2025.jpg" alt="konferencia-krva-a-popol-ostry-grun-program-18.3.2025" class="wp-image-23919" srcset="https://regiongron.sk/en/wp-content/uploads/2025/02/konferencia-krva-a-popol-ostry-grun-program-18.3.2025.jpg 663w, https://regiongron.sk/en/wp-content/uploads/2025/02/konferencia-krva-a-popol-ostry-grun-program-18.3.2025-425x600.jpg 425w" sizes="auto, (max-width: 663px) 100vw, 663px" /></figure>
</div>


<p>Medzinárodnú konferenciu „Krv a popol“ organizuje Slovenské protifašistické hnutie v spolupráci s nadáciou Fridrich Ebert Stiftung a obcami Ostrý Grúň a Kľak.</p>

<p>Pozývame vás na medzinárodnú konferenciu „Krv a popol“, ktorá sa uskutoční 18.3.2025 so začiatkom o 9:00 hod. v Kultúrnom dome v Ostrom Grúni.  Medzinárodnú konferenciu „Krv a popol“ organizuje Slovenské protifašistické hnutie v spolupráci s nadáciou Fridrich Ebert Stiftung a obcami Ostrý Grúň a Kľak.</p>

Gabriela Matlovičová

Pozývame vás na medzinárodnú konferenciu „Krv a popol“, ktorá sa uskutoční 18.3.2025 so začiatkom o 9:00 hod. v Kultúrnom dome v Ostrom Grúni.  Medzinárodnú konferenciu „Krv a popol“ organizuje Slovenské protifašistické hnutie v spolupráci s nadáciou Fridrich Ebert Stiftung a obcami Ostrý Grúň a Kľak.
