{"id":23969,"date":"2025-03-03T16:10:21","date_gmt":"2025-03-03T15:10:21","guid":{"rendered":"https:\/\/regiongron.sk\/?post_type=podujatia&#038;p=23969"},"modified":"2025-03-03T16:10:22","modified_gmt":"2025-03-03T15:10:22","slug":"rozpravkove-javisko-2025-prihlasovanie-reg-kolo-osveta-ziar-do-18-3-2025","status":"publish","type":"podujatia","link":"https:\/\/regiongron.sk\/en\/podujatia\/rozpravkove-javisko-2025-prihlasovanie-reg-kolo-osveta-ziar-do-18-3-2025\/","title":{"rendered":"ROZPR\u00c1VKOV\u00c9 JAVISKO 2025 - PRIHLASOVANIE REG.KOLO, OSVETA \u017dIAR, DO 18.3.2025"},"content":{"rendered":"<div class=\"wp-block-image\">\n<figure class=\"aligncenter size-full\"><img loading=\"lazy\" decoding=\"async\" width=\"810\" height=\"1141\" src=\"https:\/\/regiongron.sk\/wp-content\/uploads\/2025\/03\/rozpravkove-javisko-divadelna-sutaz-regionalne-kolo-hlinik-nad-hronom-24.-25.4.2025.jpg\" alt=\"rozpravkove-javisko-divadelna-sutaz-regionalne-kolo-nova-bana-18.3.2025\" class=\"wp-image-23946\" srcset=\"https:\/\/regiongron.sk\/en\/wp-content\/uploads\/2025\/03\/rozpravkove-javisko-divadelna-sutaz-regionalne-kolo-hlinik-nad-hronom-24.-25.4.2025.jpg 810w, https:\/\/regiongron.sk\/en\/wp-content\/uploads\/2025\/03\/rozpravkove-javisko-divadelna-sutaz-regionalne-kolo-hlinik-nad-hronom-24.-25.4.2025-426x600.jpg 426w, https:\/\/regiongron.sk\/en\/wp-content\/uploads\/2025\/03\/rozpravkove-javisko-divadelna-sutaz-regionalne-kolo-hlinik-nad-hronom-24.-25.4.2025-727x1024.jpg 727w, https:\/\/regiongron.sk\/en\/wp-content\/uploads\/2025\/03\/rozpravkove-javisko-divadelna-sutaz-regionalne-kolo-hlinik-nad-hronom-24.-25.4.2025-768x1082.jpg 768w\" sizes=\"auto, (max-width: 810px) 100vw, 810px\" \/><\/figure>\n<\/div>\n\n\n<p><strong>ROZPR\u00c1VKOV\u00c9 JAVISKO 2025 - PROPOZ\u00cdCIE A PRIHLASOVANIE<\/strong><\/p>\n\n\n\n<p>V\u0161etci mal\u00ed divadeln\u00edci uk\u00e1\u017ete sa na ROZPR\u00c1VKOVOM JAVISKU - region\u00e1lnej a krajskej s\u00fa\u0165a\u017enej prehliadke detskej dramatickej tvorivosti, ktor\u00e1 sa kon\u00e1 v r\u00e1mci 52. ro\u010dn\u00edka celo\u0161t\u00e1tnej postupovej s\u00fa\u0165a\u017ee a prehliadky detskej dramatickej tvorivosti <strong>ZLAT\u00c1 PRIADKA 2025<\/strong>.<\/p>\n\n\n\n<p><strong>Region\u00e1lne kolo<\/strong><br><strong>Term\u00edn:<\/strong> 18. 3. 2025<br><strong>Miesto: <\/strong>Kino Vatra Nov\u00e1 Ba\u0148a<\/p>\n\n\n\n<p><strong>Krajsk\u00e9 kolo<\/strong><br><strong>Term\u00edn:<\/strong> 24.\u201325. 4. 2025<br><strong>Miesto: <\/strong>Kult\u00farny dom Hlin\u00edk nad Hronom<\/p>\n\n\n\n<p><strong>PROPOZ\u00cdCIE<\/strong><\/p>\n\n\n\n<p><strong>Do region\u00e1lneho kola s\u00fa\u0165a\u017ee sa s\u00fabory prihlasuj\u00fa do 10.3.20255<\/strong> vyplnen\u00edm elektronick\u00e9ho formul\u00e1ra na str\u00e1nke N\u00e1rodn\u00e9ho osvetov\u00e9ho centra: <a href=\"https:\/\/www.nocka.sk\/chcemsaprihlasit\/prihlasenie\">https:\/\/www.nocka.sk\/chcemsaprihlasit\/prihlasenie<\/a><\/p>\n\n\n\n<p><strong>Do krajsk\u00e9ho kola s\u00fa\u0165a\u017ee sa prihlasuj\u00fa <\/strong>postupuj\u00face s\u00fabory z region\u00e1lneho kola <strong>do 11.4.2025 <\/strong>vyplnen\u00edm elektronick\u00e9ho formul\u00e1ra na str\u00e1nke N\u00e1rodn\u00e9ho osvetov\u00e9ho centra: <a href=\"https:\/\/www.nocka.sk\/chcemsaprihlasit\/prihlasenie\">https:\/\/www.nocka.sk\/chcemsaprihlasit\/prihlasenie<\/a><\/p>\n\n\n\n<p><strong>Viac inform\u00e1ci\u00ed:<\/strong> Mgr. Peter Albert, &#x64;&#105;&#x76;&#x61;d&#x6c;&#111;&#64;&#x6f;&#115;v&#x65;&#116;&#x61;&#x7a;i&#x61;&#114;&#46;&#x73;&#107;<\/p>\n\n\n\n<p><strong>Organiz\u00e1tor podujatia:<\/strong> Pohronsk\u00e9 osvetov\u00e9 stredisko, \u017diar nad Hronom \u2013 kult\u00farna in\u0161tit\u00facia Banskobystrick\u00e9ho samospr\u00e1vneho kraja<br><strong>Spoluorganiz\u00e1tor:<\/strong> mesto Nov\u00e1 Ba\u0148a, obec Hlin\u00edk nad Hronom<br><strong>Vyhlasovate\u013e: <\/strong>N\u00e1rodn\u00e9 osvetov\u00e9 centrum<\/p>\n","protected":false},"excerpt":{"rendered":"<p>ROZPR\u00c1VKOV\u00c9 JAVISKO 2025 - PROPOZ\u00cdCIE A PRIHLASOVANIE V\u0161etci mal\u00ed divadeln\u00edci uk\u00e1\u017ete sa na ROZPR\u00c1VKOVOM JAVISKU - region\u00e1lnej a krajskej s\u00fa\u0165a\u017enej prehliadke detskej dramatickej tvorivosti, ktor\u00e1 sa kon\u00e1 v r\u00e1mci 52. ro\u010dn\u00edka celo\u0161t\u00e1tnej postupovej s\u00fa\u0165a\u017ee a prehliadky detskej dramatickej tvorivosti ZLAT\u00c1 PRIADKA 2025. Region\u00e1lne koloTerm\u00edn: 18. 3. 2025Miesto: Kino Vatra Nov\u00e1 Ba\u0148a Krajsk\u00e9 koloTerm\u00edn: 24.\u201325. 4. [&hellip;]<\/p>\n","protected":false},"author":3,"featured_media":23951,"menu_order":9,"comment_status":"open","ping_status":"closed","template":"","format":"standard","categories":[46],"tags":[],"class_list":["post-23969","podujatia","type-podujatia","status-publish","format-standard","has-post-thumbnail","hentry","category-podujatia"],"acf":[],"uagb_featured_image_src":{"full":["https:\/\/regiongron.sk\/en\/wp-content\/uploads\/2025\/03\/titulka-rozpravkove-javisko-divadelna-sutaz-regionalne-kolo-nova-bana-18.3.2025.jpg",810,810,false],"thumbnail":["https:\/\/regiongron.sk\/en\/wp-content\/uploads\/2025\/03\/titulka-rozpravkove-javisko-divadelna-sutaz-regionalne-kolo-nova-bana-18.3.2025-400x400.jpg",400,400,true],"medium":["https:\/\/regiongron.sk\/en\/wp-content\/uploads\/2025\/03\/titulka-rozpravkove-javisko-divadelna-sutaz-regionalne-kolo-nova-bana-18.3.2025-600x600.jpg",600,600,true],"medium_large":["https:\/\/regiongron.sk\/en\/wp-content\/uploads\/2025\/03\/titulka-rozpravkove-javisko-divadelna-sutaz-regionalne-kolo-nova-bana-18.3.2025-768x768.jpg",768,768,true],"large":["https:\/\/regiongron.sk\/en\/wp-content\/uploads\/2025\/03\/titulka-rozpravkove-javisko-divadelna-sutaz-regionalne-kolo-nova-bana-18.3.2025.jpg",810,810,false],"1536x1536":["https:\/\/regiongron.sk\/en\/wp-content\/uploads\/2025\/03\/titulka-rozpravkove-javisko-divadelna-sutaz-regionalne-kolo-nova-bana-18.3.2025.jpg",810,810,false],"2048x2048":["https:\/\/regiongron.sk\/en\/wp-content\/uploads\/2025\/03\/titulka-rozpravkove-javisko-divadelna-sutaz-regionalne-kolo-nova-bana-18.3.2025.jpg",810,810,false]},"uagb_author_info":{"display_name":"Gabriela Matlovi\u010dov\u00e1","author_link":"https:\/\/regiongron.sk\/en\/author\/gabriela\/"},"uagb_comment_info":0,"uagb_excerpt":"ROZPR\u00c1VKOV\u00c9 JAVISKO 2025 - PROPOZ\u00cdCIE A PRIHLASOVANIE V\u0161etci mal\u00ed divadeln\u00edci uk\u00e1\u017ete sa na ROZPR\u00c1VKOVOM JAVISKU - region\u00e1lnej a krajskej s\u00fa\u0165a\u017enej prehliadke detskej dramatickej tvorivosti, ktor\u00e1 sa kon\u00e1 v r\u00e1mci 52. ro\u010dn\u00edka celo\u0161t\u00e1tnej postupovej s\u00fa\u0165a\u017ee a prehliadky detskej dramatickej tvorivosti ZLAT\u00c1 PRIADKA 2025. Region\u00e1lne koloTerm\u00edn: 18. 3. 2025Miesto: Kino Vatra Nov\u00e1 Ba\u0148a Krajsk\u00e9 koloTerm\u00edn: 24.\u201325. 4.&hellip;","_links":{"self":[{"href":"https:\/\/regiongron.sk\/en\/wp-json\/wp\/v2\/podujatia\/23969","targetHints":{"allow":["GET"]}}],"collection":[{"href":"https:\/\/regiongron.sk\/en\/wp-json\/wp\/v2\/podujatia"}],"about":[{"href":"https:\/\/regiongron.sk\/en\/wp-json\/wp\/v2\/types\/podujatia"}],"author":[{"embeddable":true,"href":"https:\/\/regiongron.sk\/en\/wp-json\/wp\/v2\/users\/3"}],"replies":[{"embeddable":true,"href":"https:\/\/regiongron.sk\/en\/wp-json\/wp\/v2\/comments?post=23969"}],"version-history":[{"count":1,"href":"https:\/\/regiongron.sk\/en\/wp-json\/wp\/v2\/podujatia\/23969\/revisions"}],"predecessor-version":[{"id":23970,"href":"https:\/\/regiongron.sk\/en\/wp-json\/wp\/v2\/podujatia\/23969\/revisions\/23970"}],"wp:featuredmedia":[{"embeddable":true,"href":"https:\/\/regiongron.sk\/en\/wp-json\/wp\/v2\/media\/23951"}],"wp:attachment":[{"href":"https:\/\/regiongron.sk\/en\/wp-json\/wp\/v2\/media?parent=23969"}],"wp:term":[{"taxonomy":"category","embeddable":true,"href":"https:\/\/regiongron.sk\/en\/wp-json\/wp\/v2\/categories?post=23969"},{"taxonomy":"post_tag","embeddable":true,"href":"https:\/\/regiongron.sk\/en\/wp-json\/wp\/v2\/tags?post=23969"}],"curies":[{"name":"wp","href":"https:\/\/api.w.org\/{rel}","templated":true}]}}

ROZPRÁVKOVÉ JAVISKO 2025 - PRIHLASOVANIE REG.KOLO, OSVETA ŽIAR, DO 18.3.2025

<div class="wp-block-image">
<figure class="aligncenter size-full"><img loading="lazy" decoding="async" width="810" height="1141" src="https://regiongron.sk/wp-content/uploads/2025/03/rozpravkove-javisko-divadelna-sutaz-regionalne-kolo-hlinik-nad-hronom-24.-25.4.2025.jpg" alt="rozpravkove-javisko-divadelna-sutaz-regionalne-kolo-nova-bana-18.3.2025" class="wp-image-23946" srcset="https://regiongron.sk/en/wp-content/uploads/2025/03/rozpravkove-javisko-divadelna-sutaz-regionalne-kolo-hlinik-nad-hronom-24.-25.4.2025.jpg 810w, https://regiongron.sk/en/wp-content/uploads/2025/03/rozpravkove-javisko-divadelna-sutaz-regionalne-kolo-hlinik-nad-hronom-24.-25.4.2025-426x600.jpg 426w, https://regiongron.sk/en/wp-content/uploads/2025/03/rozpravkove-javisko-divadelna-sutaz-regionalne-kolo-hlinik-nad-hronom-24.-25.4.2025-727x1024.jpg 727w, https://regiongron.sk/en/wp-content/uploads/2025/03/rozpravkove-javisko-divadelna-sutaz-regionalne-kolo-hlinik-nad-hronom-24.-25.4.2025-768x1082.jpg 768w" sizes="auto, (max-width: 810px) 100vw, 810px" /></figure>
</div>


<p><strong>ROZPRÁVKOVÉ JAVISKO 2025 - PROPOZÍCIE A PRIHLASOVANIE</strong></p>



<p>Všetci malí divadelníci ukážte sa na ROZPRÁVKOVOM JAVISKU - regionálnej a krajskej súťažnej prehliadke detskej dramatickej tvorivosti, ktorá sa koná v rámci 52. ročníka celoštátnej postupovej súťaže a prehliadky detskej dramatickej tvorivosti <strong>ZLATÁ PRIADKA 2025</strong>.</p>



<p><strong>Regionálne kolo</strong><br><strong>Termín:</strong> 18. 3. 2025<br><strong>Miesto: </strong>Kino Vatra Nová Baňa</p>



<p><strong>Krajské kolo</strong><br><strong>Termín:</strong> 24.–25. 4. 2025<br><strong>Miesto: </strong>Kultúrny dom Hliník nad Hronom</p>



<p><strong>PROPOZÍCIE</strong></p>



<p><strong>Do regionálneho kola súťaže sa súbory prihlasujú do 10.3.20255</strong> vyplnením elektronického formulára na stránke Národného osvetového centra: <a href="https://www.nocka.sk/chcemsaprihlasit/prihlasenie">https://www.nocka.sk/chcemsaprihlasit/prihlasenie</a></p>



<p><strong>Do krajského kola súťaže sa prihlasujú </strong>postupujúce súbory z regionálneho kola <strong>do 11.4.2025 </strong>vyplnením elektronického formulára na stránke Národného osvetového centra: <a href="https://www.nocka.sk/chcemsaprihlasit/prihlasenie">https://www.nocka.sk/chcemsaprihlasit/prihlasenie</a></p>



<p><strong>Viac informácií:</strong> Mgr. Peter Albert, &#x64;&#105;&#x76;&#x61;d&#x6c;&#111;&#64;&#x6f;&#115;v&#x65;&#116;&#x61;&#x7a;i&#x61;&#114;&#46;&#x73;&#107;</p>



<p><strong>Organizátor podujatia:</strong> Pohronské osvetové stredisko, Žiar nad Hronom – kultúrna inštitúcia Banskobystrického samosprávneho kraja<br><strong>Spoluorganizátor:</strong> mesto Nová Baňa, obec Hliník nad Hronom<br><strong>Vyhlasovateľ: </strong>Národné osvetové centrum</p>

<p>ROZPRÁVKOVÉ JAVISKO 2025 - PROPOZÍCIE A PRIHLASOVANIE Všetci malí divadelníci ukážte sa na ROZPRÁVKOVOM JAVISKU - regionálnej a krajskej súťažnej prehliadke detskej dramatickej tvorivosti, ktorá sa koná v rámci 52. ročníka celoštátnej postupovej súťaže a prehliadky detskej dramatickej tvorivosti ZLATÁ PRIADKA 2025. Regionálne koloTermín: 18. 3. 2025Miesto: Kino Vatra Nová Baňa Krajské koloTermín: 24.–25. 4. [&hellip;]</p>

Gabriela Matlovičová

ROZPRÁVKOVÉ JAVISKO 2025 - PROPOZÍCIE A PRIHLASOVANIE Všetci malí divadelníci ukážte sa na ROZPRÁVKOVOM JAVISKU - regionálnej a krajskej súťažnej prehliadke detskej dramatickej tvorivosti, ktorá sa koná v rámci 52. ročníka celoštátnej postupovej súťaže a prehliadky detskej dramatickej tvorivosti ZLATÁ PRIADKA 2025. Regionálne koloTermín: 18. 3. 2025Miesto: Kino Vatra Nová Baňa Krajské koloTermín: 24.–25. 4.&hellip;
