{"id":23999,"date":"2025-03-04T12:25:48","date_gmt":"2025-03-04T11:25:48","guid":{"rendered":"https:\/\/regiongron.sk\/?post_type=podujatia&#038;p=23999"},"modified":"2025-03-04T12:25:49","modified_gmt":"2025-03-04T11:25:49","slug":"marec-v-kupeloch-sklene-teplice","status":"publish","type":"podujatia","link":"https:\/\/regiongron.sk\/en\/podujatia\/marec-v-kupeloch-sklene-teplice\/","title":{"rendered":"MAREC V K\u00daPE\u013dOCH SKLEN\u00c9 TEPLICE"},"content":{"rendered":"<div class=\"wp-block-image\">\n<figure class=\"aligncenter size-large\"><img loading=\"lazy\" decoding=\"async\" width=\"819\" height=\"1024\" src=\"https:\/\/regiongron.sk\/wp-content\/uploads\/2025\/03\/marec-v-kupeloch-sklene-teplice-819x1024.jpg\" alt=\"marec-v-kupeloch-sklene-teplice\" class=\"wp-image-23980\" srcset=\"https:\/\/regiongron.sk\/en\/wp-content\/uploads\/2025\/03\/marec-v-kupeloch-sklene-teplice-819x1024.jpg 819w, https:\/\/regiongron.sk\/en\/wp-content\/uploads\/2025\/03\/marec-v-kupeloch-sklene-teplice-480x600.jpg 480w, https:\/\/regiongron.sk\/en\/wp-content\/uploads\/2025\/03\/marec-v-kupeloch-sklene-teplice-768x960.jpg 768w, https:\/\/regiongron.sk\/en\/wp-content\/uploads\/2025\/03\/marec-v-kupeloch-sklene-teplice-1229x1536.jpg 1229w, https:\/\/regiongron.sk\/en\/wp-content\/uploads\/2025\/03\/marec-v-kupeloch-sklene-teplice.jpg 1294w\" sizes=\"auto, (max-width: 819px) 100vw, 819px\" \/><\/figure>\n<\/div>","protected":false},"excerpt":{"rendered":"","protected":false},"author":3,"featured_media":23990,"menu_order":11,"comment_status":"open","ping_status":"closed","template":"","format":"standard","categories":[46],"tags":[],"class_list":["post-23999","podujatia","type-podujatia","status-publish","format-standard","has-post-thumbnail","hentry","category-podujatia"],"acf":[],"uagb_featured_image_src":{"full":["https:\/\/regiongron.sk\/en\/wp-content\/uploads\/2025\/03\/titulka-marec-v-kupeloch-sklene-teplice.jpg",1294,1294,false],"thumbnail":["https:\/\/regiongron.sk\/en\/wp-content\/uploads\/2025\/03\/titulka-marec-v-kupeloch-sklene-teplice-400x400.jpg",400,400,true],"medium":["https:\/\/regiongron.sk\/en\/wp-content\/uploads\/2025\/03\/titulka-marec-v-kupeloch-sklene-teplice-600x600.jpg",600,600,true],"medium_large":["https:\/\/regiongron.sk\/en\/wp-content\/uploads\/2025\/03\/titulka-marec-v-kupeloch-sklene-teplice-768x768.jpg",768,768,true],"large":["https:\/\/regiongron.sk\/en\/wp-content\/uploads\/2025\/03\/titulka-marec-v-kupeloch-sklene-teplice-1024x1024.jpg",1024,1024,true],"1536x1536":["https:\/\/regiongron.sk\/en\/wp-content\/uploads\/2025\/03\/titulka-marec-v-kupeloch-sklene-teplice.jpg",1294,1294,false],"2048x2048":["https:\/\/regiongron.sk\/en\/wp-content\/uploads\/2025\/03\/titulka-marec-v-kupeloch-sklene-teplice.jpg",1294,1294,false]},"uagb_author_info":{"display_name":"Gabriela Matlovi\u010dov\u00e1","author_link":"https:\/\/regiongron.sk\/en\/author\/gabriela\/"},"uagb_comment_info":0,"uagb_excerpt":null,"_links":{"self":[{"href":"https:\/\/regiongron.sk\/en\/wp-json\/wp\/v2\/podujatia\/23999","targetHints":{"allow":["GET"]}}],"collection":[{"href":"https:\/\/regiongron.sk\/en\/wp-json\/wp\/v2\/podujatia"}],"about":[{"href":"https:\/\/regiongron.sk\/en\/wp-json\/wp\/v2\/types\/podujatia"}],"author":[{"embeddable":true,"href":"https:\/\/regiongron.sk\/en\/wp-json\/wp\/v2\/users\/3"}],"replies":[{"embeddable":true,"href":"https:\/\/regiongron.sk\/en\/wp-json\/wp\/v2\/comments?post=23999"}],"version-history":[{"count":1,"href":"https:\/\/regiongron.sk\/en\/wp-json\/wp\/v2\/podujatia\/23999\/revisions"}],"predecessor-version":[{"id":24000,"href":"https:\/\/regiongron.sk\/en\/wp-json\/wp\/v2\/podujatia\/23999\/revisions\/24000"}],"wp:featuredmedia":[{"embeddable":true,"href":"https:\/\/regiongron.sk\/en\/wp-json\/wp\/v2\/media\/23990"}],"wp:attachment":[{"href":"https:\/\/regiongron.sk\/en\/wp-json\/wp\/v2\/media?parent=23999"}],"wp:term":[{"taxonomy":"category","embeddable":true,"href":"https:\/\/regiongron.sk\/en\/wp-json\/wp\/v2\/categories?post=23999"},{"taxonomy":"post_tag","embeddable":true,"href":"https:\/\/regiongron.sk\/en\/wp-json\/wp\/v2\/tags?post=23999"}],"curies":[{"name":"wp","href":"https:\/\/api.w.org\/{rel}","templated":true}]}}

MAREC V KÚPEĽOCH SKLENÉ TEPLICE

Gabriela Matlovičová
