{"id":21545,"date":"2024-04-04T15:40:02","date_gmt":"2024-04-04T13:40:02","guid":{"rendered":"https:\/\/regiongron.sk\/?post_type=novinky&#038;p=21545"},"modified":"2024-11-14T14:40:48","modified_gmt":"2024-11-14T13:40:48","slug":"region-gron-na-veltrhu-dovolena-2024-v-ostrave","status":"publish","type":"novinky","link":"https:\/\/regiongron.sk\/hu\/novinky\/region-gron-na-veltrhu-dovolena-2024-v-ostrave\/","title":{"rendered":"REGI\u00d3N GRON NA VE\u013dTRHU DOVOLEN\u00c1 2024 V OSTRAVE"},"content":{"rendered":"<div class=\"wp-block-image\">\n<figure class=\"aligncenter size-large\"><img loading=\"lazy\" decoding=\"async\" width=\"1024\" height=\"576\" src=\"https:\/\/regiongron.sk\/wp-content\/uploads\/2024\/04\/Dovolena-2024-Ostrava-plagat-1024x576.jpg\" alt=\"\" class=\"wp-image-21546\" srcset=\"https:\/\/regiongron.sk\/hu\/wp-content\/uploads\/2024\/04\/Dovolena-2024-Ostrava-plagat-1024x576.jpg 1024w, https:\/\/regiongron.sk\/hu\/wp-content\/uploads\/2024\/04\/Dovolena-2024-Ostrava-plagat-600x338.jpg 600w, https:\/\/regiongron.sk\/hu\/wp-content\/uploads\/2024\/04\/Dovolena-2024-Ostrava-plagat-768x432.jpg 768w, https:\/\/regiongron.sk\/hu\/wp-content\/uploads\/2024\/04\/Dovolena-2024-Ostrava-plagat-1536x864.jpg 1536w, https:\/\/regiongron.sk\/hu\/wp-content\/uploads\/2024\/04\/Dovolena-2024-Ostrava-plagat.jpg 1920w\" sizes=\"auto, (max-width: 1024px) 100vw, 1024px\" \/><\/figure>\n<\/div>\n\n\n<p>V marci sme sa ako Oblastn\u00e1 organiz\u00e1cia cestovn\u00e9ho ruchu Regi\u00f3n GRON z\u00fa\u010dastnili ve\u013etrhu DOVOLEN\u00c1 2024, ktor\u00fd sa konal v Ostrave na V\u00fdstavisku \u010cern\u00e1 louka.<\/p>\n\n\n\n<p>Pre n\u00e1v\u0161tevn\u00edkov sme pripravili r\u00f4zne informa\u010dn\u00e9 materi\u00e1ly, okrem bro\u017e\u00fary a m\u00e1p aj nov\u00e9 let\u00e1ky o n\u00e1u\u010dn\u00fdch chodn\u00edkov v Novej Bani \u010di mo\u017enostiach splavovania a kempovania.<\/p>\n\n\n\n<p>Ve\u013emi n\u00e1s tie\u017e pote\u0161il z\u00e1ujem n\u00e1v\u0161tevn\u00edkov o kv\u00edz o na\u0161om regi\u00f3ne, v r\u00e1mci ktor\u00e9ho mohli z\u00edska\u0165 nejak\u00fa drobn\u00fa cenu, a z\u00e1rove\u0148 aj mnoho inform\u00e1ci\u00ed, \u010do v na\u0161om regi\u00f3ne nav\u0161t\u00edvi\u0165.<\/p>\n\n\n\n<figure class=\"wp-block-gallery has-nested-images columns-default is-cropped wp-block-gallery-1 is-layout-flex wp-block-gallery-is-layout-flex\">\n<figure class=\"wp-block-image size-large\"><img loading=\"lazy\" decoding=\"async\" width=\"768\" height=\"1024\" data-id=\"21552\" src=\"https:\/\/regiongron.sk\/wp-content\/uploads\/2024\/04\/IMG20240301102909-768x1024.jpg\" alt=\"\" class=\"wp-image-21552\" srcset=\"https:\/\/regiongron.sk\/hu\/wp-content\/uploads\/2024\/04\/IMG20240301102909-768x1024.jpg 768w, https:\/\/regiongron.sk\/hu\/wp-content\/uploads\/2024\/04\/IMG20240301102909-450x600.jpg 450w, https:\/\/regiongron.sk\/hu\/wp-content\/uploads\/2024\/04\/IMG20240301102909-1152x1536.jpg 1152w, https:\/\/regiongron.sk\/hu\/wp-content\/uploads\/2024\/04\/IMG20240301102909-1536x2048.jpg 1536w, https:\/\/regiongron.sk\/hu\/wp-content\/uploads\/2024\/04\/IMG20240301102909-scaled.jpg 1920w\" sizes=\"auto, (max-width: 768px) 100vw, 768px\" \/><\/figure>\n\n\n\n<figure class=\"wp-block-image size-large\"><img loading=\"lazy\" decoding=\"async\" width=\"772\" height=\"1024\" data-id=\"21550\" src=\"https:\/\/regiongron.sk\/wp-content\/uploads\/2024\/04\/IMG20240302103617-772x1024.jpg\" alt=\"\" class=\"wp-image-21550\" srcset=\"https:\/\/regiongron.sk\/hu\/wp-content\/uploads\/2024\/04\/IMG20240302103617-772x1024.jpg 772w, https:\/\/regiongron.sk\/hu\/wp-content\/uploads\/2024\/04\/IMG20240302103617-452x600.jpg 452w, https:\/\/regiongron.sk\/hu\/wp-content\/uploads\/2024\/04\/IMG20240302103617-768x1019.jpg 768w, https:\/\/regiongron.sk\/hu\/wp-content\/uploads\/2024\/04\/IMG20240302103617-1158x1536.jpg 1158w, https:\/\/regiongron.sk\/hu\/wp-content\/uploads\/2024\/04\/IMG20240302103617-1544x2048.jpg 1544w, https:\/\/regiongron.sk\/hu\/wp-content\/uploads\/2024\/04\/IMG20240302103617-scaled.jpg 1929w\" sizes=\"auto, (max-width: 772px) 100vw, 772px\" \/><\/figure>\n\n\n\n<figure class=\"wp-block-image size-large\"><img loading=\"lazy\" decoding=\"async\" width=\"768\" height=\"1024\" data-id=\"21551\" src=\"https:\/\/regiongron.sk\/wp-content\/uploads\/2024\/04\/IMG20240302153850-768x1024.jpg\" alt=\"\" class=\"wp-image-21551\" srcset=\"https:\/\/regiongron.sk\/hu\/wp-content\/uploads\/2024\/04\/IMG20240302153850-768x1024.jpg 768w, https:\/\/regiongron.sk\/hu\/wp-content\/uploads\/2024\/04\/IMG20240302153850-450x600.jpg 450w, https:\/\/regiongron.sk\/hu\/wp-content\/uploads\/2024\/04\/IMG20240302153850-1152x1536.jpg 1152w, https:\/\/regiongron.sk\/hu\/wp-content\/uploads\/2024\/04\/IMG20240302153850-1536x2048.jpg 1536w, https:\/\/regiongron.sk\/hu\/wp-content\/uploads\/2024\/04\/IMG20240302153850-scaled.jpg 1920w\" sizes=\"auto, (max-width: 768px) 100vw, 768px\" \/><\/figure>\n<\/figure>\n\n\n\n<p>Tento rok sme so sebou do Ostravy zobrali i <a href=\"https:\/\/www.facebook.com\/planetariumzh?__cft__[0]=AZUcM0JgKTz2eavS3TDkJXNIFepyzbNPaIMiBP3O7uROkmnypOLA60cAsoktz2B_pzNu9GTKZ2C3KG2JbbYI_27lNU3w_mXLT8FADvUlpriaftWoeCIvzRSkTlixcqOLYupwFCASj6FaKPr848CXw5F-a3fnCnpWtexZOFxVYphMmTyGslQliWkPTFR9I0pjVyc&amp;__tn__=-]K-R\">Krajsk\u00fa hvezd\u00e1re\u0148 a planet\u00e1rium Maximili\u00e1na Hella v \u017diari nad Hronom<\/a>. Na\u0161a expoz\u00edcia bola v\u010faka ich modelu Zeme - Terral\u00f3nu doslova neprehliadnute\u013en\u00e1, a h\u00e1dam ka\u017ed\u00fd, kto i\u0161iel okolo, sa pri \u0148om odfotil.<\/p>\n\n\n\n<p>Mnoh\u00ed n\u00e1v\u0161tevn\u00edci v\u0161ak vyu\u017eili aj mo\u017enos\u0165 polo\u017ei\u0165 \"hvezd\u00e1rom\" r\u00f4zne ot\u00e1zky o vesm\u00edre a detsk\u00ed n\u00e1v\u0161tevn\u00edci sa zase s rados\u0165ou zap\u00e1jali do hry so zvieratkami a s\u00fahvezdiami.<\/p>\n\n\n\n<figure class=\"wp-block-gallery has-nested-images columns-default is-cropped wp-block-gallery-2 is-layout-flex wp-block-gallery-is-layout-flex\">\n<figure class=\"wp-block-image size-large\"><img loading=\"lazy\" decoding=\"async\" width=\"768\" height=\"1024\" data-id=\"21549\" src=\"https:\/\/regiongron.sk\/wp-content\/uploads\/2024\/04\/IMG20240301102719-768x1024.jpg\" alt=\"\" class=\"wp-image-21549\" srcset=\"https:\/\/regiongron.sk\/hu\/wp-content\/uploads\/2024\/04\/IMG20240301102719-768x1024.jpg 768w, https:\/\/regiongron.sk\/hu\/wp-content\/uploads\/2024\/04\/IMG20240301102719-450x600.jpg 450w, https:\/\/regiongron.sk\/hu\/wp-content\/uploads\/2024\/04\/IMG20240301102719-1152x1536.jpg 1152w, https:\/\/regiongron.sk\/hu\/wp-content\/uploads\/2024\/04\/IMG20240301102719-1536x2048.jpg 1536w, https:\/\/regiongron.sk\/hu\/wp-content\/uploads\/2024\/04\/IMG20240301102719-scaled.jpg 1920w\" sizes=\"auto, (max-width: 768px) 100vw, 768px\" \/><\/figure>\n\n\n\n<figure class=\"wp-block-image size-large\"><img loading=\"lazy\" decoding=\"async\" width=\"768\" height=\"1024\" data-id=\"21548\" src=\"https:\/\/regiongron.sk\/wp-content\/uploads\/2024\/04\/IMG20240302113739-768x1024.jpg\" alt=\"dovolena 2024 planetarium\" class=\"wp-image-21548\" srcset=\"https:\/\/regiongron.sk\/hu\/wp-content\/uploads\/2024\/04\/IMG20240302113739-768x1024.jpg 768w, https:\/\/regiongron.sk\/hu\/wp-content\/uploads\/2024\/04\/IMG20240302113739-450x600.jpg 450w, https:\/\/regiongron.sk\/hu\/wp-content\/uploads\/2024\/04\/IMG20240302113739-1152x1536.jpg 1152w, https:\/\/regiongron.sk\/hu\/wp-content\/uploads\/2024\/04\/IMG20240302113739-1536x2048.jpg 1536w, https:\/\/regiongron.sk\/hu\/wp-content\/uploads\/2024\/04\/IMG20240302113739-scaled.jpg 1920w\" sizes=\"auto, (max-width: 768px) 100vw, 768px\" \/><\/figure>\n<\/figure>\n\n\n\n<p>Po\u010das dvoch dn\u00ed tento ve\u013etrh nav\u0161t\u00edvili tis\u00edcky n\u00e1v\u0161tevn\u00edkov a mnoh\u00ed z nich, mo\u017eno aj stovky, sa zastavili aj v na\u0161om st\u00e1nku. Ver\u00edme, \u017ee na\u0161a \u00fa\u010das\u0165 na ve\u013etrhu prinesie nov\u00fdch turistov do n\u00e1\u0161ho regi\u00f3nu. <\/p>\n\n\n\n<p class=\"has-text-align-center\">\u00da\u010das\u0165 na podujat\u00ed bola realizovan\u00e1 s finan\u010dnou podporou <a href=\"https:\/\/www.facebook.com\/mincrs.sk?__cft__[0]=AZUcM0JgKTz2eavS3TDkJXNIFepyzbNPaIMiBP3O7uROkmnypOLA60cAsoktz2B_pzNu9GTKZ2C3KG2JbbYI_27lNU3w_mXLT8FADvUlpriaftWoeCIvzRSkTlixcqOLYupwFCASj6FaKPr848CXw5F-a3fnCnpWtexZOFxVYphMmTyGslQliWkPTFR9I0pjVyc&amp;__tn__=-]K-R\">Ministerstvo cestovn\u00e9ho ruchu a \u0161portu SR<\/a>. <img loading=\"lazy\" decoding=\"async\" width=\"300\" height=\"120\" class=\"wp-image-21428\" style=\"width: 300px;\" src=\"https:\/\/regiongron.sk\/wp-content\/uploads\/2024\/03\/Ministerstvo_cestovneho-ruchu-a-sportu_SR_SK_Farebne-4.png\" alt=\"Ministerstvo_cestovneho-ruchu-a-sportu_SR_logo\" srcset=\"https:\/\/regiongron.sk\/hu\/wp-content\/uploads\/2024\/03\/Ministerstvo_cestovneho-ruchu-a-sportu_SR_SK_Farebne-4.png 2953w, https:\/\/regiongron.sk\/hu\/wp-content\/uploads\/2024\/03\/Ministerstvo_cestovneho-ruchu-a-sportu_SR_SK_Farebne-4-600x240.png 600w, https:\/\/regiongron.sk\/hu\/wp-content\/uploads\/2024\/03\/Ministerstvo_cestovneho-ruchu-a-sportu_SR_SK_Farebne-4-1024x410.png 1024w, https:\/\/regiongron.sk\/hu\/wp-content\/uploads\/2024\/03\/Ministerstvo_cestovneho-ruchu-a-sportu_SR_SK_Farebne-4-768x307.png 768w, https:\/\/regiongron.sk\/hu\/wp-content\/uploads\/2024\/03\/Ministerstvo_cestovneho-ruchu-a-sportu_SR_SK_Farebne-4-1536x615.png 1536w, https:\/\/regiongron.sk\/hu\/wp-content\/uploads\/2024\/03\/Ministerstvo_cestovneho-ruchu-a-sportu_SR_SK_Farebne-4-2048x820.png 2048w\" sizes=\"auto, (max-width: 300px) 100vw, 300px\" \/><\/p>\n","protected":false},"featured_media":23035,"template":"","categories":[2],"class_list":["post-21545","novinky","type-novinky","status-publish","has-post-thumbnail","hentry","category-novinky"],"acf":[],"uagb_featured_image_src":{"full":["https:\/\/regiongron.sk\/hu\/wp-content\/uploads\/2024\/04\/ostrava-dovolena-2024-plagat-stvorec.jpg",1080,1080,false],"thumbnail":["https:\/\/regiongron.sk\/hu\/wp-content\/uploads\/2024\/04\/ostrava-dovolena-2024-plagat-stvorec-400x400.jpg",400,400,true],"medium":["https:\/\/regiongron.sk\/hu\/wp-content\/uploads\/2024\/04\/ostrava-dovolena-2024-plagat-stvorec-600x600.jpg",600,600,true],"medium_large":["https:\/\/regiongron.sk\/hu\/wp-content\/uploads\/2024\/04\/ostrava-dovolena-2024-plagat-stvorec-768x768.jpg",768,768,true],"large":["https:\/\/regiongron.sk\/hu\/wp-content\/uploads\/2024\/04\/ostrava-dovolena-2024-plagat-stvorec-1024x1024.jpg",1024,1024,true],"1536x1536":["https:\/\/regiongron.sk\/hu\/wp-content\/uploads\/2024\/04\/ostrava-dovolena-2024-plagat-stvorec.jpg",1080,1080,false],"2048x2048":["https:\/\/regiongron.sk\/hu\/wp-content\/uploads\/2024\/04\/ostrava-dovolena-2024-plagat-stvorec.jpg",1080,1080,false]},"uagb_author_info":{"display_name":"Gabriela Matlovi\u010dov\u00e1","author_link":"https:\/\/regiongron.sk\/hu\/author\/"},"uagb_comment_info":0,"uagb_excerpt":"V marci sme sa ako Oblastn\u00e1 organiz\u00e1cia cestovn\u00e9ho ruchu Regi\u00f3n GRON z\u00fa\u010dastnili ve\u013etrhu DOVOLEN\u00c1 2024, ktor\u00fd sa konal v Ostrave na V\u00fdstavisku \u010cern\u00e1 louka. Pre n\u00e1v\u0161tevn\u00edkov sme pripravili r\u00f4zne informa\u010dn\u00e9 materi\u00e1ly, okrem bro\u017e\u00fary a m\u00e1p aj nov\u00e9 let\u00e1ky o n\u00e1u\u010dn\u00fdch chodn\u00edkov v Novej Bani \u010di mo\u017enostiach splavovania a kempovania. Ve\u013emi n\u00e1s tie\u017e pote\u0161il z\u00e1ujem n\u00e1v\u0161tevn\u00edkov&hellip;","_links":{"self":[{"href":"https:\/\/regiongron.sk\/hu\/wp-json\/wp\/v2\/novinky\/21545","targetHints":{"allow":["GET"]}}],"collection":[{"href":"https:\/\/regiongron.sk\/hu\/wp-json\/wp\/v2\/novinky"}],"about":[{"href":"https:\/\/regiongron.sk\/hu\/wp-json\/wp\/v2\/types\/novinky"}],"wp:featuredmedia":[{"embeddable":true,"href":"https:\/\/regiongron.sk\/hu\/wp-json\/wp\/v2\/media\/23035"}],"wp:attachment":[{"href":"https:\/\/regiongron.sk\/hu\/wp-json\/wp\/v2\/media?parent=21545"}],"wp:term":[{"taxonomy":"category","embeddable":true,"href":"https:\/\/regiongron.sk\/hu\/wp-json\/wp\/v2\/categories?post=21545"}],"curies":[{"name":"wp","href":"https:\/\/api.w.org\/{rel}","templated":true}]}}

REGIÓN GRON NA VEĽTRHU DOVOLENÁ 2024 V OSTRAVE

<div class="wp-block-image">
<figure class="aligncenter size-large"><img loading="lazy" decoding="async" width="1024" height="576" src="https://regiongron.sk/wp-content/uploads/2024/04/Dovolena-2024-Ostrava-plagat-1024x576.jpg" alt="" class="wp-image-21546" srcset="https://regiongron.sk/hu/wp-content/uploads/2024/04/Dovolena-2024-Ostrava-plagat-1024x576.jpg 1024w, https://regiongron.sk/hu/wp-content/uploads/2024/04/Dovolena-2024-Ostrava-plagat-600x338.jpg 600w, https://regiongron.sk/hu/wp-content/uploads/2024/04/Dovolena-2024-Ostrava-plagat-768x432.jpg 768w, https://regiongron.sk/hu/wp-content/uploads/2024/04/Dovolena-2024-Ostrava-plagat-1536x864.jpg 1536w, https://regiongron.sk/hu/wp-content/uploads/2024/04/Dovolena-2024-Ostrava-plagat.jpg 1920w" sizes="auto, (max-width: 1024px) 100vw, 1024px" /></figure>
</div>


<p>V marci sme sa ako Oblastná organizácia cestovného ruchu Región GRON zúčastnili veľtrhu DOVOLENÁ 2024, ktorý sa konal v Ostrave na Výstavisku Černá louka.</p>



<p>Pre návštevníkov sme pripravili rôzne informačné materiály, okrem brožúry a máp aj nové letáky o náučných chodníkov v Novej Bani či možnostiach splavovania a kempovania.</p>



<p>Veľmi nás tiež potešil záujem návštevníkov o kvíz o našom regióne, v rámci ktorého mohli získať nejakú drobnú cenu, a zároveň aj mnoho informácií, čo v našom regióne navštíviť.</p>



<figure class="wp-block-gallery has-nested-images columns-default is-cropped wp-block-gallery-1 is-layout-flex wp-block-gallery-is-layout-flex">
<figure class="wp-block-image size-large"><img loading="lazy" decoding="async" width="768" height="1024" data-id="21552" src="https://regiongron.sk/wp-content/uploads/2024/04/IMG20240301102909-768x1024.jpg" alt="" class="wp-image-21552" srcset="https://regiongron.sk/hu/wp-content/uploads/2024/04/IMG20240301102909-768x1024.jpg 768w, https://regiongron.sk/hu/wp-content/uploads/2024/04/IMG20240301102909-450x600.jpg 450w, https://regiongron.sk/hu/wp-content/uploads/2024/04/IMG20240301102909-1152x1536.jpg 1152w, https://regiongron.sk/hu/wp-content/uploads/2024/04/IMG20240301102909-1536x2048.jpg 1536w, https://regiongron.sk/hu/wp-content/uploads/2024/04/IMG20240301102909-scaled.jpg 1920w" sizes="auto, (max-width: 768px) 100vw, 768px" /></figure>



<figure class="wp-block-image size-large"><img loading="lazy" decoding="async" width="772" height="1024" data-id="21550" src="https://regiongron.sk/wp-content/uploads/2024/04/IMG20240302103617-772x1024.jpg" alt="" class="wp-image-21550" srcset="https://regiongron.sk/hu/wp-content/uploads/2024/04/IMG20240302103617-772x1024.jpg 772w, https://regiongron.sk/hu/wp-content/uploads/2024/04/IMG20240302103617-452x600.jpg 452w, https://regiongron.sk/hu/wp-content/uploads/2024/04/IMG20240302103617-768x1019.jpg 768w, https://regiongron.sk/hu/wp-content/uploads/2024/04/IMG20240302103617-1158x1536.jpg 1158w, https://regiongron.sk/hu/wp-content/uploads/2024/04/IMG20240302103617-1544x2048.jpg 1544w, https://regiongron.sk/hu/wp-content/uploads/2024/04/IMG20240302103617-scaled.jpg 1929w" sizes="auto, (max-width: 772px) 100vw, 772px" /></figure>



<figure class="wp-block-image size-large"><img loading="lazy" decoding="async" width="768" height="1024" data-id="21551" src="https://regiongron.sk/wp-content/uploads/2024/04/IMG20240302153850-768x1024.jpg" alt="" class="wp-image-21551" srcset="https://regiongron.sk/hu/wp-content/uploads/2024/04/IMG20240302153850-768x1024.jpg 768w, https://regiongron.sk/hu/wp-content/uploads/2024/04/IMG20240302153850-450x600.jpg 450w, https://regiongron.sk/hu/wp-content/uploads/2024/04/IMG20240302153850-1152x1536.jpg 1152w, https://regiongron.sk/hu/wp-content/uploads/2024/04/IMG20240302153850-1536x2048.jpg 1536w, https://regiongron.sk/hu/wp-content/uploads/2024/04/IMG20240302153850-scaled.jpg 1920w" sizes="auto, (max-width: 768px) 100vw, 768px" /></figure>
</figure>



<p>Tento rok sme so sebou do Ostravy zobrali i <a href="https://www.facebook.com/planetariumzh?__cft__[0]=AZUcM0JgKTz2eavS3TDkJXNIFepyzbNPaIMiBP3O7uROkmnypOLA60cAsoktz2B_pzNu9GTKZ2C3KG2JbbYI_27lNU3w_mXLT8FADvUlpriaftWoeCIvzRSkTlixcqOLYupwFCASj6FaKPr848CXw5F-a3fnCnpWtexZOFxVYphMmTyGslQliWkPTFR9I0pjVyc&amp;__tn__=-]K-R">Krajskú hvezdáreň a planetárium Maximiliána Hella v Žiari nad Hronom</a>. Naša expozícia bola vďaka ich modelu Zeme - Terralónu doslova neprehliadnuteľná, a hádam každý, kto išiel okolo, sa pri ňom odfotil.</p>



<p>Mnohí návštevníci však využili aj možnosť položiť "hvezdárom" rôzne otázky o vesmíre a detskí návštevníci sa zase s radosťou zapájali do hry so zvieratkami a súhvezdiami.</p>



<figure class="wp-block-gallery has-nested-images columns-default is-cropped wp-block-gallery-2 is-layout-flex wp-block-gallery-is-layout-flex">
<figure class="wp-block-image size-large"><img loading="lazy" decoding="async" width="768" height="1024" data-id="21549" src="https://regiongron.sk/wp-content/uploads/2024/04/IMG20240301102719-768x1024.jpg" alt="" class="wp-image-21549" srcset="https://regiongron.sk/hu/wp-content/uploads/2024/04/IMG20240301102719-768x1024.jpg 768w, https://regiongron.sk/hu/wp-content/uploads/2024/04/IMG20240301102719-450x600.jpg 450w, https://regiongron.sk/hu/wp-content/uploads/2024/04/IMG20240301102719-1152x1536.jpg 1152w, https://regiongron.sk/hu/wp-content/uploads/2024/04/IMG20240301102719-1536x2048.jpg 1536w, https://regiongron.sk/hu/wp-content/uploads/2024/04/IMG20240301102719-scaled.jpg 1920w" sizes="auto, (max-width: 768px) 100vw, 768px" /></figure>



<figure class="wp-block-image size-large"><img loading="lazy" decoding="async" width="768" height="1024" data-id="21548" src="https://regiongron.sk/wp-content/uploads/2024/04/IMG20240302113739-768x1024.jpg" alt="dovolena 2024 planetarium" class="wp-image-21548" srcset="https://regiongron.sk/hu/wp-content/uploads/2024/04/IMG20240302113739-768x1024.jpg 768w, https://regiongron.sk/hu/wp-content/uploads/2024/04/IMG20240302113739-450x600.jpg 450w, https://regiongron.sk/hu/wp-content/uploads/2024/04/IMG20240302113739-1152x1536.jpg 1152w, https://regiongron.sk/hu/wp-content/uploads/2024/04/IMG20240302113739-1536x2048.jpg 1536w, https://regiongron.sk/hu/wp-content/uploads/2024/04/IMG20240302113739-scaled.jpg 1920w" sizes="auto, (max-width: 768px) 100vw, 768px" /></figure>
</figure>



<p>Počas dvoch dní tento veľtrh navštívili tisícky návštevníkov a mnohí z nich, možno aj stovky, sa zastavili aj v našom stánku. Veríme, že naša účasť na veľtrhu prinesie nových turistov do nášho regiónu. </p>



<p class="has-text-align-center">Účasť na podujatí bola realizovaná s finančnou podporou <a href="https://www.facebook.com/mincrs.sk?__cft__[0]=AZUcM0JgKTz2eavS3TDkJXNIFepyzbNPaIMiBP3O7uROkmnypOLA60cAsoktz2B_pzNu9GTKZ2C3KG2JbbYI_27lNU3w_mXLT8FADvUlpriaftWoeCIvzRSkTlixcqOLYupwFCASj6FaKPr848CXw5F-a3fnCnpWtexZOFxVYphMmTyGslQliWkPTFR9I0pjVyc&amp;__tn__=-]K-R">Ministerstvo cestovného ruchu a športu SR</a>. <img loading="lazy" decoding="async" width="300" height="120" class="wp-image-21428" style="width: 300px;" src="https://regiongron.sk/wp-content/uploads/2024/03/Ministerstvo_cestovneho-ruchu-a-sportu_SR_SK_Farebne-4.png" alt="Ministerstvo_cestovneho-ruchu-a-sportu_SR_logo" srcset="https://regiongron.sk/hu/wp-content/uploads/2024/03/Ministerstvo_cestovneho-ruchu-a-sportu_SR_SK_Farebne-4.png 2953w, https://regiongron.sk/hu/wp-content/uploads/2024/03/Ministerstvo_cestovneho-ruchu-a-sportu_SR_SK_Farebne-4-600x240.png 600w, https://regiongron.sk/hu/wp-content/uploads/2024/03/Ministerstvo_cestovneho-ruchu-a-sportu_SR_SK_Farebne-4-1024x410.png 1024w, https://regiongron.sk/hu/wp-content/uploads/2024/03/Ministerstvo_cestovneho-ruchu-a-sportu_SR_SK_Farebne-4-768x307.png 768w, https://regiongron.sk/hu/wp-content/uploads/2024/03/Ministerstvo_cestovneho-ruchu-a-sportu_SR_SK_Farebne-4-1536x615.png 1536w, https://regiongron.sk/hu/wp-content/uploads/2024/03/Ministerstvo_cestovneho-ruchu-a-sportu_SR_SK_Farebne-4-2048x820.png 2048w" sizes="auto, (max-width: 300px) 100vw, 300px" /></p>

Gabriela Matlovičová

V marci sme sa ako Oblastná organizácia cestovného ruchu Región GRON zúčastnili veľtrhu DOVOLENÁ 2024, ktorý sa konal v Ostrave na Výstavisku Černá louka. Pre návštevníkov sme pripravili rôzne informačné materiály, okrem brožúry a máp aj nové letáky o náučných chodníkov v Novej Bani či možnostiach splavovania a kempovania. Veľmi nás tiež potešil záujem návštevníkov&hellip;
