{"id":7246,"date":"2018-07-10T12:37:16","date_gmt":"2018-07-10T10:37:16","guid":{"rendered":"http:\/\/regiongron.sk\/?p=7246"},"modified":"2023-04-05T11:02:02","modified_gmt":"2023-04-05T09:02:02","slug":"folklorne-subory-prehliadka-tajch","status":"publish","type":"novinky","link":"https:\/\/regiongron.sk\/hu\/novinky\/folklorne-subory-prehliadka-tajch\/","title":{"rendered":"Folkl\u00f3rne s\u00fabory v prehliadke na Tajchu"},"content":{"rendered":"<p>Kr\u00e1su slovensk\u00fdch krojov a spevu sme si mohli pozrie\u0165 na Folkl\u00f3rnej prehliadke s n\u00e1zvom Na Tajchu je veselo!, ktor\u00fa organizovalo <a href=\"https:\/\/www.facebook.com\/TAJCH-u-IGORA-155867717866429\/\" target=\"_blank\" rel=\"noopener\">OZ TAJCH<\/a>.<\/p>\n\n<p>V nede\u013eu 8. j\u00fala sa popoludnie za\u010dalo sprievodom okolo Tajchu, ktor\u00fd sa sprev\u00e1dzala hudba a spev folkloristov. V tom \u010dase u\u017e boli vystaven\u00e9<strong> krojovan\u00e9 b\u00e1biky<\/strong>, napr\u00edklad ajod pani <strong>M\u00e1rie Pek\u00e1rovej<\/strong>\u00a0z\u00a0Chyzeroviec, ktor\u00e1 sa venuje \u013eudovej umeleckej tvorbe viac ako 10 rokov. Vo svojej rodnej obci Lovce sa u\u017e od detstva zauj\u00edmala o \u013eudov\u00e9 kroje, v\u00fd\u0161ivky a \u010depce, ktor\u00e9 patrili k \u00fa\u017eitkov\u00fdm predmetom mamy a\u00a0bl\u00edzkej rodiny. Nesk\u00f4r si sama u\u0161ila svoj \u013eudov\u00fd kroj, v\u00a0ktorom vystupovala na r\u00f4znych kult\u00farnych podujatiach ako \u010dlenka Folkl\u00f3rneho s\u00faboru\u00a0 Chyzerov\u010danka.\u00a0<a  href=\"https:\/\/regiongron.sk\/wp-content\/uploads\/2023\/02\/cakovsky-tajch-2018a.jpg\" data-rel=\"lightbox-gallery-3\" data-rl_title=\"\" data-rl_caption=\"\" title=\"\"><img loading=\"lazy\" decoding=\"async\" class=\" wp-image-7249 alignright\" src=\"https:\/\/regiongron.sk\/wp-content\/uploads\/2023\/02\/cakovsky-tajch-2018a.jpg\" alt=\"\" width=\"217\" height=\"326\" \/><\/a>Azda najv\u00e4\u010d\u0161\u00edm \u00faspechom pani Pek\u00e1rovej bola v\u00fdstava b\u00e1bik v\u00a0Bruseli roku 1999. Svojou umeleckou tvorbou sa predstavila aj v Topo\u013e\u010diankach, v Zlat\u00fdch Moravciach, v\u00a0PKO Nitra, Agrokomplexe\u00a0Nitra, aj v\u00a0Obyciach.\u00a0Ve\u013ekou z\u00e1\u013eubou pani Pek\u00e1rovej je \u0161itie \u013eudov\u00fdch region\u00e1lnych krojov, do ktor\u00fdch oblieka svoje b\u00e1biky a v\u00fdroba jednoduch\u00fdch vy\u0161\u00edvan\u00fdch r\u00f4znofarebn\u00fdch \u010depcov, ktor\u00e9 okrem \u0161atiek a sviato\u010dn\u00fdch ru\u010dn\u00edkov tie\u017e patria k \u013eudov\u00fdm krojom <strong>Po\u017eitavsk\u00e9ho regi\u00f3nu<\/strong>. T\u00e1to neodmyslite\u013en\u00e1 s\u00fa\u010das\u0165 \u013eudov\u00e9ho odevu, ktor\u00e1 sa zachovala pre pamiatku a\u00a0pozn\u00e1vanie \u017eivota na\u0161ich predkov sa v\u00a0s\u00fa\u010dasnosti pou\u017e\u00edva u\u017e len pri sl\u00e1vnostn\u00fdch folkl\u00f3rnych vyst\u00fapeniach a zriedkavo pri svadobnom obrade. Vydat\u00e9 \u017eeny si zdobili hlavu vy\u0161\u00edvan\u00fdm\u00a0 \u010depcom, na ktor\u00fd si uv\u00e4zovali \u0161atku. \u010cepiec sa sklad\u00e1 z\u00a0ma\u0161le, drobn\u00fdch kor\u00e1lok a\u00a0ra\u010d\u00edch o\u010diek. \u017densk\u00fd odev bol farebne v\u00fdraznej\u0161\u00ed a tvorili ho vy\u0161\u00edvan\u00e9 sukne r\u00f4zneho druhu a materi\u00e1lu, z\u00e1stery, spodn\u00edk z\u00a0bieleho konopn\u00e9ho pl\u00e1tna a ko\u0161ie\u013eky s\u00a0nazberan\u00fdmi \u0161irok\u00fdmi ruk\u00e1vcami. Pod hornou suk\u0148ou fertuchou b\u00fdvala \u010fal\u0161ia z\u00a0lacnej\u0161ej l\u00e1tky z\u00a0kart\u00fanu. Na krku nosili nieko\u013eko radov kor\u00e1lok a za p\u00e1som vy\u0161\u00edvan\u00fd kapesn\u00edk.<\/p>\n<h6>Zdroj:\u00a0<a href=\"https:\/\/www.zlatemoravce.info\/2018\/01\/babiky-marie-pekarovej-v-pozitavskych-krojoch\/\" target=\"_blank\" rel=\"noopener\">www.zlatemoravce.info\/2018\/01\/babiky-marie-pekarovej-v-pozitavskych-krojoch\/<\/a><\/h6>\n<p>V s\u00fa\u0165a\u017enej prehliadke krojovan\u00fdch b\u00e1bik bola za v\u00ed\u0165azn\u00fa vybrat\u00e1 pr\u00e1ve b\u00e1bika nevesta od pani Pek\u00e1rovej. Medzi v\u00fdstavn\u00fdmi sme mohli vidie\u0165 aj b\u00e1biku v \u0161ari\u0161skom kroji, svadobn\u00fd p\u00e1r alebo b\u00e1b\u00e4tko s 50-ro\u010dn\u00fdm p\u00f4vodn\u00fdm \u010depcom.<\/p>\n<p>Popoludnie dop\u013a\u0148ali remeseln\u00edci, kde si deti mohli sk\u00fasi\u0165 to\u010denie na hrn\u010diarskom kruhu a pletenie z pedigu.<\/p>\n\n<p>O 15:00 za\u010dalo folkl\u00f3rne p\u00e1smo a ako prv\u00ed vyst\u00fapili p\u00e1ni z <strong>Malolehotskej kapely<\/strong>. Najprv zahrali \u013eudov\u00e9 p\u00e1smo s gajdami, ozembuchom, drevenou p\u00ed\u0161\u0165alkou, harmonikou a bubnom, no potom si vymenili n\u00e1stroje za modernej\u0161ie. Po nich nasledovala uk\u00e1\u017eka spevu od <strong>Spev\u00e1ckeho s\u00faboru Gr\u00fan\u010danka<\/strong> z Ostr\u00e9ho Gr\u00fa\u0148a a svadobn\u00e1 sc\u00e9nka \u010dep\u010denia <strong>FS Brezni\u010dianka<\/strong> z Tekovskej Breznice. P\u00e1ra\u010dkami, \u017eensk\u00fdm klebeten\u00edm a vtipmi z dedinsk\u00e9ho prostredia n\u00e1s pobavil <strong>FS Zlatomorav\u010dianka<\/strong>. Hodinov\u00e9 p\u00e1smo odohral <strong>FS Rozmarija z Pre\u0161ova<\/strong>, ktor\u00fd predviedol spievan\u00e9 pas\u00e1\u017ee, tanec aj sc\u00e9nku, ako sa bavili diev\u010dat\u00e1 popri pr\u00e1ci na dedine. Posledn\u00fdm folkl\u00f3rnym s\u00faborom bol <strong>FS Dolinka z Voznice<\/strong>. Svoje spev\u00e1cke vyst\u00fapenie s doprovodom harmoniky doplnili o vtipn\u00fa sc\u00e9nku zo \u017eivota star\u0161\u00edch man\u017eelov.<\/p>\n<p>Posledn\u00fdm hos\u0165om programu bola <strong>Vlasta Mudr\u00edkov\u00e1<\/strong>, ktor\u00e1 pote\u0161ila v\u0161etk\u00fdch, ktor\u00fdm lahodia t\u00f3ny helig\u00f3nky.<\/p>\n\n<p>Foto: <a href=\"https:\/\/www.facebook.com\/PeterCakovskyArt\/\" target=\"_blank\" rel=\"noopener\">Peter \u010c\u00e1kovsk\u00fd ART<\/a>, arch\u00edv OOCR<\/p>\n","protected":false},"featured_media":7253,"template":"","categories":[2],"class_list":["post-7246","novinky","type-novinky","status-publish","has-post-thumbnail","hentry","category-novinky"],"acf":[],"uagb_featured_image_src":{"full":false,"thumbnail":false,"medium":false,"medium_large":false,"large":false,"1536x1536":false,"2048x2048":false},"uagb_author_info":{"display_name":"regiongron","author_link":"https:\/\/regiongron.sk\/hu\/author\/"},"uagb_comment_info":0,"uagb_excerpt":"Kr\u00e1su slovensk\u00fdch krojov a spevu sme si mohli pozrie\u0165 na Folkl\u00f3rnej prehliadke s n\u00e1zvom Na Tajchu je veselo!, ktor\u00fa organizovalo OZ TAJCH. V nede\u013eu 8. j\u00fala sa popoludnie za\u010dalo sprievodom okolo Tajchu, ktor\u00fd sa sprev\u00e1dzala hudba a spev folkloristov. V tom \u010dase u\u017e boli vystaven\u00e9 krojovan\u00e9 b\u00e1biky, napr\u00edklad ajod pani M\u00e1rie Pek\u00e1rovej\u00a0z\u00a0Chyzeroviec, ktor\u00e1 sa venuje&hellip;","_links":{"self":[{"href":"https:\/\/regiongron.sk\/hu\/wp-json\/wp\/v2\/novinky\/7246","targetHints":{"allow":["GET"]}}],"collection":[{"href":"https:\/\/regiongron.sk\/hu\/wp-json\/wp\/v2\/novinky"}],"about":[{"href":"https:\/\/regiongron.sk\/hu\/wp-json\/wp\/v2\/types\/novinky"}],"wp:featuredmedia":[{"embeddable":true,"href":"https:\/\/regiongron.sk\/hu\/wp-json\/"}],"wp:attachment":[{"href":"https:\/\/regiongron.sk\/hu\/wp-json\/wp\/v2\/media?parent=7246"}],"wp:term":[{"taxonomy":"category","embeddable":true,"href":"https:\/\/regiongron.sk\/hu\/wp-json\/wp\/v2\/categories?post=7246"}],"curies":[{"name":"wp","href":"https:\/\/api.w.org\/{rel}","templated":true}]}}

Folklórne súbory v prehliadke na Tajchu

<p>Krásu slovenských krojov a spevu sme si mohli pozrieť na Folklórnej prehliadke s názvom Na Tajchu je veselo!, ktorú organizovalo <a href="https://www.facebook.com/TAJCH-u-IGORA-155867717866429/" target="_blank" rel="noopener">OZ TAJCH</a>.</p>

<p>V nedeľu 8. júla sa popoludnie začalo sprievodom okolo Tajchu, ktorý sa sprevádzala hudba a spev folkloristov. V tom čase už boli vystavené<strong> krojované bábiky</strong>, napríklad ajod pani <strong>Márie Pekárovej</strong> z Chyzeroviec, ktorá sa venuje ľudovej umeleckej tvorbe viac ako 10 rokov. Vo svojej rodnej obci Lovce sa už od detstva zaujímala o ľudové kroje, výšivky a čepce, ktoré patrili k úžitkovým predmetom mamy a blízkej rodiny. Neskôr si sama ušila svoj ľudový kroj, v ktorom vystupovala na rôznych kultúrnych podujatiach ako členka Folklórneho súboru  Chyzerovčanka. <a  href="https://regiongron.sk/wp-content/uploads/2023/02/cakovsky-tajch-2018a.jpg" data-rel="lightbox-gallery-3" data-rl_title="" data-rl_caption="" title=""><img loading="lazy" decoding="async" class=" wp-image-7249 alignright" src="https://regiongron.sk/wp-content/uploads/2023/02/cakovsky-tajch-2018a.jpg" alt="" width="217" height="326" /></a>Azda najväčším úspechom pani Pekárovej bola výstava bábik v Bruseli roku 1999. Svojou umeleckou tvorbou sa predstavila aj v Topoľčiankach, v Zlatých Moravciach, v PKO Nitra, Agrokomplexe Nitra, aj v Obyciach. Veľkou záľubou pani Pekárovej je šitie ľudových regionálnych krojov, do ktorých oblieka svoje bábiky a výroba jednoduchých vyšívaných rôznofarebných čepcov, ktoré okrem šatiek a sviatočných ručníkov tiež patria k ľudovým krojom <strong>Požitavského regiónu</strong>. Táto neodmysliteľná súčasť ľudového odevu, ktorá sa zachovala pre pamiatku a poznávanie života našich predkov sa v súčasnosti používa už len pri slávnostných folklórnych vystúpeniach a zriedkavo pri svadobnom obrade. Vydaté ženy si zdobili hlavu vyšívaným  čepcom, na ktorý si uväzovali šatku. Čepiec sa skladá z mašle, drobných korálok a račích očiek. Ženský odev bol farebne výraznejší a tvorili ho vyšívané sukne rôzneho druhu a materiálu, zástery, spodník z bieleho konopného plátna a košieľky s nazberanými širokými rukávcami. Pod hornou sukňou fertuchou bývala ďalšia z lacnejšej látky z kartúnu. Na krku nosili niekoľko radov korálok a za pásom vyšívaný kapesník.</p>
<h6>Zdroj: <a href="https://www.zlatemoravce.info/2018/01/babiky-marie-pekarovej-v-pozitavskych-krojoch/" target="_blank" rel="noopener">www.zlatemoravce.info/2018/01/babiky-marie-pekarovej-v-pozitavskych-krojoch/</a></h6>
<p>V súťažnej prehliadke krojovaných bábik bola za víťaznú vybratá práve bábika nevesta od pani Pekárovej. Medzi výstavnými sme mohli vidieť aj bábiku v šarišskom kroji, svadobný pár alebo bábätko s 50-ročným pôvodným čepcom.</p>
<p>Popoludnie dopĺňali remeselníci, kde si deti mohli skúsiť točenie na hrnčiarskom kruhu a pletenie z pedigu.</p>

<p>O 15:00 začalo folklórne pásmo a ako prví vystúpili páni z <strong>Malolehotskej kapely</strong>. Najprv zahrali ľudové pásmo s gajdami, ozembuchom, drevenou píšťalkou, harmonikou a bubnom, no potom si vymenili nástroje za modernejšie. Po nich nasledovala ukážka spevu od <strong>Speváckeho súboru Grúnčanka</strong> z Ostrého Grúňa a svadobná scénka čepčenia <strong>FS Brezničianka</strong> z Tekovskej Breznice. Páračkami, ženským klebetením a vtipmi z dedinského prostredia nás pobavil <strong>FS Zlatomoravčianka</strong>. Hodinové pásmo odohral <strong>FS Rozmarija z Prešova</strong>, ktorý predviedol spievané pasáže, tanec aj scénku, ako sa bavili dievčatá popri práci na dedine. Posledným folklórnym súborom bol <strong>FS Dolinka z Voznice</strong>. Svoje spevácke vystúpenie s doprovodom harmoniky doplnili o vtipnú scénku zo života starších manželov.</p>
<p>Posledným hosťom programu bola <strong>Vlasta Mudríková</strong>, ktorá potešila všetkých, ktorým lahodia tóny heligónky.</p>

<p>Foto: <a href="https://www.facebook.com/PeterCakovskyArt/" target="_blank" rel="noopener">Peter Čákovský ART</a>, archív OOCR</p>

Krásu slovenských krojov a spevu sme si mohli pozrieť na Folklórnej prehliadke s názvom Na Tajchu je veselo!, ktorú organizovalo OZ TAJCH. V nedeľu 8. júla sa popoludnie začalo sprievodom okolo Tajchu, ktorý sa sprevádzala hudba a spev folkloristov. V tom čase už boli vystavené krojované bábiky, napríklad ajod pani Márie Pekárovej z Chyzeroviec, ktorá sa venuje&hellip;
