{"id":19469,"date":"2023-05-19T15:03:52","date_gmt":"2023-05-19T13:03:52","guid":{"rendered":"https:\/\/regiongron.sk\/?post_type=podujatia&#038;p=19469"},"modified":"2023-05-23T13:55:21","modified_gmt":"2023-05-23T11:55:21","slug":"kvalifikacia-grand-prix-plocha-draha-zarnovica","status":"publish","type":"podujatia","link":"https:\/\/regiongron.sk\/hu\/podujatia\/kvalifikacia-grand-prix-plocha-draha-zarnovica\/","title":{"rendered":"KVALIFIK\u00c1CIA GRAND PRIX - PLOCH\u00c1 DR\u00c1HA \u017dARNOVICA"},"content":{"rendered":"\n<figure class=\"wp-block-image size-large\"><img loading=\"lazy\" decoding=\"async\" width=\"1024\" height=\"426\" src=\"https:\/\/regiongron.sk\/wp-content\/uploads\/2023\/05\/kvalifikacia-grand-prix-plocha-draha-zarnovica-1024x426.jpg\" alt=\"\" class=\"wp-image-19474\" srcset=\"https:\/\/regiongron.sk\/hu\/wp-content\/uploads\/2023\/05\/kvalifikacia-grand-prix-plocha-draha-zarnovica-1024x426.jpg 1024w, https:\/\/regiongron.sk\/hu\/wp-content\/uploads\/2023\/05\/kvalifikacia-grand-prix-plocha-draha-zarnovica-600x250.jpg 600w, https:\/\/regiongron.sk\/hu\/wp-content\/uploads\/2023\/05\/kvalifikacia-grand-prix-plocha-draha-zarnovica-768x319.jpg 768w, https:\/\/regiongron.sk\/hu\/wp-content\/uploads\/2023\/05\/kvalifikacia-grand-prix-plocha-draha-zarnovica-1536x639.jpg 1536w, https:\/\/regiongron.sk\/hu\/wp-content\/uploads\/2023\/05\/kvalifikacia-grand-prix-plocha-draha-zarnovica-2048x852.jpg 2048w, https:\/\/regiongron.sk\/hu\/wp-content\/uploads\/2023\/05\/kvalifikacia-grand-prix-plocha-draha-zarnovica-scaled.jpg 2560w\" sizes=\"auto, (max-width: 1024px) 100vw, 1024px\" \/><\/figure>\n\n\n\n<p><strong>Jazdci svetov\u00e9ho form\u00e1tu op\u00e4\u0165 v \u017darnovici! <\/strong>Martin Vacul\u00edk a \u010fal\u0161ie svetov\u00e9 hviezdy plochej dr\u00e1hy sa pobij\u00fa o postup do Speedway Grand Prix. <\/p>\n\n\n\n<p><strong>KVALIFIK\u00c1CIA GRAND PRIX <\/strong>je najprest\u00ed\u017enej\u0161ie a najv\u00fdznamnej\u0161ie plochodr\u00e1\u017ene podujatie od vzniku plochej dr\u00e1hy v \u017darnovici. Aj tento rok ho pripravuje <a rel=\"noopener noreferrer\" href=\"http:\/\/www.speedwayclub.sk\/\" target=\"_blank\"><strong>Speedway Club \u017darnovica<\/strong><\/a>.<\/p>\n\n\n\n<p><strong>V sobotu 27.5.2023<\/strong> bude cel\u00fd plochodr\u00e1\u017eny svet upiera\u0165 zrak do \u017darnovice, kde sa nach\u00e1dza jedin\u00fd plochodr\u00e1\u017eny \u0161tadi\u00f3n na Slovensku. Stretne sa tu <strong>plochodr\u00e1\u017ena elita<\/strong> z cel\u00e9ho sveta, vr\u00e1tane n\u00e1\u0161ho najlep\u0161ieho plochodr\u00e1\u017enika <strong>Martina Vacul\u00edka<\/strong>. <\/p>\n\n\n\n<p><strong>MIESTO: <\/strong>\u017darnovica, Plochodr\u00e1\u017eny \u0161tadi\u00f3n - Mestsk\u00fd \u0161portov\u00fd are\u00e1l<\/p>\n\n\n\n<p><strong>TERM\u00cdN:<\/strong> Sobota, 27.5.2023, 15:00<\/p>\n\n\n\n<p><strong>PREDPREDAJ L\u00cdSTKOV: <\/strong><a href=\"https:\/\/predpredaj.zoznam.sk\/sk\/listky\/speedway-grand-prix-kvalifikacia-2023-05-27\/?fbclid=IwAR0JsjPmoJNtNmc0s8QvVkAh2zsL508d9OZAaThAkbnfoOB5JKlfIKmJZAw\" data-type=\"URL\" data-id=\"https:\/\/predpredaj.zoznam.sk\/sk\/listky\/speedway-grand-prix-kvalifikacia-2023-05-27\/?fbclid=IwAR0JsjPmoJNtNmc0s8QvVkAh2zsL508d9OZAaThAkbnfoOB5JKlfIKmJZAw\" target=\"_blank\" rel=\"noreferrer noopener\">https:\/\/predpredaj.zoznam.sk<\/a><\/p>\n\n\n\n<figure class=\"wp-block-image size-full\"><img loading=\"lazy\" decoding=\"async\" width=\"960\" height=\"606\" src=\"https:\/\/regiongron.sk\/wp-content\/uploads\/2016\/12\/Plocha-draha-Zarnovica.jpg\" alt=\"jazdci ploch\u00e1 dr\u00e1ha \u017earnovica\n\" class=\"wp-image-16309\" srcset=\"https:\/\/regiongron.sk\/hu\/wp-content\/uploads\/2016\/12\/Plocha-draha-Zarnovica.jpg 960w, https:\/\/regiongron.sk\/hu\/wp-content\/uploads\/2016\/12\/Plocha-draha-Zarnovica-600x379.jpg 600w, https:\/\/regiongron.sk\/hu\/wp-content\/uploads\/2016\/12\/Plocha-draha-Zarnovica-768x485.jpg 768w\" sizes=\"auto, (max-width: 960px) 100vw, 960px\" \/><\/figure>\n\n\n\n<p>S finan\u010dnou podporou Banskobystrick\u00e9ho samospr\u00e1vneho kraja. \u017darnovica mesto plochej dr\u00e1hy!\u00a0<\/p>\n\n\n\n<p>T\u00e1to aktivita je realizovan\u00e1 s finan\u010dnou podporou <strong><a href=\"https:\/\/www.mindop.sk\/\" target=\"_blank\" rel=\"noreferrer noopener\">Ministerstva dopravy SR.<\/a><\/strong><\/p>\n\n\n\n<div class=\"wp-block-columns is-layout-flex wp-container-core-columns-is-layout-9d6595d7 wp-block-columns-is-layout-flex\">\n<div class=\"wp-block-column is-layout-flow wp-block-column-is-layout-flow\" style=\"flex-basis:100%\">\n<div class=\"wp-block-group alignwide\"><div class=\"wp-block-group__inner-container is-layout-constrained wp-block-group-is-layout-constrained\">\n<div class=\"wp-block-columns alignwide is-layout-flex wp-container-core-columns-is-layout-9d6595d7 wp-block-columns-is-layout-flex\">\n<div class=\"wp-block-column is-vertically-aligned-bottom is-layout-flow wp-block-column-is-layout-flow\" style=\"flex-basis:50%\">\n<p class=\"has-medium-font-size\"><img loading=\"lazy\" decoding=\"async\" width=\"150\" height=\"77\" class=\"wp-image-16350\" style=\"width: 150px;\" src=\"http:\/\/regiongron.sk\/wp-content\/uploads\/2023\/02\/logo-DOVOLENKA_basic_3R_blue_EDGE1_www_RGB.png\" alt=\"\" srcset=\"https:\/\/regiongron.sk\/hu\/wp-content\/uploads\/2023\/02\/logo-DOVOLENKA_basic_3R_blue_EDGE1_www_RGB.png 2731w, https:\/\/regiongron.sk\/hu\/wp-content\/uploads\/2023\/02\/logo-DOVOLENKA_basic_3R_blue_EDGE1_www_RGB-600x309.png 600w, https:\/\/regiongron.sk\/hu\/wp-content\/uploads\/2023\/02\/logo-DOVOLENKA_basic_3R_blue_EDGE1_www_RGB-1024x528.png 1024w, https:\/\/regiongron.sk\/hu\/wp-content\/uploads\/2023\/02\/logo-DOVOLENKA_basic_3R_blue_EDGE1_www_RGB-768x396.png 768w, https:\/\/regiongron.sk\/hu\/wp-content\/uploads\/2023\/02\/logo-DOVOLENKA_basic_3R_blue_EDGE1_www_RGB-1536x792.png 1536w, https:\/\/regiongron.sk\/hu\/wp-content\/uploads\/2023\/02\/logo-DOVOLENKA_basic_3R_blue_EDGE1_www_RGB-2048x1056.png 2048w\" sizes=\"auto, (max-width: 150px) 100vw, 150px\" \/><img loading=\"lazy\" decoding=\"async\" width=\"250\" height=\"100\" class=\"wp-image-16351\" style=\"width: 250px;\" src=\"http:\/\/regiongron.sk\/wp-content\/uploads\/2023\/02\/Ministerstvo_dopravy_SR_nove_SK_JPG_farebne.jpg\" alt=\"\" srcset=\"https:\/\/regiongron.sk\/hu\/wp-content\/uploads\/2023\/02\/Ministerstvo_dopravy_SR_nove_SK_JPG_farebne.jpg 2000w, https:\/\/regiongron.sk\/hu\/wp-content\/uploads\/2023\/02\/Ministerstvo_dopravy_SR_nove_SK_JPG_farebne-600x239.jpg 600w, https:\/\/regiongron.sk\/hu\/wp-content\/uploads\/2023\/02\/Ministerstvo_dopravy_SR_nove_SK_JPG_farebne-1024x409.jpg 1024w, https:\/\/regiongron.sk\/hu\/wp-content\/uploads\/2023\/02\/Ministerstvo_dopravy_SR_nove_SK_JPG_farebne-768x306.jpg 768w, https:\/\/regiongron.sk\/hu\/wp-content\/uploads\/2023\/02\/Ministerstvo_dopravy_SR_nove_SK_JPG_farebne-1536x613.jpg 1536w\" sizes=\"auto, (max-width: 250px) 100vw, 250px\" \/><\/p>\n<\/div>\n<\/div>\n<\/div><\/div>\n<\/div>\n<\/div>\n\n\n<p><iframe loading=\"lazy\" style=\"border:none\" src=\"https:\/\/sk.frame.mapy.cz\/s\/pekapotepo\" width=\"100%\" height=\"350\" frameborder=\"0\"><\/iframe><\/p>\n\n\n\n\n","protected":false},"excerpt":{"rendered":"<p>Jazdci svetov\u00e9ho form\u00e1tu op\u00e4\u0165 v \u017darnovici! Martin Vacul\u00edk a \u010fal\u0161ie svetov\u00e9 hviezdy plochej dr\u00e1hy sa pobij\u00fa o postup do Speedway Grand Prix. KVALIFIK\u00c1CIA GRAND PRIX je najprest\u00ed\u017enej\u0161ie a najv\u00fdznamnej\u0161ie plochodr\u00e1\u017ene podujatie od vzniku plochej dr\u00e1hy v \u017darnovici. Aj tento rok ho pripravuje Speedway Club \u017darnovica. V sobotu 27.5.2023 bude cel\u00fd plochodr\u00e1\u017eny svet upiera\u0165 zrak do [&hellip;]<\/p>\n","protected":false},"author":3,"featured_media":19482,"menu_order":636,"comment_status":"open","ping_status":"closed","template":"","format":"standard","categories":[46],"tags":[],"class_list":["post-19469","podujatia","type-podujatia","status-publish","format-standard","has-post-thumbnail","hentry","category-podujatia"],"acf":[],"uagb_featured_image_src":{"full":["https:\/\/regiongron.sk\/hu\/wp-content\/uploads\/2023\/05\/GP_kvalifikacia_2023_predpredaj.png",350,350,false],"thumbnail":["https:\/\/regiongron.sk\/hu\/wp-content\/uploads\/2023\/05\/GP_kvalifikacia_2023_predpredaj.png",350,350,false],"medium":["https:\/\/regiongron.sk\/hu\/wp-content\/uploads\/2023\/05\/GP_kvalifikacia_2023_predpredaj.png",350,350,false],"medium_large":["https:\/\/regiongron.sk\/hu\/wp-content\/uploads\/2023\/05\/GP_kvalifikacia_2023_predpredaj.png",350,350,false],"large":["https:\/\/regiongron.sk\/hu\/wp-content\/uploads\/2023\/05\/GP_kvalifikacia_2023_predpredaj.png",350,350,false],"1536x1536":["https:\/\/regiongron.sk\/hu\/wp-content\/uploads\/2023\/05\/GP_kvalifikacia_2023_predpredaj.png",350,350,false],"2048x2048":["https:\/\/regiongron.sk\/hu\/wp-content\/uploads\/2023\/05\/GP_kvalifikacia_2023_predpredaj.png",350,350,false]},"uagb_author_info":{"display_name":"Gabriela Matlovi\u010dov\u00e1","author_link":"https:\/\/regiongron.sk\/hu\/author\/gabriela\/"},"uagb_comment_info":0,"uagb_excerpt":"Jazdci svetov\u00e9ho form\u00e1tu op\u00e4\u0165 v \u017darnovici! Martin Vacul\u00edk a \u010fal\u0161ie svetov\u00e9 hviezdy plochej dr\u00e1hy sa pobij\u00fa o postup do Speedway Grand Prix. KVALIFIK\u00c1CIA GRAND PRIX je najprest\u00ed\u017enej\u0161ie a najv\u00fdznamnej\u0161ie plochodr\u00e1\u017ene podujatie od vzniku plochej dr\u00e1hy v \u017darnovici. Aj tento rok ho pripravuje Speedway Club \u017darnovica. V sobotu 27.5.2023 bude cel\u00fd plochodr\u00e1\u017eny svet upiera\u0165 zrak do&hellip;","_links":{"self":[{"href":"https:\/\/regiongron.sk\/hu\/wp-json\/wp\/v2\/podujatia\/19469","targetHints":{"allow":["GET"]}}],"collection":[{"href":"https:\/\/regiongron.sk\/hu\/wp-json\/wp\/v2\/podujatia"}],"about":[{"href":"https:\/\/regiongron.sk\/hu\/wp-json\/wp\/v2\/types\/podujatia"}],"author":[{"embeddable":true,"href":"https:\/\/regiongron.sk\/hu\/wp-json\/wp\/v2\/users\/3"}],"replies":[{"embeddable":true,"href":"https:\/\/regiongron.sk\/hu\/wp-json\/wp\/v2\/comments?post=19469"}],"version-history":[{"count":5,"href":"https:\/\/regiongron.sk\/hu\/wp-json\/wp\/v2\/podujatia\/19469\/revisions"}],"predecessor-version":[{"id":19524,"href":"https:\/\/regiongron.sk\/hu\/wp-json\/wp\/v2\/podujatia\/19469\/revisions\/19524"}],"wp:featuredmedia":[{"embeddable":true,"href":"https:\/\/regiongron.sk\/hu\/wp-json\/wp\/v2\/media\/19482"}],"wp:attachment":[{"href":"https:\/\/regiongron.sk\/hu\/wp-json\/wp\/v2\/media?parent=19469"}],"wp:term":[{"taxonomy":"category","embeddable":true,"href":"https:\/\/regiongron.sk\/hu\/wp-json\/wp\/v2\/categories?post=19469"},{"taxonomy":"post_tag","embeddable":true,"href":"https:\/\/regiongron.sk\/hu\/wp-json\/wp\/v2\/tags?post=19469"}],"curies":[{"name":"wp","href":"https:\/\/api.w.org\/{rel}","templated":true}]}}

KVALIFIKÁCIA GRAND PRIX - PLOCHÁ DRÁHA ŽARNOVICA

<figure class="wp-block-image size-large"><img loading="lazy" decoding="async" width="1024" height="426" src="https://regiongron.sk/wp-content/uploads/2023/05/kvalifikacia-grand-prix-plocha-draha-zarnovica-1024x426.jpg" alt="" class="wp-image-19474" srcset="https://regiongron.sk/hu/wp-content/uploads/2023/05/kvalifikacia-grand-prix-plocha-draha-zarnovica-1024x426.jpg 1024w, https://regiongron.sk/hu/wp-content/uploads/2023/05/kvalifikacia-grand-prix-plocha-draha-zarnovica-600x250.jpg 600w, https://regiongron.sk/hu/wp-content/uploads/2023/05/kvalifikacia-grand-prix-plocha-draha-zarnovica-768x319.jpg 768w, https://regiongron.sk/hu/wp-content/uploads/2023/05/kvalifikacia-grand-prix-plocha-draha-zarnovica-1536x639.jpg 1536w, https://regiongron.sk/hu/wp-content/uploads/2023/05/kvalifikacia-grand-prix-plocha-draha-zarnovica-2048x852.jpg 2048w, https://regiongron.sk/hu/wp-content/uploads/2023/05/kvalifikacia-grand-prix-plocha-draha-zarnovica-scaled.jpg 2560w" sizes="auto, (max-width: 1024px) 100vw, 1024px" /></figure>



<p><strong>Jazdci svetového formátu opäť v Žarnovici! </strong>Martin Vaculík a ďalšie svetové hviezdy plochej dráhy sa pobijú o postup do Speedway Grand Prix. </p>



<p><strong>KVALIFIKÁCIA GRAND PRIX </strong>je najprestížnejšie a najvýznamnejšie plochodrážne podujatie od vzniku plochej dráhy v Žarnovici. Aj tento rok ho pripravuje <a rel="noopener noreferrer" href="http://www.speedwayclub.sk/" target="_blank"><strong>Speedway Club Žarnovica</strong></a>.</p>



<p><strong>V sobotu 27.5.2023</strong> bude celý plochodrážny svet upierať zrak do Žarnovice, kde sa nachádza jediný plochodrážny štadión na Slovensku. Stretne sa tu <strong>plochodrážna elita</strong> z celého sveta, vrátane nášho najlepšieho plochodrážnika <strong>Martina Vaculíka</strong>. </p>



<p><strong>MIESTO: </strong>Žarnovica, Plochodrážny štadión - Mestský športový areál</p>



<p><strong>TERMÍN:</strong> Sobota, 27.5.2023, 15:00</p>



<p><strong>PREDPREDAJ LÍSTKOV: </strong><a href="https://predpredaj.zoznam.sk/sk/listky/speedway-grand-prix-kvalifikacia-2023-05-27/?fbclid=IwAR0JsjPmoJNtNmc0s8QvVkAh2zsL508d9OZAaThAkbnfoOB5JKlfIKmJZAw" data-type="URL" data-id="https://predpredaj.zoznam.sk/sk/listky/speedway-grand-prix-kvalifikacia-2023-05-27/?fbclid=IwAR0JsjPmoJNtNmc0s8QvVkAh2zsL508d9OZAaThAkbnfoOB5JKlfIKmJZAw" target="_blank" rel="noreferrer noopener">https://predpredaj.zoznam.sk</a></p>



<figure class="wp-block-image size-full"><img loading="lazy" decoding="async" width="960" height="606" src="https://regiongron.sk/wp-content/uploads/2016/12/Plocha-draha-Zarnovica.jpg" alt="jazdci plochá dráha žarnovica
" class="wp-image-16309" srcset="https://regiongron.sk/hu/wp-content/uploads/2016/12/Plocha-draha-Zarnovica.jpg 960w, https://regiongron.sk/hu/wp-content/uploads/2016/12/Plocha-draha-Zarnovica-600x379.jpg 600w, https://regiongron.sk/hu/wp-content/uploads/2016/12/Plocha-draha-Zarnovica-768x485.jpg 768w" sizes="auto, (max-width: 960px) 100vw, 960px" /></figure>



<p>S finančnou podporou Banskobystrického samosprávneho kraja. Žarnovica mesto plochej dráhy! </p>



<p>Táto aktivita je realizovaná s finančnou podporou <strong><a href="https://www.mindop.sk/" target="_blank" rel="noreferrer noopener">Ministerstva dopravy SR.</a></strong></p>



<div class="wp-block-columns is-layout-flex wp-container-core-columns-is-layout-9d6595d7 wp-block-columns-is-layout-flex">
<div class="wp-block-column is-layout-flow wp-block-column-is-layout-flow" style="flex-basis:100%">
<div class="wp-block-group alignwide"><div class="wp-block-group__inner-container is-layout-constrained wp-block-group-is-layout-constrained">
<div class="wp-block-columns alignwide is-layout-flex wp-container-core-columns-is-layout-9d6595d7 wp-block-columns-is-layout-flex">
<div class="wp-block-column is-vertically-aligned-bottom is-layout-flow wp-block-column-is-layout-flow" style="flex-basis:50%">
<p class="has-medium-font-size"><img loading="lazy" decoding="async" width="150" height="77" class="wp-image-16350" style="width: 150px;" src="http://regiongron.sk/wp-content/uploads/2023/02/logo-DOVOLENKA_basic_3R_blue_EDGE1_www_RGB.png" alt="" srcset="https://regiongron.sk/hu/wp-content/uploads/2023/02/logo-DOVOLENKA_basic_3R_blue_EDGE1_www_RGB.png 2731w, https://regiongron.sk/hu/wp-content/uploads/2023/02/logo-DOVOLENKA_basic_3R_blue_EDGE1_www_RGB-600x309.png 600w, https://regiongron.sk/hu/wp-content/uploads/2023/02/logo-DOVOLENKA_basic_3R_blue_EDGE1_www_RGB-1024x528.png 1024w, https://regiongron.sk/hu/wp-content/uploads/2023/02/logo-DOVOLENKA_basic_3R_blue_EDGE1_www_RGB-768x396.png 768w, https://regiongron.sk/hu/wp-content/uploads/2023/02/logo-DOVOLENKA_basic_3R_blue_EDGE1_www_RGB-1536x792.png 1536w, https://regiongron.sk/hu/wp-content/uploads/2023/02/logo-DOVOLENKA_basic_3R_blue_EDGE1_www_RGB-2048x1056.png 2048w" sizes="auto, (max-width: 150px) 100vw, 150px" /><img loading="lazy" decoding="async" width="250" height="100" class="wp-image-16351" style="width: 250px;" src="http://regiongron.sk/wp-content/uploads/2023/02/Ministerstvo_dopravy_SR_nove_SK_JPG_farebne.jpg" alt="" srcset="https://regiongron.sk/hu/wp-content/uploads/2023/02/Ministerstvo_dopravy_SR_nove_SK_JPG_farebne.jpg 2000w, https://regiongron.sk/hu/wp-content/uploads/2023/02/Ministerstvo_dopravy_SR_nove_SK_JPG_farebne-600x239.jpg 600w, https://regiongron.sk/hu/wp-content/uploads/2023/02/Ministerstvo_dopravy_SR_nove_SK_JPG_farebne-1024x409.jpg 1024w, https://regiongron.sk/hu/wp-content/uploads/2023/02/Ministerstvo_dopravy_SR_nove_SK_JPG_farebne-768x306.jpg 768w, https://regiongron.sk/hu/wp-content/uploads/2023/02/Ministerstvo_dopravy_SR_nove_SK_JPG_farebne-1536x613.jpg 1536w" sizes="auto, (max-width: 250px) 100vw, 250px" /></p>
</div>
</div>
</div></div>
</div>
</div>


<p><iframe loading="lazy" style="border:none" src="https://sk.frame.mapy.cz/s/pekapotepo" width="100%" height="350" frameborder="0"></iframe></p>

<p>Jazdci svetového formátu opäť v Žarnovici! Martin Vaculík a ďalšie svetové hviezdy plochej dráhy sa pobijú o postup do Speedway Grand Prix. KVALIFIKÁCIA GRAND PRIX je najprestížnejšie a najvýznamnejšie plochodrážne podujatie od vzniku plochej dráhy v Žarnovici. Aj tento rok ho pripravuje Speedway Club Žarnovica. V sobotu 27.5.2023 bude celý plochodrážny svet upierať zrak do [&hellip;]</p>

Gabriela Matlovičová

Jazdci svetového formátu opäť v Žarnovici! Martin Vaculík a ďalšie svetové hviezdy plochej dráhy sa pobijú o postup do Speedway Grand Prix. KVALIFIKÁCIA GRAND PRIX je najprestížnejšie a najvýznamnejšie plochodrážne podujatie od vzniku plochej dráhy v Žarnovici. Aj tento rok ho pripravuje Speedway Club Žarnovica. V sobotu 27.5.2023 bude celý plochodrážny svet upierať zrak do&hellip;
