{"id":19547,"date":"2023-05-30T16:15:29","date_gmt":"2023-05-30T14:15:29","guid":{"rendered":"https:\/\/regiongron.sk\/?post_type=podujatia&#038;p=19547"},"modified":"2023-05-30T16:15:29","modified_gmt":"2023-05-30T14:15:29","slug":"den-deti-v-obci-brehy","status":"publish","type":"podujatia","link":"https:\/\/regiongron.sk\/hu\/podujatia\/den-deti-v-obci-brehy\/","title":{"rendered":"DE\u0147 DET\u00cd V OBCI BREHY"},"content":{"rendered":"\n<p>Obec Brehy poz\u00fdva na podujatie De\u0148 det\u00ed, ktor\u00e9 sa uskuto\u010dn\u00ed v piatok 2.6.2023 na Futbalovom ihrisku Brehy.<\/p>\n\n\n<div class=\"wp-block-image\">\n<figure class=\"aligncenter size-large\"><img loading=\"lazy\" decoding=\"async\" width=\"724\" height=\"1024\" src=\"https:\/\/regiongron.sk\/wp-content\/uploads\/2023\/05\/den-deti-brehy-2.6.2023-724x1024.jpg\" alt=\"\" class=\"wp-image-19549\" srcset=\"https:\/\/regiongron.sk\/hu\/wp-content\/uploads\/2023\/05\/den-deti-brehy-2.6.2023-724x1024.jpg 724w, https:\/\/regiongron.sk\/hu\/wp-content\/uploads\/2023\/05\/den-deti-brehy-2.6.2023-424x600.jpg 424w, https:\/\/regiongron.sk\/hu\/wp-content\/uploads\/2023\/05\/den-deti-brehy-2.6.2023-768x1086.jpg 768w, https:\/\/regiongron.sk\/hu\/wp-content\/uploads\/2023\/05\/den-deti-brehy-2.6.2023-1086x1536.jpg 1086w, https:\/\/regiongron.sk\/hu\/wp-content\/uploads\/2023\/05\/den-deti-brehy-2.6.2023.jpg 1448w\" sizes=\"auto, (max-width: 724px) 100vw, 724px\" \/><\/figure>\n<\/div>\n\n<p><iframe loading=\"lazy\" style=\"border:none\" src=\"https:\/\/sk.frame.mapy.cz\/s\/bodavamuju\" width=\"100\" height=\"350\" frameborder=\"0\"><\/iframe><\/p>\n\n\n\n\n","protected":false},"excerpt":{"rendered":"<p>Obec Brehy poz\u00fdva na podujatie De\u0148 det\u00ed, ktor\u00e9 sa uskuto\u010dn\u00ed v piatok 2.6.2023 na Futbalovom ihrisku Brehy.<\/p>\n","protected":false},"author":3,"featured_media":19549,"menu_order":632,"comment_status":"open","ping_status":"closed","template":"","format":"standard","categories":[46],"tags":[],"class_list":["post-19547","podujatia","type-podujatia","status-publish","format-standard","has-post-thumbnail","hentry","category-podujatia"],"acf":[],"uagb_featured_image_src":{"full":["https:\/\/regiongron.sk\/hu\/wp-content\/uploads\/2023\/05\/den-deti-brehy-2.6.2023.jpg",1448,2048,false],"thumbnail":["https:\/\/regiongron.sk\/hu\/wp-content\/uploads\/2023\/05\/den-deti-brehy-2.6.2023-400x400.jpg",400,400,true],"medium":["https:\/\/regiongron.sk\/hu\/wp-content\/uploads\/2023\/05\/den-deti-brehy-2.6.2023-424x600.jpg",424,600,true],"medium_large":["https:\/\/regiongron.sk\/hu\/wp-content\/uploads\/2023\/05\/den-deti-brehy-2.6.2023-768x1086.jpg",768,1086,true],"large":["https:\/\/regiongron.sk\/hu\/wp-content\/uploads\/2023\/05\/den-deti-brehy-2.6.2023-724x1024.jpg",724,1024,true],"1536x1536":["https:\/\/regiongron.sk\/hu\/wp-content\/uploads\/2023\/05\/den-deti-brehy-2.6.2023-1086x1536.jpg",1086,1536,true],"2048x2048":["https:\/\/regiongron.sk\/hu\/wp-content\/uploads\/2023\/05\/den-deti-brehy-2.6.2023.jpg",1448,2048,false]},"uagb_author_info":{"display_name":"Gabriela Matlovi\u010dov\u00e1","author_link":"https:\/\/regiongron.sk\/hu\/author\/gabriela\/"},"uagb_comment_info":0,"uagb_excerpt":"Obec Brehy poz\u00fdva na podujatie De\u0148 det\u00ed, ktor\u00e9 sa uskuto\u010dn\u00ed v piatok 2.6.2023 na Futbalovom ihrisku Brehy.","_links":{"self":[{"href":"https:\/\/regiongron.sk\/hu\/wp-json\/wp\/v2\/podujatia\/19547","targetHints":{"allow":["GET"]}}],"collection":[{"href":"https:\/\/regiongron.sk\/hu\/wp-json\/wp\/v2\/podujatia"}],"about":[{"href":"https:\/\/regiongron.sk\/hu\/wp-json\/wp\/v2\/types\/podujatia"}],"author":[{"embeddable":true,"href":"https:\/\/regiongron.sk\/hu\/wp-json\/wp\/v2\/users\/3"}],"replies":[{"embeddable":true,"href":"https:\/\/regiongron.sk\/hu\/wp-json\/wp\/v2\/comments?post=19547"}],"version-history":[{"count":2,"href":"https:\/\/regiongron.sk\/hu\/wp-json\/wp\/v2\/podujatia\/19547\/revisions"}],"predecessor-version":[{"id":19552,"href":"https:\/\/regiongron.sk\/hu\/wp-json\/wp\/v2\/podujatia\/19547\/revisions\/19552"}],"wp:featuredmedia":[{"embeddable":true,"href":"https:\/\/regiongron.sk\/hu\/wp-json\/wp\/v2\/media\/19549"}],"wp:attachment":[{"href":"https:\/\/regiongron.sk\/hu\/wp-json\/wp\/v2\/media?parent=19547"}],"wp:term":[{"taxonomy":"category","embeddable":true,"href":"https:\/\/regiongron.sk\/hu\/wp-json\/wp\/v2\/categories?post=19547"},{"taxonomy":"post_tag","embeddable":true,"href":"https:\/\/regiongron.sk\/hu\/wp-json\/wp\/v2\/tags?post=19547"}],"curies":[{"name":"wp","href":"https:\/\/api.w.org\/{rel}","templated":true}]}}

DEŇ DETÍ V OBCI BREHY

<p>Obec Brehy pozýva na podujatie Deň detí, ktoré sa uskutoční v piatok 2.6.2023 na Futbalovom ihrisku Brehy.</p>


<div class="wp-block-image">
<figure class="aligncenter size-large"><img loading="lazy" decoding="async" width="724" height="1024" src="https://regiongron.sk/wp-content/uploads/2023/05/den-deti-brehy-2.6.2023-724x1024.jpg" alt="" class="wp-image-19549" srcset="https://regiongron.sk/hu/wp-content/uploads/2023/05/den-deti-brehy-2.6.2023-724x1024.jpg 724w, https://regiongron.sk/hu/wp-content/uploads/2023/05/den-deti-brehy-2.6.2023-424x600.jpg 424w, https://regiongron.sk/hu/wp-content/uploads/2023/05/den-deti-brehy-2.6.2023-768x1086.jpg 768w, https://regiongron.sk/hu/wp-content/uploads/2023/05/den-deti-brehy-2.6.2023-1086x1536.jpg 1086w, https://regiongron.sk/hu/wp-content/uploads/2023/05/den-deti-brehy-2.6.2023.jpg 1448w" sizes="auto, (max-width: 724px) 100vw, 724px" /></figure>
</div>

<p><iframe loading="lazy" style="border:none" src="https://sk.frame.mapy.cz/s/bodavamuju" width="100" height="350" frameborder="0"></iframe></p>

<p>Obec Brehy pozýva na podujatie Deň detí, ktoré sa uskutoční v piatok 2.6.2023 na Futbalovom ihrisku Brehy.</p>

Gabriela Matlovičová

Obec Brehy pozýva na podujatie Deň detí, ktoré sa uskutoční v piatok 2.6.2023 na Futbalovom ihrisku Brehy.
