{"id":20533,"date":"2023-10-16T11:34:11","date_gmt":"2023-10-16T09:34:11","guid":{"rendered":"https:\/\/regiongron.sk\/?post_type=podujatia&#038;p=20533"},"modified":"2023-10-16T11:34:12","modified_gmt":"2023-10-16T09:34:12","slug":"lampionovy-sprievod-zarnovica-31-10-2023","status":"publish","type":"podujatia","link":"https:\/\/regiongron.sk\/hu\/podujatia\/lampionovy-sprievod-zarnovica-31-10-2023\/","title":{"rendered":"LAMPI\u00d3NOV\u00dd SPRIEVOD, \u017dARNOVICA, 31.10.2023"},"content":{"rendered":"<div class=\"wp-block-image\">\n<figure class=\"aligncenter size-large\"><img loading=\"lazy\" decoding=\"async\" width=\"1024\" height=\"1024\" src=\"https:\/\/regiongron.sk\/wp-content\/uploads\/2023\/10\/lampionovy-sprievok-zarnovica-31.10.2023-1024x1024.jpg\" alt=\"\" class=\"wp-image-20534\" srcset=\"https:\/\/regiongron.sk\/hu\/wp-content\/uploads\/2023\/10\/lampionovy-sprievok-zarnovica-31.10.2023-1024x1024.jpg 1024w, https:\/\/regiongron.sk\/hu\/wp-content\/uploads\/2023\/10\/lampionovy-sprievok-zarnovica-31.10.2023-600x600.jpg 600w, https:\/\/regiongron.sk\/hu\/wp-content\/uploads\/2023\/10\/lampionovy-sprievok-zarnovica-31.10.2023-400x400.jpg 400w, https:\/\/regiongron.sk\/hu\/wp-content\/uploads\/2023\/10\/lampionovy-sprievok-zarnovica-31.10.2023-768x768.jpg 768w, https:\/\/regiongron.sk\/hu\/wp-content\/uploads\/2023\/10\/lampionovy-sprievok-zarnovica-31.10.2023.jpg 1440w\" sizes=\"auto, (max-width: 1024px) 100vw, 1024px\" \/><\/figure>\n<\/div>\n\n\n<p><a href=\"https:\/\/www.facebook.com\/MMPZC\" data-type=\"link\" data-id=\"https:\/\/www.facebook.com\/MMPZC\" target=\"_blank\" rel=\"noreferrer noopener\">Mestsk\u00fd ml\u00e1de\u017en\u00edcky parlament \u017darnovica<\/a> poz\u00fdva v\u0161etk\u00fdch na 4. ro\u010dn\u00edk Lampi\u00f3nov\u00e9ho sprievodu v mask\u00e1ch!<\/p>\n\n\n\n<p>Sprievod sa uskuto\u010dn\u00ed v utorok 31.10.2023 od 17.30 hod. \u0160tartujeme pri Moment Caff\u00e9 Bare v \u017darnovici, prejdeme cel\u00fdm s\u00eddliskom a vr\u00e1time sa sp\u00e4\u0165 pred Moment Caff\u00e9 Bar.<\/p>\n\n\n\n<p>Prineste si so sebou lampi\u00f3ny, baterky, svetielka a hlavne masky. Tie najlep\u0161ie ocen\u00edme.<br>Ka\u017ed\u00fd sa z\u00fa\u010dast\u0148uje na vlastn\u00e9 riziko. Popros\u00edme vodi\u010dov o oh\u013eaduplnos\u0165 po\u010das sprievodu.<\/p>\n\n\n<p><iframe loading=\"lazy\" style=\"border:none\" src=\"https:\/\/sk.frame.mapy.cz\/s\/lugafukogu\" width=\"100%\" height=\"350\" frameborder=\"0\"><\/iframe><\/p>\n\n\n\n\n","protected":false},"excerpt":{"rendered":"<p>Mestsk\u00fd ml\u00e1de\u017en\u00edcky parlament \u017darnovica poz\u00fdva v\u0161etk\u00fdch na 4. ro\u010dn\u00edk Lampi\u00f3nov\u00e9ho sprievodu v mask\u00e1ch! Sprievod sa uskuto\u010dn\u00ed v utorok 31.10.2023 od 17.30 hod. \u0160tartujeme pri Moment Caff\u00e9 Bare v \u017darnovici, prejdeme cel\u00fdm s\u00eddliskom a vr\u00e1time sa sp\u00e4\u0165 pred Moment Caff\u00e9 Bar. Prineste si so sebou lampi\u00f3ny, baterky, svetielka a hlavne masky. Tie najlep\u0161ie ocen\u00edme.Ka\u017ed\u00fd sa z\u00fa\u010dast\u0148uje [&hellip;]<\/p>\n","protected":false},"author":3,"featured_media":20534,"menu_order":537,"comment_status":"open","ping_status":"closed","template":"","format":"standard","categories":[46],"tags":[],"class_list":["post-20533","podujatia","type-podujatia","status-publish","format-standard","has-post-thumbnail","hentry","category-podujatia"],"acf":[],"uagb_featured_image_src":{"full":["https:\/\/regiongron.sk\/hu\/wp-content\/uploads\/2023\/10\/lampionovy-sprievok-zarnovica-31.10.2023.jpg",1440,1440,false],"thumbnail":["https:\/\/regiongron.sk\/hu\/wp-content\/uploads\/2023\/10\/lampionovy-sprievok-zarnovica-31.10.2023-400x400.jpg",400,400,true],"medium":["https:\/\/regiongron.sk\/hu\/wp-content\/uploads\/2023\/10\/lampionovy-sprievok-zarnovica-31.10.2023-600x600.jpg",600,600,true],"medium_large":["https:\/\/regiongron.sk\/hu\/wp-content\/uploads\/2023\/10\/lampionovy-sprievok-zarnovica-31.10.2023-768x768.jpg",768,768,true],"large":["https:\/\/regiongron.sk\/hu\/wp-content\/uploads\/2023\/10\/lampionovy-sprievok-zarnovica-31.10.2023-1024x1024.jpg",1024,1024,true],"1536x1536":["https:\/\/regiongron.sk\/hu\/wp-content\/uploads\/2023\/10\/lampionovy-sprievok-zarnovica-31.10.2023.jpg",1440,1440,false],"2048x2048":["https:\/\/regiongron.sk\/hu\/wp-content\/uploads\/2023\/10\/lampionovy-sprievok-zarnovica-31.10.2023.jpg",1440,1440,false]},"uagb_author_info":{"display_name":"Gabriela Matlovi\u010dov\u00e1","author_link":"https:\/\/regiongron.sk\/hu\/author\/gabriela\/"},"uagb_comment_info":0,"uagb_excerpt":"Mestsk\u00fd ml\u00e1de\u017en\u00edcky parlament \u017darnovica poz\u00fdva v\u0161etk\u00fdch na 4. ro\u010dn\u00edk Lampi\u00f3nov\u00e9ho sprievodu v mask\u00e1ch! Sprievod sa uskuto\u010dn\u00ed v utorok 31.10.2023 od 17.30 hod. \u0160tartujeme pri Moment Caff\u00e9 Bare v \u017darnovici, prejdeme cel\u00fdm s\u00eddliskom a vr\u00e1time sa sp\u00e4\u0165 pred Moment Caff\u00e9 Bar. Prineste si so sebou lampi\u00f3ny, baterky, svetielka a hlavne masky. Tie najlep\u0161ie ocen\u00edme.Ka\u017ed\u00fd sa z\u00fa\u010dast\u0148uje&hellip;","_links":{"self":[{"href":"https:\/\/regiongron.sk\/hu\/wp-json\/wp\/v2\/podujatia\/20533","targetHints":{"allow":["GET"]}}],"collection":[{"href":"https:\/\/regiongron.sk\/hu\/wp-json\/wp\/v2\/podujatia"}],"about":[{"href":"https:\/\/regiongron.sk\/hu\/wp-json\/wp\/v2\/types\/podujatia"}],"author":[{"embeddable":true,"href":"https:\/\/regiongron.sk\/hu\/wp-json\/wp\/v2\/users\/3"}],"replies":[{"embeddable":true,"href":"https:\/\/regiongron.sk\/hu\/wp-json\/wp\/v2\/comments?post=20533"}],"version-history":[{"count":2,"href":"https:\/\/regiongron.sk\/hu\/wp-json\/wp\/v2\/podujatia\/20533\/revisions"}],"predecessor-version":[{"id":20536,"href":"https:\/\/regiongron.sk\/hu\/wp-json\/wp\/v2\/podujatia\/20533\/revisions\/20536"}],"wp:featuredmedia":[{"embeddable":true,"href":"https:\/\/regiongron.sk\/hu\/wp-json\/wp\/v2\/media\/20534"}],"wp:attachment":[{"href":"https:\/\/regiongron.sk\/hu\/wp-json\/wp\/v2\/media?parent=20533"}],"wp:term":[{"taxonomy":"category","embeddable":true,"href":"https:\/\/regiongron.sk\/hu\/wp-json\/wp\/v2\/categories?post=20533"},{"taxonomy":"post_tag","embeddable":true,"href":"https:\/\/regiongron.sk\/hu\/wp-json\/wp\/v2\/tags?post=20533"}],"curies":[{"name":"wp","href":"https:\/\/api.w.org\/{rel}","templated":true}]}}

LAMPIÓNOVÝ SPRIEVOD, ŽARNOVICA, 31.10.2023

<div class="wp-block-image">
<figure class="aligncenter size-large"><img loading="lazy" decoding="async" width="1024" height="1024" src="https://regiongron.sk/wp-content/uploads/2023/10/lampionovy-sprievok-zarnovica-31.10.2023-1024x1024.jpg" alt="" class="wp-image-20534" srcset="https://regiongron.sk/hu/wp-content/uploads/2023/10/lampionovy-sprievok-zarnovica-31.10.2023-1024x1024.jpg 1024w, https://regiongron.sk/hu/wp-content/uploads/2023/10/lampionovy-sprievok-zarnovica-31.10.2023-600x600.jpg 600w, https://regiongron.sk/hu/wp-content/uploads/2023/10/lampionovy-sprievok-zarnovica-31.10.2023-400x400.jpg 400w, https://regiongron.sk/hu/wp-content/uploads/2023/10/lampionovy-sprievok-zarnovica-31.10.2023-768x768.jpg 768w, https://regiongron.sk/hu/wp-content/uploads/2023/10/lampionovy-sprievok-zarnovica-31.10.2023.jpg 1440w" sizes="auto, (max-width: 1024px) 100vw, 1024px" /></figure>
</div>


<p><a href="https://www.facebook.com/MMPZC" data-type="link" data-id="https://www.facebook.com/MMPZC" target="_blank" rel="noreferrer noopener">Mestský mládežnícky parlament Žarnovica</a> pozýva všetkých na 4. ročník Lampiónového sprievodu v maskách!</p>



<p>Sprievod sa uskutoční v utorok 31.10.2023 od 17.30 hod. Štartujeme pri Moment Caffé Bare v Žarnovici, prejdeme celým sídliskom a vrátime sa späť pred Moment Caffé Bar.</p>



<p>Prineste si so sebou lampióny, baterky, svetielka a hlavne masky. Tie najlepšie oceníme.<br>Každý sa zúčastňuje na vlastné riziko. Poprosíme vodičov o ohľaduplnosť počas sprievodu.</p>


<p><iframe loading="lazy" style="border:none" src="https://sk.frame.mapy.cz/s/lugafukogu" width="100%" height="350" frameborder="0"></iframe></p>

<p>Mestský mládežnícky parlament Žarnovica pozýva všetkých na 4. ročník Lampiónového sprievodu v maskách! Sprievod sa uskutoční v utorok 31.10.2023 od 17.30 hod. Štartujeme pri Moment Caffé Bare v Žarnovici, prejdeme celým sídliskom a vrátime sa späť pred Moment Caffé Bar. Prineste si so sebou lampióny, baterky, svetielka a hlavne masky. Tie najlepšie oceníme.Každý sa zúčastňuje [&hellip;]</p>

Gabriela Matlovičová

Mestský mládežnícky parlament Žarnovica pozýva všetkých na 4. ročník Lampiónového sprievodu v maskách! Sprievod sa uskutoční v utorok 31.10.2023 od 17.30 hod. Štartujeme pri Moment Caffé Bare v Žarnovici, prejdeme celým sídliskom a vrátime sa späť pred Moment Caffé Bar. Prineste si so sebou lampióny, baterky, svetielka a hlavne masky. Tie najlepšie oceníme.Každý sa zúčastňuje&hellip;
