{"id":20632,"date":"2023-11-13T16:02:16","date_gmt":"2023-11-13T15:02:16","guid":{"rendered":"https:\/\/regiongron.sk\/?post_type=podujatia&#038;p=20632"},"modified":"2023-11-13T16:02:17","modified_gmt":"2023-11-13T15:02:17","slug":"prednaska-vyvoj-uhorskeho-vojenstva-pohronske-muzeum-nb-16-11-2023","status":"publish","type":"podujatia","link":"https:\/\/regiongron.sk\/hu\/podujatia\/prednaska-vyvoj-uhorskeho-vojenstva-pohronske-muzeum-nb-16-11-2023\/","title":{"rendered":"PREDN\u00c1\u0160KA - V\u00ddVOJ UHORSK\u00c9HO VOJENSTVA, Pohronsk\u00e9 m\u00fazeum NB, 16.11.2023"},"content":{"rendered":"<div class=\"wp-block-image\">\n<figure class=\"aligncenter size-large\"><img loading=\"lazy\" decoding=\"async\" width=\"724\" height=\"1024\" src=\"https:\/\/regiongron.sk\/wp-content\/uploads\/2023\/11\/Pohronske-muzeum-Nova-Bana-prednaska-Vyvoj-uhorskeho-vojenstva-16.11.2023-724x1024.jpg\" alt=\"\" class=\"wp-image-20633\" srcset=\"https:\/\/regiongron.sk\/hu\/wp-content\/uploads\/2023\/11\/Pohronske-muzeum-Nova-Bana-prednaska-Vyvoj-uhorskeho-vojenstva-16.11.2023-724x1024.jpg 724w, https:\/\/regiongron.sk\/hu\/wp-content\/uploads\/2023\/11\/Pohronske-muzeum-Nova-Bana-prednaska-Vyvoj-uhorskeho-vojenstva-16.11.2023-424x600.jpg 424w, https:\/\/regiongron.sk\/hu\/wp-content\/uploads\/2023\/11\/Pohronske-muzeum-Nova-Bana-prednaska-Vyvoj-uhorskeho-vojenstva-16.11.2023-768x1086.jpg 768w, https:\/\/regiongron.sk\/hu\/wp-content\/uploads\/2023\/11\/Pohronske-muzeum-Nova-Bana-prednaska-Vyvoj-uhorskeho-vojenstva-16.11.2023-1086x1536.jpg 1086w, https:\/\/regiongron.sk\/hu\/wp-content\/uploads\/2023\/11\/Pohronske-muzeum-Nova-Bana-prednaska-Vyvoj-uhorskeho-vojenstva-16.11.2023.jpg 1448w\" sizes=\"auto, (max-width: 724px) 100vw, 724px\" \/><\/figure>\n<\/div>\n\n\n<p><a href=\"http:\/\/www.pohronskemuzeum.sk\" target=\"_blank\" rel=\"noreferrer noopener\">Pohronsk\u00e9 m\u00fazeum Nov\u00e1 Ba\u0148a<\/a> v\u00e1s poz\u00fdva na odborn\u00fa predn\u00e1\u0161ku na t\u00e9mu:<\/p>\n\n\n\n<p><strong>V\u00ddVOJ UHORSK\u00c9HO VOJENSTVA V 11. - 14. STORO\u010c\u00cd<\/strong>\u00a0v podan\u00ed historika a ved\u00faceho SOH Milites Nobiles\u00a0<strong>Mgr. D\u00e1vida Gregoru.<\/strong><\/p>\n\n\n\n<p>V\u00e4\u010d\u0161ina \u013eud\u00ed si pri po\u010dut\u00ed term\u00ednu Uhorsko, alebo uhorsk\u00e9 vojsko, spravidla predstav\u00ed ma\u010farsk\u00e9ho jazdca s lukom, ktor\u00fd chvatne unik\u00e1 pred nepriate\u013eom a strie\u013ea po \u0148om \u0161\u00edpy. Dokonca star\u0161ia ma\u010farsk\u00e1 historiografia, a v nadv\u00e4znosti na \u0148u aj t\u00e1 slovensk\u00e1, dlho zast\u00e1vala n\u00e1zor, \u017ee v Uhorskom kr\u00e1\u013eovstve sa po cel\u00fd stredovek udr\u017eali nom\u00e1dske bojov\u00e9 zvyklosti star\u00fdch Ma\u010farov.<\/p>\n\n\n\n<p>Bolo to v\u0161ak naozaj tak? Boli uhorsk\u00ed bojovn\u00edci nosite\u013emi stepn\u00e9ho bojov\u00e9ho syst\u00e9mu aj v obdob\u00ed stredoveku? Ak\u00fa \u00falohu zohr\u00e1valo pri zrode vlastn\u00e9ho uhorsk\u00e9ho bojov\u00e9ho prejavu slovansk\u00e9 obyvate\u013estvo a jeho vojensk\u00e9 trad\u00edcie? A napokon - ak\u00e9 zbrane a v\u00fdstroj pou\u017e\u00edvali uhorsk\u00ed bojovn\u00edci?<\/p>\n\n\n\n<p>Odpovede na tieto, ale aj mnoh\u00e9 in\u00e9 ot\u00e1zky v\u00e1m prinesie pripravovan\u00e1 predn\u00e1\u0161ka.<\/p>\n\n\n\n<p>Predn\u00e1\u0161ka sa bude zaobera\u0165 v\u00fdvojom fenom\u00e9nu vojenstva a vojenskej kult\u00fary v Uhorskom kr\u00e1\u013eovstve v obdob\u00ed 11. a\u017e 14. storo\u010dia, teda vznikom Uhorsk\u00e9ho kr\u00e1\u013eovstva po\u010d\u00ednaj\u00fac a kon\u010diac feud\u00e1lnou anarchiou v Uhorskom kr\u00e1\u013eovstve na prelome 13. a 14. storo\u010dia.\"<\/p>\n\n\n\n<p><strong>TERM\u00cdN: <\/strong>\u0161tvrtok 16. novembra 2023, 17:00<\/p>\n\n\n\n<p><strong>MIESTO: <\/strong>Pohronsk\u00e9 m\u00fazeum Nov\u00e1 Ba\u0148a<\/p>\n\n\n\n<p><strong>Vstupn\u00e9: <\/strong>2 \u20ac<\/p>\n\n\n<p><iframe loading=\"lazy\" style=\"border:none\" src=\"https:\/\/sk.frame.mapy.cz\/s\/bokecerofo\" width=\"100%\" height=\"350\" frameborder=\"0\"><\/iframe><\/p>\n\n\n\n\n","protected":false},"excerpt":{"rendered":"<p>Pohronsk\u00e9 m\u00fazeum Nov\u00e1 Ba\u0148a v\u00e1s poz\u00fdva na odborn\u00fa predn\u00e1\u0161ku na t\u00e9mu: V\u00ddVOJ UHORSK\u00c9HO VOJENSTVA V 11. - 14. STORO\u010c\u00cd\u00a0v podan\u00ed historika a ved\u00faceho SOH Milites Nobiles\u00a0Mgr. D\u00e1vida Gregoru. V\u00e4\u010d\u0161ina \u013eud\u00ed si pri po\u010dut\u00ed term\u00ednu Uhorsko, alebo uhorsk\u00e9 vojsko, spravidla predstav\u00ed ma\u010farsk\u00e9ho jazdca s lukom, ktor\u00fd chvatne unik\u00e1 pred nepriate\u013eom a strie\u013ea po \u0148om \u0161\u00edpy. Dokonca [&hellip;]<\/p>\n","protected":false},"author":3,"featured_media":20633,"menu_order":530,"comment_status":"open","ping_status":"closed","template":"","format":"standard","categories":[46],"tags":[],"class_list":["post-20632","podujatia","type-podujatia","status-publish","format-standard","has-post-thumbnail","hentry","category-podujatia"],"acf":[],"uagb_featured_image_src":{"full":["https:\/\/regiongron.sk\/hu\/wp-content\/uploads\/2023\/11\/Pohronske-muzeum-Nova-Bana-prednaska-Vyvoj-uhorskeho-vojenstva-16.11.2023.jpg",1448,2048,false],"thumbnail":["https:\/\/regiongron.sk\/hu\/wp-content\/uploads\/2023\/11\/Pohronske-muzeum-Nova-Bana-prednaska-Vyvoj-uhorskeho-vojenstva-16.11.2023-400x400.jpg",400,400,true],"medium":["https:\/\/regiongron.sk\/hu\/wp-content\/uploads\/2023\/11\/Pohronske-muzeum-Nova-Bana-prednaska-Vyvoj-uhorskeho-vojenstva-16.11.2023-424x600.jpg",424,600,true],"medium_large":["https:\/\/regiongron.sk\/hu\/wp-content\/uploads\/2023\/11\/Pohronske-muzeum-Nova-Bana-prednaska-Vyvoj-uhorskeho-vojenstva-16.11.2023-768x1086.jpg",768,1086,true],"large":["https:\/\/regiongron.sk\/hu\/wp-content\/uploads\/2023\/11\/Pohronske-muzeum-Nova-Bana-prednaska-Vyvoj-uhorskeho-vojenstva-16.11.2023-724x1024.jpg",724,1024,true],"1536x1536":["https:\/\/regiongron.sk\/hu\/wp-content\/uploads\/2023\/11\/Pohronske-muzeum-Nova-Bana-prednaska-Vyvoj-uhorskeho-vojenstva-16.11.2023-1086x1536.jpg",1086,1536,true],"2048x2048":["https:\/\/regiongron.sk\/hu\/wp-content\/uploads\/2023\/11\/Pohronske-muzeum-Nova-Bana-prednaska-Vyvoj-uhorskeho-vojenstva-16.11.2023.jpg",1448,2048,false]},"uagb_author_info":{"display_name":"Gabriela Matlovi\u010dov\u00e1","author_link":"https:\/\/regiongron.sk\/hu\/author\/gabriela\/"},"uagb_comment_info":0,"uagb_excerpt":"Pohronsk\u00e9 m\u00fazeum Nov\u00e1 Ba\u0148a v\u00e1s poz\u00fdva na odborn\u00fa predn\u00e1\u0161ku na t\u00e9mu: V\u00ddVOJ UHORSK\u00c9HO VOJENSTVA V 11. - 14. STORO\u010c\u00cd\u00a0v podan\u00ed historika a ved\u00faceho SOH Milites Nobiles\u00a0Mgr. D\u00e1vida Gregoru. V\u00e4\u010d\u0161ina \u013eud\u00ed si pri po\u010dut\u00ed term\u00ednu Uhorsko, alebo uhorsk\u00e9 vojsko, spravidla predstav\u00ed ma\u010farsk\u00e9ho jazdca s lukom, ktor\u00fd chvatne unik\u00e1 pred nepriate\u013eom a strie\u013ea po \u0148om \u0161\u00edpy. Dokonca&hellip;","_links":{"self":[{"href":"https:\/\/regiongron.sk\/hu\/wp-json\/wp\/v2\/podujatia\/20632","targetHints":{"allow":["GET"]}}],"collection":[{"href":"https:\/\/regiongron.sk\/hu\/wp-json\/wp\/v2\/podujatia"}],"about":[{"href":"https:\/\/regiongron.sk\/hu\/wp-json\/wp\/v2\/types\/podujatia"}],"author":[{"embeddable":true,"href":"https:\/\/regiongron.sk\/hu\/wp-json\/wp\/v2\/users\/3"}],"replies":[{"embeddable":true,"href":"https:\/\/regiongron.sk\/hu\/wp-json\/wp\/v2\/comments?post=20632"}],"version-history":[{"count":2,"href":"https:\/\/regiongron.sk\/hu\/wp-json\/wp\/v2\/podujatia\/20632\/revisions"}],"predecessor-version":[{"id":20635,"href":"https:\/\/regiongron.sk\/hu\/wp-json\/wp\/v2\/podujatia\/20632\/revisions\/20635"}],"wp:featuredmedia":[{"embeddable":true,"href":"https:\/\/regiongron.sk\/hu\/wp-json\/wp\/v2\/media\/20633"}],"wp:attachment":[{"href":"https:\/\/regiongron.sk\/hu\/wp-json\/wp\/v2\/media?parent=20632"}],"wp:term":[{"taxonomy":"category","embeddable":true,"href":"https:\/\/regiongron.sk\/hu\/wp-json\/wp\/v2\/categories?post=20632"},{"taxonomy":"post_tag","embeddable":true,"href":"https:\/\/regiongron.sk\/hu\/wp-json\/wp\/v2\/tags?post=20632"}],"curies":[{"name":"wp","href":"https:\/\/api.w.org\/{rel}","templated":true}]}}

PREDNÁŠKA - VÝVOJ UHORSKÉHO VOJENSTVA, Pohronské múzeum NB, 16.11.2023

<div class="wp-block-image">
<figure class="aligncenter size-large"><img loading="lazy" decoding="async" width="724" height="1024" src="https://regiongron.sk/wp-content/uploads/2023/11/Pohronske-muzeum-Nova-Bana-prednaska-Vyvoj-uhorskeho-vojenstva-16.11.2023-724x1024.jpg" alt="" class="wp-image-20633" srcset="https://regiongron.sk/hu/wp-content/uploads/2023/11/Pohronske-muzeum-Nova-Bana-prednaska-Vyvoj-uhorskeho-vojenstva-16.11.2023-724x1024.jpg 724w, https://regiongron.sk/hu/wp-content/uploads/2023/11/Pohronske-muzeum-Nova-Bana-prednaska-Vyvoj-uhorskeho-vojenstva-16.11.2023-424x600.jpg 424w, https://regiongron.sk/hu/wp-content/uploads/2023/11/Pohronske-muzeum-Nova-Bana-prednaska-Vyvoj-uhorskeho-vojenstva-16.11.2023-768x1086.jpg 768w, https://regiongron.sk/hu/wp-content/uploads/2023/11/Pohronske-muzeum-Nova-Bana-prednaska-Vyvoj-uhorskeho-vojenstva-16.11.2023-1086x1536.jpg 1086w, https://regiongron.sk/hu/wp-content/uploads/2023/11/Pohronske-muzeum-Nova-Bana-prednaska-Vyvoj-uhorskeho-vojenstva-16.11.2023.jpg 1448w" sizes="auto, (max-width: 724px) 100vw, 724px" /></figure>
</div>


<p><a href="http://www.pohronskemuzeum.sk" target="_blank" rel="noreferrer noopener">Pohronské múzeum Nová Baňa</a> vás pozýva na odbornú prednášku na tému:</p>



<p><strong>VÝVOJ UHORSKÉHO VOJENSTVA V 11. - 14. STOROČÍ</strong> v podaní historika a vedúceho SOH Milites Nobiles <strong>Mgr. Dávida Gregoru.</strong></p>



<p>Väčšina ľudí si pri počutí termínu Uhorsko, alebo uhorské vojsko, spravidla predstaví maďarského jazdca s lukom, ktorý chvatne uniká pred nepriateľom a strieľa po ňom šípy. Dokonca staršia maďarská historiografia, a v nadväznosti na ňu aj tá slovenská, dlho zastávala názor, že v Uhorskom kráľovstve sa po celý stredovek udržali nomádske bojové zvyklosti starých Maďarov.</p>



<p>Bolo to však naozaj tak? Boli uhorskí bojovníci nositeľmi stepného bojového systému aj v období stredoveku? Akú úlohu zohrávalo pri zrode vlastného uhorského bojového prejavu slovanské obyvateľstvo a jeho vojenské tradície? A napokon - aké zbrane a výstroj používali uhorskí bojovníci?</p>



<p>Odpovede na tieto, ale aj mnohé iné otázky vám prinesie pripravovaná prednáška.</p>



<p>Prednáška sa bude zaoberať vývojom fenoménu vojenstva a vojenskej kultúry v Uhorskom kráľovstve v období 11. až 14. storočia, teda vznikom Uhorského kráľovstva počínajúc a končiac feudálnou anarchiou v Uhorskom kráľovstve na prelome 13. a 14. storočia."</p>



<p><strong>TERMÍN: </strong>štvrtok 16. novembra 2023, 17:00</p>



<p><strong>MIESTO: </strong>Pohronské múzeum Nová Baňa</p>



<p><strong>Vstupné: </strong>2 €</p>


<p><iframe loading="lazy" style="border:none" src="https://sk.frame.mapy.cz/s/bokecerofo" width="100%" height="350" frameborder="0"></iframe></p>

<p>Pohronské múzeum Nová Baňa vás pozýva na odbornú prednášku na tému: VÝVOJ UHORSKÉHO VOJENSTVA V 11. - 14. STOROČÍ v podaní historika a vedúceho SOH Milites Nobiles Mgr. Dávida Gregoru. Väčšina ľudí si pri počutí termínu Uhorsko, alebo uhorské vojsko, spravidla predstaví maďarského jazdca s lukom, ktorý chvatne uniká pred nepriateľom a strieľa po ňom šípy. Dokonca [&hellip;]</p>

Gabriela Matlovičová

Pohronské múzeum Nová Baňa vás pozýva na odbornú prednášku na tému: VÝVOJ UHORSKÉHO VOJENSTVA V 11. - 14. STOROČÍ v podaní historika a vedúceho SOH Milites Nobiles Mgr. Dávida Gregoru. Väčšina ľudí si pri počutí termínu Uhorsko, alebo uhorské vojsko, spravidla predstaví maďarského jazdca s lukom, ktorý chvatne uniká pred nepriateľom a strieľa po ňom šípy. Dokonca&hellip;
