{"id":20636,"date":"2023-11-13T16:25:29","date_gmt":"2023-11-13T15:25:29","guid":{"rendered":"https:\/\/regiongron.sk\/?post_type=podujatia&#038;p=20636"},"modified":"2023-11-13T16:25:30","modified_gmt":"2023-11-13T15:25:30","slug":"lampionovy-sprievod-nova-bana-16-11-2023","status":"publish","type":"podujatia","link":"https:\/\/regiongron.sk\/hu\/podujatia\/lampionovy-sprievod-nova-bana-16-11-2023\/","title":{"rendered":"LAMPI\u00d3NOV\u00dd SPRIEVOD, NOV\u00c1 BA\u0147A, 16.11.2023"},"content":{"rendered":"<div class=\"wp-block-image\">\n<figure class=\"aligncenter size-large\"><img loading=\"lazy\" decoding=\"async\" width=\"724\" height=\"1024\" src=\"https:\/\/regiongron.sk\/wp-content\/uploads\/2023\/11\/lampionovy-sprievod-nova-bana-16.11.2023-724x1024.jpg\" alt=\"\" class=\"wp-image-20637\" srcset=\"https:\/\/regiongron.sk\/hu\/wp-content\/uploads\/2023\/11\/lampionovy-sprievod-nova-bana-16.11.2023-724x1024.jpg 724w, https:\/\/regiongron.sk\/hu\/wp-content\/uploads\/2023\/11\/lampionovy-sprievod-nova-bana-16.11.2023-424x600.jpg 424w, https:\/\/regiongron.sk\/hu\/wp-content\/uploads\/2023\/11\/lampionovy-sprievod-nova-bana-16.11.2023-768x1087.jpg 768w, https:\/\/regiongron.sk\/hu\/wp-content\/uploads\/2023\/11\/lampionovy-sprievod-nova-bana-16.11.2023-1085x1536.jpg 1085w, https:\/\/regiongron.sk\/hu\/wp-content\/uploads\/2023\/11\/lampionovy-sprievod-nova-bana-16.11.2023.jpg 1447w\" sizes=\"auto, (max-width: 724px) 100vw, 724px\" \/><\/figure>\n<\/div>\n\n\n<p>Deti zo \u0160kolsk\u00e9ho klubu det\u00ed <a href=\"https:\/\/www.facebook.com\/zsjana.zemana.3\" data-type=\"link\" data-id=\"https:\/\/www.facebook.com\/zsjana.zemana.3\">Z\u00e1kladnej \u0161koly J\u00e1na Zemana<\/a> v spolupr\u00e1ci s mestom <a href=\"http:\/\/www.novabana.sk\">Nov\u00e1 Ba\u0148a<\/a> poz\u00fdvaj\u00fa v\u0161etk\u00fdch kamar\u00e1tov a ich rodi\u010dov na Lampi\u00f3nov\u00fd sprievod, ktor\u00fd sa bude kona\u0165 16. novembra 2023. Stretneme sa o 17.30 hod na \u0161kolskom dvore Z\u00e1kladnej \u0161koly a sprievod ukon\u010d\u00edme v radni\u010dnom parku cca o 18.45 hod.<\/p>\n\n\n\n<p>Pom\u00f4\u017ete n\u00e1m vytvori\u0165 najdlh\u0161iu svetielkov\u00fa re\u0165az ulicami n\u00e1\u0161ho mesta.<\/p>\n\n\n\n<p>Na sprievod si prineste svetielka a lampi\u00f3ny.<\/p>\n\n\n\n<p><strong>TERM\u00cdN:<\/strong> \u0161tvrtok 16.11.2023, 17:30<\/p>\n\n\n\n<p><strong>MIESTO STRETNUTIA: <\/strong>\u0161kolsk\u00fd dvor Z\u0160 J\u00e1na Zemana<\/p>\n\n\n\n<p><strong>VSTUP VO\u013dN\u00dd<\/strong><\/p>\n\n\n<p><iframe loading=\"lazy\" style=\"border:none\" src=\"https:\/\/sk.frame.mapy.cz\/s\/remomotoje\" width=\"100%\" height=\"350\" frameborder=\"0\"><\/iframe><\/p>\n\n\n\n\n","protected":false},"excerpt":{"rendered":"<p>Deti zo \u0160kolsk\u00e9ho klubu det\u00ed Z\u00e1kladnej \u0161koly J\u00e1na Zemana v spolupr\u00e1ci s mestom Nov\u00e1 Ba\u0148a poz\u00fdvaj\u00fa v\u0161etk\u00fdch kamar\u00e1tov a ich rodi\u010dov na Lampi\u00f3nov\u00fd sprievod, ktor\u00fd sa bude kona\u0165 16. novembra 2023. Stretneme sa o 17.30 hod na \u0161kolskom dvore Z\u00e1kladnej \u0161koly a sprievod ukon\u010d\u00edme v radni\u010dnom parku cca o 18.45 hod. Pom\u00f4\u017ete n\u00e1m vytvori\u0165 najdlh\u0161iu [&hellip;]<\/p>\n","protected":false},"author":3,"featured_media":20637,"menu_order":529,"comment_status":"open","ping_status":"closed","template":"","format":"standard","categories":[46],"tags":[],"class_list":["post-20636","podujatia","type-podujatia","status-publish","format-standard","has-post-thumbnail","hentry","category-podujatia"],"acf":[],"uagb_featured_image_src":{"full":["https:\/\/regiongron.sk\/hu\/wp-content\/uploads\/2023\/11\/lampionovy-sprievod-nova-bana-16.11.2023.jpg",1447,2048,false],"thumbnail":["https:\/\/regiongron.sk\/hu\/wp-content\/uploads\/2023\/11\/lampionovy-sprievod-nova-bana-16.11.2023-400x400.jpg",400,400,true],"medium":["https:\/\/regiongron.sk\/hu\/wp-content\/uploads\/2023\/11\/lampionovy-sprievod-nova-bana-16.11.2023-424x600.jpg",424,600,true],"medium_large":["https:\/\/regiongron.sk\/hu\/wp-content\/uploads\/2023\/11\/lampionovy-sprievod-nova-bana-16.11.2023-768x1087.jpg",768,1087,true],"large":["https:\/\/regiongron.sk\/hu\/wp-content\/uploads\/2023\/11\/lampionovy-sprievod-nova-bana-16.11.2023-724x1024.jpg",724,1024,true],"1536x1536":["https:\/\/regiongron.sk\/hu\/wp-content\/uploads\/2023\/11\/lampionovy-sprievod-nova-bana-16.11.2023-1085x1536.jpg",1085,1536,true],"2048x2048":["https:\/\/regiongron.sk\/hu\/wp-content\/uploads\/2023\/11\/lampionovy-sprievod-nova-bana-16.11.2023.jpg",1447,2048,false]},"uagb_author_info":{"display_name":"Gabriela Matlovi\u010dov\u00e1","author_link":"https:\/\/regiongron.sk\/hu\/author\/gabriela\/"},"uagb_comment_info":0,"uagb_excerpt":"Deti zo \u0160kolsk\u00e9ho klubu det\u00ed Z\u00e1kladnej \u0161koly J\u00e1na Zemana v spolupr\u00e1ci s mestom Nov\u00e1 Ba\u0148a poz\u00fdvaj\u00fa v\u0161etk\u00fdch kamar\u00e1tov a ich rodi\u010dov na Lampi\u00f3nov\u00fd sprievod, ktor\u00fd sa bude kona\u0165 16. novembra 2023. Stretneme sa o 17.30 hod na \u0161kolskom dvore Z\u00e1kladnej \u0161koly a sprievod ukon\u010d\u00edme v radni\u010dnom parku cca o 18.45 hod. Pom\u00f4\u017ete n\u00e1m vytvori\u0165 najdlh\u0161iu&hellip;","_links":{"self":[{"href":"https:\/\/regiongron.sk\/hu\/wp-json\/wp\/v2\/podujatia\/20636","targetHints":{"allow":["GET"]}}],"collection":[{"href":"https:\/\/regiongron.sk\/hu\/wp-json\/wp\/v2\/podujatia"}],"about":[{"href":"https:\/\/regiongron.sk\/hu\/wp-json\/wp\/v2\/types\/podujatia"}],"author":[{"embeddable":true,"href":"https:\/\/regiongron.sk\/hu\/wp-json\/wp\/v2\/users\/3"}],"replies":[{"embeddable":true,"href":"https:\/\/regiongron.sk\/hu\/wp-json\/wp\/v2\/comments?post=20636"}],"version-history":[{"count":2,"href":"https:\/\/regiongron.sk\/hu\/wp-json\/wp\/v2\/podujatia\/20636\/revisions"}],"predecessor-version":[{"id":20639,"href":"https:\/\/regiongron.sk\/hu\/wp-json\/wp\/v2\/podujatia\/20636\/revisions\/20639"}],"wp:featuredmedia":[{"embeddable":true,"href":"https:\/\/regiongron.sk\/hu\/wp-json\/wp\/v2\/media\/20637"}],"wp:attachment":[{"href":"https:\/\/regiongron.sk\/hu\/wp-json\/wp\/v2\/media?parent=20636"}],"wp:term":[{"taxonomy":"category","embeddable":true,"href":"https:\/\/regiongron.sk\/hu\/wp-json\/wp\/v2\/categories?post=20636"},{"taxonomy":"post_tag","embeddable":true,"href":"https:\/\/regiongron.sk\/hu\/wp-json\/wp\/v2\/tags?post=20636"}],"curies":[{"name":"wp","href":"https:\/\/api.w.org\/{rel}","templated":true}]}}

LAMPIÓNOVÝ SPRIEVOD, NOVÁ BAŇA, 16.11.2023

<div class="wp-block-image">
<figure class="aligncenter size-large"><img loading="lazy" decoding="async" width="724" height="1024" src="https://regiongron.sk/wp-content/uploads/2023/11/lampionovy-sprievod-nova-bana-16.11.2023-724x1024.jpg" alt="" class="wp-image-20637" srcset="https://regiongron.sk/hu/wp-content/uploads/2023/11/lampionovy-sprievod-nova-bana-16.11.2023-724x1024.jpg 724w, https://regiongron.sk/hu/wp-content/uploads/2023/11/lampionovy-sprievod-nova-bana-16.11.2023-424x600.jpg 424w, https://regiongron.sk/hu/wp-content/uploads/2023/11/lampionovy-sprievod-nova-bana-16.11.2023-768x1087.jpg 768w, https://regiongron.sk/hu/wp-content/uploads/2023/11/lampionovy-sprievod-nova-bana-16.11.2023-1085x1536.jpg 1085w, https://regiongron.sk/hu/wp-content/uploads/2023/11/lampionovy-sprievod-nova-bana-16.11.2023.jpg 1447w" sizes="auto, (max-width: 724px) 100vw, 724px" /></figure>
</div>


<p>Deti zo Školského klubu detí <a href="https://www.facebook.com/zsjana.zemana.3" data-type="link" data-id="https://www.facebook.com/zsjana.zemana.3">Základnej školy Jána Zemana</a> v spolupráci s mestom <a href="http://www.novabana.sk">Nová Baňa</a> pozývajú všetkých kamarátov a ich rodičov na Lampiónový sprievod, ktorý sa bude konať 16. novembra 2023. Stretneme sa o 17.30 hod na školskom dvore Základnej školy a sprievod ukončíme v radničnom parku cca o 18.45 hod.</p>



<p>Pomôžte nám vytvoriť najdlhšiu svetielkovú reťaz ulicami nášho mesta.</p>



<p>Na sprievod si prineste svetielka a lampióny.</p>



<p><strong>TERMÍN:</strong> štvrtok 16.11.2023, 17:30</p>



<p><strong>MIESTO STRETNUTIA: </strong>školský dvor ZŠ Jána Zemana</p>



<p><strong>VSTUP VOĽNÝ</strong></p>


<p><iframe loading="lazy" style="border:none" src="https://sk.frame.mapy.cz/s/remomotoje" width="100%" height="350" frameborder="0"></iframe></p>

<p>Deti zo Školského klubu detí Základnej školy Jána Zemana v spolupráci s mestom Nová Baňa pozývajú všetkých kamarátov a ich rodičov na Lampiónový sprievod, ktorý sa bude konať 16. novembra 2023. Stretneme sa o 17.30 hod na školskom dvore Základnej školy a sprievod ukončíme v radničnom parku cca o 18.45 hod. Pomôžte nám vytvoriť najdlhšiu [&hellip;]</p>

Gabriela Matlovičová

Deti zo Školského klubu detí Základnej školy Jána Zemana v spolupráci s mestom Nová Baňa pozývajú všetkých kamarátov a ich rodičov na Lampiónový sprievod, ktorý sa bude konať 16. novembra 2023. Stretneme sa o 17.30 hod na školskom dvore Základnej školy a sprievod ukončíme v radničnom parku cca o 18.45 hod. Pomôžte nám vytvoriť najdlhšiu&hellip;
