{"id":22751,"date":"2024-09-25T14:27:56","date_gmt":"2024-09-25T12:27:56","guid":{"rendered":"https:\/\/regiongron.sk\/?post_type=podujatia&#038;p=22751"},"modified":"2024-10-11T12:10:29","modified_gmt":"2024-10-11T10:10:29","slug":"svetovy-den-cestovneho-ruchu-pohronske-muzeum-nova-bana-27-9-2024","status":"publish","type":"podujatia","link":"https:\/\/regiongron.sk\/hu\/podujatia\/svetovy-den-cestovneho-ruchu-pohronske-muzeum-nova-bana-27-9-2024\/","title":{"rendered":"SVETOV\u00dd DE\u0147 CESTOVN\u00c9HO RUCHU, POHRONSK\u00c9 M\u00daZEUM NOV\u00c1 BA\u0147A, 27.9.2024"},"content":{"rendered":"<div class=\"wp-block-image\">\n<figure class=\"aligncenter size-large\"><img loading=\"lazy\" decoding=\"async\" width=\"724\" height=\"1024\" src=\"https:\/\/regiongron.sk\/wp-content\/uploads\/2024\/09\/Svetovy-den-cestovneho-ruchu-Pohronske-muzeum-Nova-Bana-27.9.2024-724x1024.jpg\" alt=\"\" class=\"wp-image-22752\" srcset=\"https:\/\/regiongron.sk\/hu\/wp-content\/uploads\/2024\/09\/Svetovy-den-cestovneho-ruchu-Pohronske-muzeum-Nova-Bana-27.9.2024-724x1024.jpg 724w, https:\/\/regiongron.sk\/hu\/wp-content\/uploads\/2024\/09\/Svetovy-den-cestovneho-ruchu-Pohronske-muzeum-Nova-Bana-27.9.2024-424x600.jpg 424w, https:\/\/regiongron.sk\/hu\/wp-content\/uploads\/2024\/09\/Svetovy-den-cestovneho-ruchu-Pohronske-muzeum-Nova-Bana-27.9.2024-768x1086.jpg 768w, https:\/\/regiongron.sk\/hu\/wp-content\/uploads\/2024\/09\/Svetovy-den-cestovneho-ruchu-Pohronske-muzeum-Nova-Bana-27.9.2024.jpg 794w\" sizes=\"auto, (max-width: 724px) 100vw, 724px\" \/><\/figure>\n<\/div>\n\n\n<p><strong>\u201eSvetov\u00fd de\u0148 cestovn\u00e9ho ruchu\u201c<\/strong><\/p>\n\n\n\n<p><strong>27. september 2024<\/strong><\/p>\n\n\n\n<p>V piatok 27. septembra si cel\u00fd svet pripom\u00edna v\u00fdznam cestovn\u00e9ho ruchu pre medzin\u00e1rodn\u00fa spolupr\u00e1cu, posil\u0148ovanie svetov\u00e9ho mieru, ochranu pr\u00edrody a kult\u00farneho dedi\u010dstva, zni\u017eovanie chudoby a nezamestnanosti vo svete a celkov\u00e9 zlep\u0161ovanie kvality \u017eivota.<\/p>\n\n\n\n<p>Pohronsk\u00e9 m\u00fazeum \u2013 organiz\u00e1cia Banskobystrick\u00e9ho samospr\u00e1vneho kraja v spolupr\u00e1ci s Oblastnou organiz\u00e1ciou cestovn\u00e9ho ruchu Regi\u00f3n GRON priprav\u00ed na tento term\u00edn zauj\u00edmav\u00fd program pre r\u00f4zne vekov\u00e9 kateg\u00f3rie. Doobedie bude venovan\u00e9 Z\u00e1kladn\u00fdm \u0161kol\u00e1m, ktor\u00e9 sa u n\u00e1s zozn\u00e1mia s 11 st\u00e1lymi expoz\u00edciami m\u00fazea, vr\u00e1tane novej vulkanologickej expoz\u00edcie a aktu\u00e1lnymi v\u00fdstavami, ktor\u00fdmi s\u00fa: \u010caro krasopisu \u2013 ru\u010dne p\u00edsan\u00e9 kaligrafick\u00e9 obrazy, zdoben\u00e9 jedine\u010dn\u00fdm slovensk\u00fdm ornamentom, v ktor\u00fdch autorka zobrazuje kr\u00e1su slovensk\u00fdch ver\u0161ov, piesn\u00ed, \u013eudov\u00fdch a in\u00fdch m\u00fadrost\u00ed a Storo\u010die v m\u00fazeu, ktor\u00e1 predstav\u00ed jednotliv\u00e9 dek\u00e1dy slovensk\u00fdch i svetov\u00fdch dej\u00edn prostredn\u00edctvom kultov\u00fdch predmetov, dokumentov a fotografi\u00ed zo zbierok Pohronsk\u00e9ho m\u00fazea.<\/p>\n\n\n\n<p>Po\u010das doobedia bude pre detsk\u00fdch n\u00e1v\u0161tevn\u00edkov pripraven\u00e9 aj ur\u010dovanie zauj\u00edmavosti z Regi\u00f3nu GRON na slepej mape, \u010di spozn\u00e1vanie zauj\u00edmavost\u00ed prostredn\u00edctvom pripraven\u00fdch fotografi\u00ed. Nebude ch\u00fdba\u0165 ani ob\u013e\u00faben\u00fd region\u00e1lny kv\u00edz. Mal\u00fdch aj ve\u013ek\u00fdch \u010dak\u00e1 i interakt\u00edvna hra Tajomstvo m\u00fazea.<\/p>\n\n\n\n<p>V tento de\u0148 bude ma\u0165 vo vstupe n\u00e1\u0161ho m\u00fazea st\u00e1nok Regi\u00f3n GRON, ktor\u00fd pon\u00fakne rady, tipy a \u0161irok\u00fa \u0161k\u00e1lu propaga\u010dn\u00fdch materi\u00e1lov, \u010do a kde sa oplat\u00ed v regi\u00f3ne pozrie\u0165 a za\u017ei\u0165. Po\u010das otv\u00e1rac\u00edch hod\u00edn m\u00fazea si n\u00e1v\u0161tevn\u00edci m\u00f4\u017eu prezrie\u0165 na\u0161e v\u00fdstavn\u00e9 i expozi\u010dn\u00e9 priestory, vr\u00e1tane expoz\u00edci\u00ed o Potterovom stroji a Ban\u00edctve. Bansk\u00e1 te\u00f3ria sa n\u00e1v\u0161tevn\u00edkom prepoj\u00ed s praktickou uk\u00e1\u017ekou v \u010dase medzi 9,00 - 14,00, kedy \u0161irok\u00fa verejnos\u0165 \u010dak\u00e1 prehliadka n\u00e1leziska z\u00e1kladov strojovne Potterovho stroja s ban\u00edkom Branislavom Medve\u010fom. V \u010dase od 16,00 kur\u00e1torka v\u00fdstavy Mgr. Hana Zduchov\u00e1 prevedie n\u00e1v\u0161tevn\u00edkov aktu\u00e1lnou v\u00fdstavou Storo\u010die v m\u00fazeu.<\/p>\n\n\n\n<p>O 17,00 hodine \u010dak\u00e1 deti b\u00e1bkov\u00e9 divadlo \u201eNe\u00factiv\u00fd princ\u201c v podan\u00ed B\u00e1bkov\u00e9ho divadla Lienka. Interakt\u00edvna rozpr\u00e1vka opisuje pr\u00edbeh princa Jon\u00e1\u0161a, ktor\u00fd si mus\u00ed n\u00e1js\u0165 nevestu.<\/p>\n\n\n\n<p>\u017diadna princezn\u00e1 ho v\u0161ak nechce, preto\u017ee princ sa ka\u017ed\u00e9mu vysmieva a ur\u00e1\u017ea ich. Za svoje spr\u00e1vanie je za\u010darovan\u00fd do inej podoby. Mus\u00ed sa vyda\u0165 do sveta, aby si uvedomil, \u010do je v \u017eivote d\u00f4le\u017eit\u00e9 a na\u0161iel si l\u00e1sku. Pr\u00edbeh prin\u00e1\u0161a ponau\u010denie.<\/p>\n\n\n\n<p>Posledn\u00fdm bodom programu bude o 19,00 hudobn\u00e9 vyst\u00fapenie nadan\u00fdch \u017eia\u010dok Z\u00e1kladnej umeleckej \u0161koly \u017darnovica Katar\u00edny G\u00e1borovej \/spev a klav\u00edr\/ a Karol\u00edny Kaliakovej \/spev a gitara\/.<\/p>\n","protected":false},"excerpt":{"rendered":"<p>\u201eSvetov\u00fd de\u0148 cestovn\u00e9ho ruchu\u201c 27. september 2024 V piatok 27. septembra si cel\u00fd svet pripom\u00edna v\u00fdznam cestovn\u00e9ho ruchu pre medzin\u00e1rodn\u00fa spolupr\u00e1cu, posil\u0148ovanie svetov\u00e9ho mieru, ochranu pr\u00edrody a kult\u00farneho dedi\u010dstva, zni\u017eovanie chudoby a nezamestnanosti vo svete a celkov\u00e9 zlep\u0161ovanie kvality \u017eivota. Pohronsk\u00e9 m\u00fazeum \u2013 organiz\u00e1cia Banskobystrick\u00e9ho samospr\u00e1vneho kraja v spolupr\u00e1ci s Oblastnou organiz\u00e1ciou cestovn\u00e9ho ruchu Regi\u00f3n [&hellip;]<\/p>\n","protected":false},"author":3,"featured_media":22753,"menu_order":201,"comment_status":"open","ping_status":"closed","template":"","format":"standard","categories":[46],"tags":[],"class_list":["post-22751","podujatia","type-podujatia","status-publish","format-standard","has-post-thumbnail","hentry","category-podujatia"],"acf":[],"uagb_featured_image_src":{"full":["https:\/\/regiongron.sk\/hu\/wp-content\/uploads\/2024\/09\/stvorec-Svetovy-den-cestovneho-ruchu-Pohronske-muzeum-Nova-Bana-27.9.2024.jpg",794,794,false],"thumbnail":["https:\/\/regiongron.sk\/hu\/wp-content\/uploads\/2024\/09\/stvorec-Svetovy-den-cestovneho-ruchu-Pohronske-muzeum-Nova-Bana-27.9.2024-400x400.jpg",400,400,true],"medium":["https:\/\/regiongron.sk\/hu\/wp-content\/uploads\/2024\/09\/stvorec-Svetovy-den-cestovneho-ruchu-Pohronske-muzeum-Nova-Bana-27.9.2024-600x600.jpg",600,600,true],"medium_large":["https:\/\/regiongron.sk\/hu\/wp-content\/uploads\/2024\/09\/stvorec-Svetovy-den-cestovneho-ruchu-Pohronske-muzeum-Nova-Bana-27.9.2024-768x768.jpg",768,768,true],"large":["https:\/\/regiongron.sk\/hu\/wp-content\/uploads\/2024\/09\/stvorec-Svetovy-den-cestovneho-ruchu-Pohronske-muzeum-Nova-Bana-27.9.2024.jpg",794,794,false],"1536x1536":["https:\/\/regiongron.sk\/hu\/wp-content\/uploads\/2024\/09\/stvorec-Svetovy-den-cestovneho-ruchu-Pohronske-muzeum-Nova-Bana-27.9.2024.jpg",794,794,false],"2048x2048":["https:\/\/regiongron.sk\/hu\/wp-content\/uploads\/2024\/09\/stvorec-Svetovy-den-cestovneho-ruchu-Pohronske-muzeum-Nova-Bana-27.9.2024.jpg",794,794,false]},"uagb_author_info":{"display_name":"Gabriela Matlovi\u010dov\u00e1","author_link":"https:\/\/regiongron.sk\/hu\/author\/gabriela\/"},"uagb_comment_info":0,"uagb_excerpt":"\u201eSvetov\u00fd de\u0148 cestovn\u00e9ho ruchu\u201c 27. september 2024 V piatok 27. septembra si cel\u00fd svet pripom\u00edna v\u00fdznam cestovn\u00e9ho ruchu pre medzin\u00e1rodn\u00fa spolupr\u00e1cu, posil\u0148ovanie svetov\u00e9ho mieru, ochranu pr\u00edrody a kult\u00farneho dedi\u010dstva, zni\u017eovanie chudoby a nezamestnanosti vo svete a celkov\u00e9 zlep\u0161ovanie kvality \u017eivota. Pohronsk\u00e9 m\u00fazeum \u2013 organiz\u00e1cia Banskobystrick\u00e9ho samospr\u00e1vneho kraja v spolupr\u00e1ci s Oblastnou organiz\u00e1ciou cestovn\u00e9ho ruchu Regi\u00f3n&hellip;","_links":{"self":[{"href":"https:\/\/regiongron.sk\/hu\/wp-json\/wp\/v2\/podujatia\/22751","targetHints":{"allow":["GET"]}}],"collection":[{"href":"https:\/\/regiongron.sk\/hu\/wp-json\/wp\/v2\/podujatia"}],"about":[{"href":"https:\/\/regiongron.sk\/hu\/wp-json\/wp\/v2\/types\/podujatia"}],"author":[{"embeddable":true,"href":"https:\/\/regiongron.sk\/hu\/wp-json\/wp\/v2\/users\/3"}],"replies":[{"embeddable":true,"href":"https:\/\/regiongron.sk\/hu\/wp-json\/wp\/v2\/comments?post=22751"}],"version-history":[{"count":1,"href":"https:\/\/regiongron.sk\/hu\/wp-json\/wp\/v2\/podujatia\/22751\/revisions"}],"predecessor-version":[{"id":22754,"href":"https:\/\/regiongron.sk\/hu\/wp-json\/wp\/v2\/podujatia\/22751\/revisions\/22754"}],"wp:featuredmedia":[{"embeddable":true,"href":"https:\/\/regiongron.sk\/hu\/wp-json\/wp\/v2\/media\/22753"}],"wp:attachment":[{"href":"https:\/\/regiongron.sk\/hu\/wp-json\/wp\/v2\/media?parent=22751"}],"wp:term":[{"taxonomy":"category","embeddable":true,"href":"https:\/\/regiongron.sk\/hu\/wp-json\/wp\/v2\/categories?post=22751"},{"taxonomy":"post_tag","embeddable":true,"href":"https:\/\/regiongron.sk\/hu\/wp-json\/wp\/v2\/tags?post=22751"}],"curies":[{"name":"wp","href":"https:\/\/api.w.org\/{rel}","templated":true}]}}

SVETOVÝ DEŇ CESTOVNÉHO RUCHU, POHRONSKÉ MÚZEUM NOVÁ BAŇA, 27.9.2024

<div class="wp-block-image">
<figure class="aligncenter size-large"><img loading="lazy" decoding="async" width="724" height="1024" src="https://regiongron.sk/wp-content/uploads/2024/09/Svetovy-den-cestovneho-ruchu-Pohronske-muzeum-Nova-Bana-27.9.2024-724x1024.jpg" alt="" class="wp-image-22752" srcset="https://regiongron.sk/hu/wp-content/uploads/2024/09/Svetovy-den-cestovneho-ruchu-Pohronske-muzeum-Nova-Bana-27.9.2024-724x1024.jpg 724w, https://regiongron.sk/hu/wp-content/uploads/2024/09/Svetovy-den-cestovneho-ruchu-Pohronske-muzeum-Nova-Bana-27.9.2024-424x600.jpg 424w, https://regiongron.sk/hu/wp-content/uploads/2024/09/Svetovy-den-cestovneho-ruchu-Pohronske-muzeum-Nova-Bana-27.9.2024-768x1086.jpg 768w, https://regiongron.sk/hu/wp-content/uploads/2024/09/Svetovy-den-cestovneho-ruchu-Pohronske-muzeum-Nova-Bana-27.9.2024.jpg 794w" sizes="auto, (max-width: 724px) 100vw, 724px" /></figure>
</div>


<p><strong>„Svetový deň cestovného ruchu“</strong></p>



<p><strong>27. september 2024</strong></p>



<p>V piatok 27. septembra si celý svet pripomína význam cestovného ruchu pre medzinárodnú spoluprácu, posilňovanie svetového mieru, ochranu prírody a kultúrneho dedičstva, znižovanie chudoby a nezamestnanosti vo svete a celkové zlepšovanie kvality života.</p>



<p>Pohronské múzeum – organizácia Banskobystrického samosprávneho kraja v spolupráci s Oblastnou organizáciou cestovného ruchu Región GRON pripraví na tento termín zaujímavý program pre rôzne vekové kategórie. Doobedie bude venované Základným školám, ktoré sa u nás zoznámia s 11 stálymi expozíciami múzea, vrátane novej vulkanologickej expozície a aktuálnymi výstavami, ktorými sú: Čaro krasopisu – ručne písané kaligrafické obrazy, zdobené jedinečným slovenským ornamentom, v ktorých autorka zobrazuje krásu slovenských veršov, piesní, ľudových a iných múdrostí a Storočie v múzeu, ktorá predstaví jednotlivé dekády slovenských i svetových dejín prostredníctvom kultových predmetov, dokumentov a fotografií zo zbierok Pohronského múzea.</p>



<p>Počas doobedia bude pre detských návštevníkov pripravené aj určovanie zaujímavosti z Regiónu GRON na slepej mape, či spoznávanie zaujímavostí prostredníctvom pripravených fotografií. Nebude chýbať ani obľúbený regionálny kvíz. Malých aj veľkých čaká i interaktívna hra Tajomstvo múzea.</p>



<p>V tento deň bude mať vo vstupe nášho múzea stánok Región GRON, ktorý ponúkne rady, tipy a širokú škálu propagačných materiálov, čo a kde sa oplatí v regióne pozrieť a zažiť. Počas otváracích hodín múzea si návštevníci môžu prezrieť naše výstavné i expozičné priestory, vrátane expozícií o Potterovom stroji a Baníctve. Banská teória sa návštevníkom prepojí s praktickou ukážkou v čase medzi 9,00 - 14,00, kedy širokú verejnosť čaká prehliadka náleziska základov strojovne Potterovho stroja s baníkom Branislavom Medveďom. V čase od 16,00 kurátorka výstavy Mgr. Hana Zduchová prevedie návštevníkov aktuálnou výstavou Storočie v múzeu.</p>



<p>O 17,00 hodine čaká deti bábkové divadlo „Neúctivý princ“ v podaní Bábkového divadla Lienka. Interaktívna rozprávka opisuje príbeh princa Jonáša, ktorý si musí nájsť nevestu.</p>



<p>Žiadna princezná ho však nechce, pretože princ sa každému vysmieva a uráža ich. Za svoje správanie je začarovaný do inej podoby. Musí sa vydať do sveta, aby si uvedomil, čo je v živote dôležité a našiel si lásku. Príbeh prináša ponaučenie.</p>



<p>Posledným bodom programu bude o 19,00 hudobné vystúpenie nadaných žiačok Základnej umeleckej školy Žarnovica Kataríny Gáborovej /spev a klavír/ a Karolíny Kaliakovej /spev a gitara/.</p>

<p>„Svetový deň cestovného ruchu“ 27. september 2024 V piatok 27. septembra si celý svet pripomína význam cestovného ruchu pre medzinárodnú spoluprácu, posilňovanie svetového mieru, ochranu prírody a kultúrneho dedičstva, znižovanie chudoby a nezamestnanosti vo svete a celkové zlepšovanie kvality života. Pohronské múzeum – organizácia Banskobystrického samosprávneho kraja v spolupráci s Oblastnou organizáciou cestovného ruchu Región [&hellip;]</p>

Gabriela Matlovičová

„Svetový deň cestovného ruchu“ 27. september 2024 V piatok 27. septembra si celý svet pripomína význam cestovného ruchu pre medzinárodnú spoluprácu, posilňovanie svetového mieru, ochranu prírody a kultúrneho dedičstva, znižovanie chudoby a nezamestnanosti vo svete a celkové zlepšovanie kvality života. Pohronské múzeum – organizácia Banskobystrického samosprávneho kraja v spolupráci s Oblastnou organizáciou cestovného ruchu Región&hellip;
