{"id":23171,"date":"2024-11-20T12:21:23","date_gmt":"2024-11-20T11:21:23","guid":{"rendered":"https:\/\/regiongron.sk\/?post_type=podujatia&#038;p=23171"},"modified":"2024-11-20T12:22:22","modified_gmt":"2024-11-20T11:22:22","slug":"23171","status":"publish","type":"podujatia","link":"https:\/\/regiongron.sk\/hu\/podujatia\/23171\/","title":{"rendered":"DE\u0147 OTVOREN\u00ddCH DVER\u00cd, SO\u0160 \u017dARNOVICA, 13.12.2024"},"content":{"rendered":"<div class=\"wp-block-image\">\n<figure class=\"aligncenter size-large\"><img loading=\"lazy\" decoding=\"async\" width=\"1024\" height=\"724\" src=\"https:\/\/regiongron.sk\/wp-content\/uploads\/2024\/11\/den-otvorenych-dveri-SOS-Zarnovica-13.12.2024-1024x724.jpg\" alt=\"\" class=\"wp-image-23173\" srcset=\"https:\/\/regiongron.sk\/hu\/wp-content\/uploads\/2024\/11\/den-otvorenych-dveri-SOS-Zarnovica-13.12.2024-1024x724.jpg 1024w, https:\/\/regiongron.sk\/hu\/wp-content\/uploads\/2024\/11\/den-otvorenych-dveri-SOS-Zarnovica-13.12.2024-600x424.jpg 600w, https:\/\/regiongron.sk\/hu\/wp-content\/uploads\/2024\/11\/den-otvorenych-dveri-SOS-Zarnovica-13.12.2024-768x543.jpg 768w, https:\/\/regiongron.sk\/hu\/wp-content\/uploads\/2024\/11\/den-otvorenych-dveri-SOS-Zarnovica-13.12.2024.jpg 1461w\" sizes=\"auto, (max-width: 1024px) 100vw, 1024px\" \/><\/figure>\n<\/div>\n\n\n<p>Chce\u0161 sa dozvedie\u0165, \u010do v\u0161etko pon\u00faka <strong>Stredn\u00e1 odborn\u00e1 \u0161kola \u017darnovica<\/strong>? Zisti\u0165 viac o modern\u00fdch technol\u00f3gi\u00e1ch, vzdel\u00e1vac\u00edch programoch a unik\u00e1tnych pr\u00edle\u017eitostiach!<\/p>\n\n\n\n<p><strong>Pr\u00ed\u010f na de\u0148 otvoren\u00fdch dver\u00ed 13. decembra 2024 a za\u017ei \u0161kolu, ktor\u00e1 formuje bud\u00facnos\u0165.<\/strong><\/p>\n\n\n\n<p>Zauj\u00edma \u0165a CNC technika, grafika, marketing alebo stol\u00e1r\u010dina? U n\u00e1s n\u00e1jde\u0161 programy, ktor\u00e9 \u0165a pripravia na prax.<\/p>\n\n\n\n<p>Okrem prehliadky \u0161koly \u0165a \u010dakaj\u00fa aj praktick\u00e9 workshopy a uk\u00e1\u017eky zo v\u0161etk\u00fdch na\u0161ich odborov!<\/p>\n\n\n\n<p><strong>\u010eal\u0161ie inform\u00e1cie o \u0161kole \u010di \u0161tudijn\u00fdch odboroch n\u00e1jde\u0161 na str\u00e1nke: <a href=\"https:\/\/soszc.edupage.org\/\">https:\/\/soszc.edupage.org\/<\/a><\/strong><\/p>\n\n\n\n<figure class=\"wp-block-gallery has-nested-images columns-2 is-cropped wp-block-gallery-1 is-layout-flex wp-block-gallery-is-layout-flex\">\n<figure class=\"wp-block-image size-large\"><img loading=\"lazy\" decoding=\"async\" width=\"1024\" height=\"724\" data-id=\"23174\" src=\"https:\/\/regiongron.sk\/wp-content\/uploads\/2024\/11\/den-otvorenych-dveri-SOS-Zarnovica-odbor-digitalny-marketing-13.12.2024-1024x724.jpg\" alt=\"\" class=\"wp-image-23174\" srcset=\"https:\/\/regiongron.sk\/hu\/wp-content\/uploads\/2024\/11\/den-otvorenych-dveri-SOS-Zarnovica-odbor-digitalny-marketing-13.12.2024-1024x724.jpg 1024w, https:\/\/regiongron.sk\/hu\/wp-content\/uploads\/2024\/11\/den-otvorenych-dveri-SOS-Zarnovica-odbor-digitalny-marketing-13.12.2024-600x424.jpg 600w, https:\/\/regiongron.sk\/hu\/wp-content\/uploads\/2024\/11\/den-otvorenych-dveri-SOS-Zarnovica-odbor-digitalny-marketing-13.12.2024-768x543.jpg 768w, https:\/\/regiongron.sk\/hu\/wp-content\/uploads\/2024\/11\/den-otvorenych-dveri-SOS-Zarnovica-odbor-digitalny-marketing-13.12.2024-1536x1086.jpg 1536w, https:\/\/regiongron.sk\/hu\/wp-content\/uploads\/2024\/11\/den-otvorenych-dveri-SOS-Zarnovica-odbor-digitalny-marketing-13.12.2024.jpg 1654w\" sizes=\"auto, (max-width: 1024px) 100vw, 1024px\" \/><\/figure>\n\n\n\n<figure class=\"wp-block-image size-large\"><img loading=\"lazy\" decoding=\"async\" width=\"1024\" height=\"725\" data-id=\"23177\" src=\"https:\/\/regiongron.sk\/wp-content\/uploads\/2024\/11\/den-otvorenych-dveri-SOS-Zarnovica-odbor-grafik-digitalnych-medii-13.12.2024-1024x725.jpg\" alt=\"\" class=\"wp-image-23177\" srcset=\"https:\/\/regiongron.sk\/hu\/wp-content\/uploads\/2024\/11\/den-otvorenych-dveri-SOS-Zarnovica-odbor-grafik-digitalnych-medii-13.12.2024-1024x725.jpg 1024w, https:\/\/regiongron.sk\/hu\/wp-content\/uploads\/2024\/11\/den-otvorenych-dveri-SOS-Zarnovica-odbor-grafik-digitalnych-medii-13.12.2024-600x425.jpg 600w, https:\/\/regiongron.sk\/hu\/wp-content\/uploads\/2024\/11\/den-otvorenych-dveri-SOS-Zarnovica-odbor-grafik-digitalnych-medii-13.12.2024-768x543.jpg 768w, https:\/\/regiongron.sk\/hu\/wp-content\/uploads\/2024\/11\/den-otvorenych-dveri-SOS-Zarnovica-odbor-grafik-digitalnych-medii-13.12.2024-1536x1087.jpg 1536w, https:\/\/regiongron.sk\/hu\/wp-content\/uploads\/2024\/11\/den-otvorenych-dveri-SOS-Zarnovica-odbor-grafik-digitalnych-medii-13.12.2024.jpg 2048w\" sizes=\"auto, (max-width: 1024px) 100vw, 1024px\" \/><\/figure>\n\n\n\n<figure class=\"wp-block-image size-large\"><img loading=\"lazy\" decoding=\"async\" width=\"1024\" height=\"725\" data-id=\"23175\" src=\"https:\/\/regiongron.sk\/wp-content\/uploads\/2024\/11\/den-otvorenych-dveri-SOS-Zarnovica-odbor-mechanik-cislicovo-riadenych-strojov-13.12.2024-1024x725.jpg\" alt=\"\" class=\"wp-image-23175\" srcset=\"https:\/\/regiongron.sk\/hu\/wp-content\/uploads\/2024\/11\/den-otvorenych-dveri-SOS-Zarnovica-odbor-mechanik-cislicovo-riadenych-strojov-13.12.2024-1024x725.jpg 1024w, https:\/\/regiongron.sk\/hu\/wp-content\/uploads\/2024\/11\/den-otvorenych-dveri-SOS-Zarnovica-odbor-mechanik-cislicovo-riadenych-strojov-13.12.2024-600x425.jpg 600w, https:\/\/regiongron.sk\/hu\/wp-content\/uploads\/2024\/11\/den-otvorenych-dveri-SOS-Zarnovica-odbor-mechanik-cislicovo-riadenych-strojov-13.12.2024-768x543.jpg 768w, https:\/\/regiongron.sk\/hu\/wp-content\/uploads\/2024\/11\/den-otvorenych-dveri-SOS-Zarnovica-odbor-mechanik-cislicovo-riadenych-strojov-13.12.2024-1536x1087.jpg 1536w, https:\/\/regiongron.sk\/hu\/wp-content\/uploads\/2024\/11\/den-otvorenych-dveri-SOS-Zarnovica-odbor-mechanik-cislicovo-riadenych-strojov-13.12.2024.jpg 2048w\" sizes=\"auto, (max-width: 1024px) 100vw, 1024px\" \/><\/figure>\n\n\n\n<figure class=\"wp-block-image size-large\"><img loading=\"lazy\" decoding=\"async\" width=\"1024\" height=\"724\" data-id=\"23176\" src=\"https:\/\/regiongron.sk\/wp-content\/uploads\/2024\/11\/den-otvorenych-dveri-SOS-Zarnovica-odbor-stolar-13.12.2024-1024x724.jpg\" alt=\"\" class=\"wp-image-23176\" srcset=\"https:\/\/regiongron.sk\/hu\/wp-content\/uploads\/2024\/11\/den-otvorenych-dveri-SOS-Zarnovica-odbor-stolar-13.12.2024-1024x724.jpg 1024w, https:\/\/regiongron.sk\/hu\/wp-content\/uploads\/2024\/11\/den-otvorenych-dveri-SOS-Zarnovica-odbor-stolar-13.12.2024-600x424.jpg 600w, https:\/\/regiongron.sk\/hu\/wp-content\/uploads\/2024\/11\/den-otvorenych-dveri-SOS-Zarnovica-odbor-stolar-13.12.2024-768x543.jpg 768w, https:\/\/regiongron.sk\/hu\/wp-content\/uploads\/2024\/11\/den-otvorenych-dveri-SOS-Zarnovica-odbor-stolar-13.12.2024-1536x1086.jpg 1536w, https:\/\/regiongron.sk\/hu\/wp-content\/uploads\/2024\/11\/den-otvorenych-dveri-SOS-Zarnovica-odbor-stolar-13.12.2024.jpg 2048w\" sizes=\"auto, (max-width: 1024px) 100vw, 1024px\" \/><\/figure>\n<\/figure>\n","protected":false},"excerpt":{"rendered":"<p>Chce\u0161 sa dozvedie\u0165, \u010do v\u0161etko pon\u00faka Stredn\u00e1 odborn\u00e1 \u0161kola \u017darnovica? Zisti\u0165 viac o modern\u00fdch technol\u00f3gi\u00e1ch, vzdel\u00e1vac\u00edch programoch a unik\u00e1tnych pr\u00edle\u017eitostiach! Pr\u00ed\u010f na de\u0148 otvoren\u00fdch dver\u00ed 13. decembra 2024 a za\u017ei \u0161kolu, ktor\u00e1 formuje bud\u00facnos\u0165. Zauj\u00edma \u0165a CNC technika, grafika, marketing alebo stol\u00e1r\u010dina? U n\u00e1s n\u00e1jde\u0161 programy, ktor\u00e9 \u0165a pripravia na prax. Okrem prehliadky \u0161koly \u0165a [&hellip;]<\/p>\n","protected":false},"author":3,"featured_media":23172,"menu_order":112,"comment_status":"open","ping_status":"closed","template":"","format":"standard","categories":[46],"tags":[],"class_list":["post-23171","podujatia","type-podujatia","status-publish","format-standard","has-post-thumbnail","hentry","category-podujatia"],"acf":[],"uagb_featured_image_src":{"full":["https:\/\/regiongron.sk\/hu\/wp-content\/uploads\/2024\/11\/stvorec-den-otvorenych-dveri-SOS-Zarnovica-13.12.2024.jpg",1080,1080,false],"thumbnail":["https:\/\/regiongron.sk\/hu\/wp-content\/uploads\/2024\/11\/stvorec-den-otvorenych-dveri-SOS-Zarnovica-13.12.2024-400x400.jpg",400,400,true],"medium":["https:\/\/regiongron.sk\/hu\/wp-content\/uploads\/2024\/11\/stvorec-den-otvorenych-dveri-SOS-Zarnovica-13.12.2024-600x600.jpg",600,600,true],"medium_large":["https:\/\/regiongron.sk\/hu\/wp-content\/uploads\/2024\/11\/stvorec-den-otvorenych-dveri-SOS-Zarnovica-13.12.2024-768x768.jpg",768,768,true],"large":["https:\/\/regiongron.sk\/hu\/wp-content\/uploads\/2024\/11\/stvorec-den-otvorenych-dveri-SOS-Zarnovica-13.12.2024-1024x1024.jpg",1024,1024,true],"1536x1536":["https:\/\/regiongron.sk\/hu\/wp-content\/uploads\/2024\/11\/stvorec-den-otvorenych-dveri-SOS-Zarnovica-13.12.2024.jpg",1080,1080,false],"2048x2048":["https:\/\/regiongron.sk\/hu\/wp-content\/uploads\/2024\/11\/stvorec-den-otvorenych-dveri-SOS-Zarnovica-13.12.2024.jpg",1080,1080,false]},"uagb_author_info":{"display_name":"Gabriela Matlovi\u010dov\u00e1","author_link":"https:\/\/regiongron.sk\/hu\/author\/gabriela\/"},"uagb_comment_info":0,"uagb_excerpt":"Chce\u0161 sa dozvedie\u0165, \u010do v\u0161etko pon\u00faka Stredn\u00e1 odborn\u00e1 \u0161kola \u017darnovica? Zisti\u0165 viac o modern\u00fdch technol\u00f3gi\u00e1ch, vzdel\u00e1vac\u00edch programoch a unik\u00e1tnych pr\u00edle\u017eitostiach! Pr\u00ed\u010f na de\u0148 otvoren\u00fdch dver\u00ed 13. decembra 2024 a za\u017ei \u0161kolu, ktor\u00e1 formuje bud\u00facnos\u0165. Zauj\u00edma \u0165a CNC technika, grafika, marketing alebo stol\u00e1r\u010dina? U n\u00e1s n\u00e1jde\u0161 programy, ktor\u00e9 \u0165a pripravia na prax. Okrem prehliadky \u0161koly \u0165a&hellip;","_links":{"self":[{"href":"https:\/\/regiongron.sk\/hu\/wp-json\/wp\/v2\/podujatia\/23171","targetHints":{"allow":["GET"]}}],"collection":[{"href":"https:\/\/regiongron.sk\/hu\/wp-json\/wp\/v2\/podujatia"}],"about":[{"href":"https:\/\/regiongron.sk\/hu\/wp-json\/wp\/v2\/types\/podujatia"}],"author":[{"embeddable":true,"href":"https:\/\/regiongron.sk\/hu\/wp-json\/wp\/v2\/users\/3"}],"replies":[{"embeddable":true,"href":"https:\/\/regiongron.sk\/hu\/wp-json\/wp\/v2\/comments?post=23171"}],"version-history":[{"count":2,"href":"https:\/\/regiongron.sk\/hu\/wp-json\/wp\/v2\/podujatia\/23171\/revisions"}],"predecessor-version":[{"id":23179,"href":"https:\/\/regiongron.sk\/hu\/wp-json\/wp\/v2\/podujatia\/23171\/revisions\/23179"}],"wp:featuredmedia":[{"embeddable":true,"href":"https:\/\/regiongron.sk\/hu\/wp-json\/wp\/v2\/media\/23172"}],"wp:attachment":[{"href":"https:\/\/regiongron.sk\/hu\/wp-json\/wp\/v2\/media?parent=23171"}],"wp:term":[{"taxonomy":"category","embeddable":true,"href":"https:\/\/regiongron.sk\/hu\/wp-json\/wp\/v2\/categories?post=23171"},{"taxonomy":"post_tag","embeddable":true,"href":"https:\/\/regiongron.sk\/hu\/wp-json\/wp\/v2\/tags?post=23171"}],"curies":[{"name":"wp","href":"https:\/\/api.w.org\/{rel}","templated":true}]}}

DEŇ OTVORENÝCH DVERÍ, SOŠ ŽARNOVICA, 13.12.2024

<div class="wp-block-image">
<figure class="aligncenter size-large"><img loading="lazy" decoding="async" width="1024" height="724" src="https://regiongron.sk/wp-content/uploads/2024/11/den-otvorenych-dveri-SOS-Zarnovica-13.12.2024-1024x724.jpg" alt="" class="wp-image-23173" srcset="https://regiongron.sk/hu/wp-content/uploads/2024/11/den-otvorenych-dveri-SOS-Zarnovica-13.12.2024-1024x724.jpg 1024w, https://regiongron.sk/hu/wp-content/uploads/2024/11/den-otvorenych-dveri-SOS-Zarnovica-13.12.2024-600x424.jpg 600w, https://regiongron.sk/hu/wp-content/uploads/2024/11/den-otvorenych-dveri-SOS-Zarnovica-13.12.2024-768x543.jpg 768w, https://regiongron.sk/hu/wp-content/uploads/2024/11/den-otvorenych-dveri-SOS-Zarnovica-13.12.2024.jpg 1461w" sizes="auto, (max-width: 1024px) 100vw, 1024px" /></figure>
</div>


<p>Chceš sa dozvedieť, čo všetko ponúka <strong>Stredná odborná škola Žarnovica</strong>? Zistiť viac o moderných technológiách, vzdelávacích programoch a unikátnych príležitostiach!</p>



<p><strong>Príď na deň otvorených dverí 13. decembra 2024 a zaži školu, ktorá formuje budúcnosť.</strong></p>



<p>Zaujíma ťa CNC technika, grafika, marketing alebo stolárčina? U nás nájdeš programy, ktoré ťa pripravia na prax.</p>



<p>Okrem prehliadky školy ťa čakajú aj praktické workshopy a ukážky zo všetkých našich odborov!</p>



<p><strong>Ďalšie informácie o škole či študijných odboroch nájdeš na stránke: <a href="https://soszc.edupage.org/">https://soszc.edupage.org/</a></strong></p>



<figure class="wp-block-gallery has-nested-images columns-2 is-cropped wp-block-gallery-1 is-layout-flex wp-block-gallery-is-layout-flex">
<figure class="wp-block-image size-large"><img loading="lazy" decoding="async" width="1024" height="724" data-id="23174" src="https://regiongron.sk/wp-content/uploads/2024/11/den-otvorenych-dveri-SOS-Zarnovica-odbor-digitalny-marketing-13.12.2024-1024x724.jpg" alt="" class="wp-image-23174" srcset="https://regiongron.sk/hu/wp-content/uploads/2024/11/den-otvorenych-dveri-SOS-Zarnovica-odbor-digitalny-marketing-13.12.2024-1024x724.jpg 1024w, https://regiongron.sk/hu/wp-content/uploads/2024/11/den-otvorenych-dveri-SOS-Zarnovica-odbor-digitalny-marketing-13.12.2024-600x424.jpg 600w, https://regiongron.sk/hu/wp-content/uploads/2024/11/den-otvorenych-dveri-SOS-Zarnovica-odbor-digitalny-marketing-13.12.2024-768x543.jpg 768w, https://regiongron.sk/hu/wp-content/uploads/2024/11/den-otvorenych-dveri-SOS-Zarnovica-odbor-digitalny-marketing-13.12.2024-1536x1086.jpg 1536w, https://regiongron.sk/hu/wp-content/uploads/2024/11/den-otvorenych-dveri-SOS-Zarnovica-odbor-digitalny-marketing-13.12.2024.jpg 1654w" sizes="auto, (max-width: 1024px) 100vw, 1024px" /></figure>



<figure class="wp-block-image size-large"><img loading="lazy" decoding="async" width="1024" height="725" data-id="23177" src="https://regiongron.sk/wp-content/uploads/2024/11/den-otvorenych-dveri-SOS-Zarnovica-odbor-grafik-digitalnych-medii-13.12.2024-1024x725.jpg" alt="" class="wp-image-23177" srcset="https://regiongron.sk/hu/wp-content/uploads/2024/11/den-otvorenych-dveri-SOS-Zarnovica-odbor-grafik-digitalnych-medii-13.12.2024-1024x725.jpg 1024w, https://regiongron.sk/hu/wp-content/uploads/2024/11/den-otvorenych-dveri-SOS-Zarnovica-odbor-grafik-digitalnych-medii-13.12.2024-600x425.jpg 600w, https://regiongron.sk/hu/wp-content/uploads/2024/11/den-otvorenych-dveri-SOS-Zarnovica-odbor-grafik-digitalnych-medii-13.12.2024-768x543.jpg 768w, https://regiongron.sk/hu/wp-content/uploads/2024/11/den-otvorenych-dveri-SOS-Zarnovica-odbor-grafik-digitalnych-medii-13.12.2024-1536x1087.jpg 1536w, https://regiongron.sk/hu/wp-content/uploads/2024/11/den-otvorenych-dveri-SOS-Zarnovica-odbor-grafik-digitalnych-medii-13.12.2024.jpg 2048w" sizes="auto, (max-width: 1024px) 100vw, 1024px" /></figure>



<figure class="wp-block-image size-large"><img loading="lazy" decoding="async" width="1024" height="725" data-id="23175" src="https://regiongron.sk/wp-content/uploads/2024/11/den-otvorenych-dveri-SOS-Zarnovica-odbor-mechanik-cislicovo-riadenych-strojov-13.12.2024-1024x725.jpg" alt="" class="wp-image-23175" srcset="https://regiongron.sk/hu/wp-content/uploads/2024/11/den-otvorenych-dveri-SOS-Zarnovica-odbor-mechanik-cislicovo-riadenych-strojov-13.12.2024-1024x725.jpg 1024w, https://regiongron.sk/hu/wp-content/uploads/2024/11/den-otvorenych-dveri-SOS-Zarnovica-odbor-mechanik-cislicovo-riadenych-strojov-13.12.2024-600x425.jpg 600w, https://regiongron.sk/hu/wp-content/uploads/2024/11/den-otvorenych-dveri-SOS-Zarnovica-odbor-mechanik-cislicovo-riadenych-strojov-13.12.2024-768x543.jpg 768w, https://regiongron.sk/hu/wp-content/uploads/2024/11/den-otvorenych-dveri-SOS-Zarnovica-odbor-mechanik-cislicovo-riadenych-strojov-13.12.2024-1536x1087.jpg 1536w, https://regiongron.sk/hu/wp-content/uploads/2024/11/den-otvorenych-dveri-SOS-Zarnovica-odbor-mechanik-cislicovo-riadenych-strojov-13.12.2024.jpg 2048w" sizes="auto, (max-width: 1024px) 100vw, 1024px" /></figure>



<figure class="wp-block-image size-large"><img loading="lazy" decoding="async" width="1024" height="724" data-id="23176" src="https://regiongron.sk/wp-content/uploads/2024/11/den-otvorenych-dveri-SOS-Zarnovica-odbor-stolar-13.12.2024-1024x724.jpg" alt="" class="wp-image-23176" srcset="https://regiongron.sk/hu/wp-content/uploads/2024/11/den-otvorenych-dveri-SOS-Zarnovica-odbor-stolar-13.12.2024-1024x724.jpg 1024w, https://regiongron.sk/hu/wp-content/uploads/2024/11/den-otvorenych-dveri-SOS-Zarnovica-odbor-stolar-13.12.2024-600x424.jpg 600w, https://regiongron.sk/hu/wp-content/uploads/2024/11/den-otvorenych-dveri-SOS-Zarnovica-odbor-stolar-13.12.2024-768x543.jpg 768w, https://regiongron.sk/hu/wp-content/uploads/2024/11/den-otvorenych-dveri-SOS-Zarnovica-odbor-stolar-13.12.2024-1536x1086.jpg 1536w, https://regiongron.sk/hu/wp-content/uploads/2024/11/den-otvorenych-dveri-SOS-Zarnovica-odbor-stolar-13.12.2024.jpg 2048w" sizes="auto, (max-width: 1024px) 100vw, 1024px" /></figure>
</figure>

<p>Chceš sa dozvedieť, čo všetko ponúka Stredná odborná škola Žarnovica? Zistiť viac o moderných technológiách, vzdelávacích programoch a unikátnych príležitostiach! Príď na deň otvorených dverí 13. decembra 2024 a zaži školu, ktorá formuje budúcnosť. Zaujíma ťa CNC technika, grafika, marketing alebo stolárčina? U nás nájdeš programy, ktoré ťa pripravia na prax. Okrem prehliadky školy ťa [&hellip;]</p>

Gabriela Matlovičová

Chceš sa dozvedieť, čo všetko ponúka Stredná odborná škola Žarnovica? Zistiť viac o moderných technológiách, vzdelávacích programoch a unikátnych príležitostiach! Príď na deň otvorených dverí 13. decembra 2024 a zaži školu, ktorá formuje budúcnosť. Zaujíma ťa CNC technika, grafika, marketing alebo stolárčina? U nás nájdeš programy, ktoré ťa pripravia na prax. Okrem prehliadky školy ťa&hellip;
