{"id":23398,"date":"2025-01-07T13:53:18","date_gmt":"2025-01-07T12:53:18","guid":{"rendered":"https:\/\/regiongron.sk\/?post_type=podujatia&#038;p=23398"},"modified":"2025-02-24T09:12:51","modified_gmt":"2025-02-24T08:12:51","slug":"amfo-sutaz-amaterskej-fotografie","status":"publish","type":"podujatia","link":"https:\/\/regiongron.sk\/hu\/podujatia\/amfo-sutaz-amaterskej-fotografie\/","title":{"rendered":"AMFO - S\u00da\u0164A\u017d AMAT\u00c9RSKEJ FOTOGRAFIE, VERNIS\u00c1\u017d 10.3.2025"},"content":{"rendered":"<div class=\"wp-block-image\">\n<figure class=\"aligncenter size-large\"><img loading=\"lazy\" decoding=\"async\" width=\"727\" height=\"1024\" src=\"https:\/\/regiongron.sk\/wp-content\/uploads\/2025\/01\/amfo-sutaz-amaterskych-fotografov-osveta-ziar-uzavierka-17.2.2025-727x1024.jpg\" alt=\"\" class=\"wp-image-23399\" srcset=\"https:\/\/regiongron.sk\/hu\/wp-content\/uploads\/2025\/01\/amfo-sutaz-amaterskych-fotografov-osveta-ziar-uzavierka-17.2.2025-727x1024.jpg 727w, https:\/\/regiongron.sk\/hu\/wp-content\/uploads\/2025\/01\/amfo-sutaz-amaterskych-fotografov-osveta-ziar-uzavierka-17.2.2025-426x600.jpg 426w, https:\/\/regiongron.sk\/hu\/wp-content\/uploads\/2025\/01\/amfo-sutaz-amaterskych-fotografov-osveta-ziar-uzavierka-17.2.2025-768x1082.jpg 768w, https:\/\/regiongron.sk\/hu\/wp-content\/uploads\/2025\/01\/amfo-sutaz-amaterskych-fotografov-osveta-ziar-uzavierka-17.2.2025.jpg 810w\" sizes=\"auto, (max-width: 727px) 100vw, 727px\" \/><\/figure>\n<\/div>\n\n\n<p>Osveta \u017diar v\u00e1s poz\u00fdva zapoji\u0165 sa do <strong>AMFO 2025 \u2013 region\u00e1lnej postupovej s\u00fa\u0165a\u017ee a v\u00fdstavy amat\u00e9rskej fotografickej tvorby.<\/strong><\/p>\n\n\n\n<p><strong>Z\u00e1kladn\u00e9 inform\u00e1cie:<\/strong><\/p>\n\n\n\n<ul class=\"wp-block-list\">\n<li><strong>Odpor\u00fa\u010dan\u00e1 t\u00e9ma:<\/strong> DOM, DOMOV <\/li>\n\n\n\n<li><strong>Uz\u00e1vierka prihl\u00e1\u0161ok:<\/strong> 17. febru\u00e1r 2025<\/li>\n\n\n\n<li>Vernis\u00e1\u017e v\u00fdstavy: 10. marec 2025 o 16:00 hod.<\/li>\n\n\n\n<li>Tvoriv\u00e9 dielne: 8. marec 2025 od 9:00 hod.<\/li>\n\n\n\n<li>Trvanie v\u00fdstavy: 10. \u2013 28. marec 2025<\/li>\n\n\n\n<li>Miesto konania: Pohronsk\u00e9 osvetov\u00e9 stredisko, \u017diar nad Hronom<\/li>\n<\/ul>\n\n\n\n<p><strong>Propoz\u00edcie:<\/strong> <a href=\"https:\/\/www.osvetaziar.sk\/data-files\/download\/amfo_25_propozicie-region.pdf?fbclid=IwZXh0bgNhZW0CMTAAAR0KZuwoY_9yVnUVUJPhUc7gHwkn_HTvh0-lVsHmO1A-QOYDourAzBXBMos_aem_uX3c60qsQCJc8DxJytyWyg\" target=\"_blank\" rel=\"noreferrer noopener\">https:\/\/www.osvetaziar.sk\/...\/amfo_25_propozicie-region.pdf<\/a><\/p>\n\n\n\n<p><strong>Ako sa prihl\u00e1si\u0165:<\/strong><\/p>\n\n\n\n<ul class=\"wp-block-list\">\n<li>Prihl\u00e1ste sa cez elektronick\u00fd formul\u00e1r na str\u00e1nke:  <a href=\"http:\/\/www.nocka.sk\/chcemsaprihlasit?fbclid=IwZXh0bgNhZW0CMTAAAR3o0uvbABgCcOep1-0sWj6prscIRZYyhh1-NHZ2OKjO4l6L_Rmw97PLeGY_aem_m1rFq-42jAIdLq5DCVTEGA\" target=\"_blank\" rel=\"noreferrer noopener\">www.nocka.sk\/chcemsaprihlasit<\/a> <\/li>\n\n\n\n<li>Po zadan\u00ed \u00fadajov vyberte kraj: Banskobystrick\u00fd \u2013 \u017diar nad Hronom<\/li>\n<\/ul>\n\n\n\n<p><strong>D\u00f4le\u017eit\u00e9:<\/strong><\/p>\n\n\n\n<p>Fotografie, za\u0161lite resp. prineste v tla\u010denej podobe na adresu: Dukelsk\u00fdch hrdinov 321\/21, \u017diar nad Hronom (pod\u013ea propoz\u00edci\u00ed).<\/p>\n\n\n\n<p><strong>Kontakt pre bli\u017e\u0161ie inform\u00e1cie:<\/strong><\/p>\n\n\n\n<p>Mgr. Miroslav Hric, &#x70;&#111;&#x73;&#x2e;&#102;&#x6f;&#116;o&#x66;&#105;l&#x6d;&#64;g&#x6d;&#97;i&#x6c;&#46;&#x63;&#x6f;&#109; \/ &#x66;&#111;&#116;o&#x66;&#x69;&#108;m&#x40;&#x6f;&#115;ve&#x74;&#97;&#122;i&#x61;&#x72;&#46;s&#x6b;, 0908 288 897 \/ 045 67 81 308<\/p>\n\n\n\n<p><\/p>\n","protected":false},"excerpt":{"rendered":"<p>Osveta \u017diar v\u00e1s poz\u00fdva zapoji\u0165 sa do AMFO 2025 \u2013 region\u00e1lnej postupovej s\u00fa\u0165a\u017ee a v\u00fdstavy amat\u00e9rskej fotografickej tvorby. Z\u00e1kladn\u00e9 inform\u00e1cie: Propoz\u00edcie: https:\/\/www.osvetaziar.sk\/...\/amfo_25_propozicie-region.pdf Ako sa prihl\u00e1si\u0165: D\u00f4le\u017eit\u00e9: Fotografie, za\u0161lite resp. prineste v tla\u010denej podobe na adresu: Dukelsk\u00fdch hrdinov 321\/21, \u017diar nad Hronom (pod\u013ea propoz\u00edci\u00ed). Kontakt pre bli\u017e\u0161ie inform\u00e1cie: Mgr. Miroslav Hric, &#x70;&#x6f;&#x73;&#x2e;&#x66;&#111;&#116;&#111;&#102;ilm&#x40;&#x67;&#x6d;&#x61;&#x69;&#x6c;&#46;&#99;&#111;m \/ fotofi&#108;&#109;&#64;&#111;&#115;&#118;&#101;&#x74;&#x61;&#x7a;&#x69;&#x61;&#x72;&#x2e;&#x73;&#x6b;, 0908 288 [&hellip;]<\/p>\n","protected":false},"author":3,"featured_media":23400,"menu_order":21,"comment_status":"open","ping_status":"closed","template":"","format":"standard","categories":[46],"tags":[],"class_list":["post-23398","podujatia","type-podujatia","status-publish","format-standard","has-post-thumbnail","hentry","category-podujatia"],"acf":[],"uagb_featured_image_src":{"full":["https:\/\/regiongron.sk\/hu\/wp-content\/uploads\/2025\/01\/titulka-amfo-sutaz-amaterskych-fotografov-osveta-ziar-uzavierka-17.2.2025.jpg",810,810,false],"thumbnail":["https:\/\/regiongron.sk\/hu\/wp-content\/uploads\/2025\/01\/titulka-amfo-sutaz-amaterskych-fotografov-osveta-ziar-uzavierka-17.2.2025-400x400.jpg",400,400,true],"medium":["https:\/\/regiongron.sk\/hu\/wp-content\/uploads\/2025\/01\/titulka-amfo-sutaz-amaterskych-fotografov-osveta-ziar-uzavierka-17.2.2025-600x600.jpg",600,600,true],"medium_large":["https:\/\/regiongron.sk\/hu\/wp-content\/uploads\/2025\/01\/titulka-amfo-sutaz-amaterskych-fotografov-osveta-ziar-uzavierka-17.2.2025-768x768.jpg",768,768,true],"large":["https:\/\/regiongron.sk\/hu\/wp-content\/uploads\/2025\/01\/titulka-amfo-sutaz-amaterskych-fotografov-osveta-ziar-uzavierka-17.2.2025.jpg",810,810,false],"1536x1536":["https:\/\/regiongron.sk\/hu\/wp-content\/uploads\/2025\/01\/titulka-amfo-sutaz-amaterskych-fotografov-osveta-ziar-uzavierka-17.2.2025.jpg",810,810,false],"2048x2048":["https:\/\/regiongron.sk\/hu\/wp-content\/uploads\/2025\/01\/titulka-amfo-sutaz-amaterskych-fotografov-osveta-ziar-uzavierka-17.2.2025.jpg",810,810,false]},"uagb_author_info":{"display_name":"Gabriela Matlovi\u010dov\u00e1","author_link":"https:\/\/regiongron.sk\/hu\/author\/gabriela\/"},"uagb_comment_info":0,"uagb_excerpt":"Osveta \u017diar v\u00e1s poz\u00fdva zapoji\u0165 sa do AMFO 2025 \u2013 region\u00e1lnej postupovej s\u00fa\u0165a\u017ee a v\u00fdstavy amat\u00e9rskej fotografickej tvorby. Z\u00e1kladn\u00e9 inform\u00e1cie: Propoz\u00edcie: https:\/\/www.osvetaziar.sk\/...\/amfo_25_propozicie-region.pdf Ako sa prihl\u00e1si\u0165: D\u00f4le\u017eit\u00e9: Fotografie, za\u0161lite resp. prineste v tla\u010denej podobe na adresu: Dukelsk\u00fdch hrdinov 321\/21, \u017diar nad Hronom (pod\u013ea propoz\u00edci\u00ed). Kontakt pre bli\u017e\u0161ie inform\u00e1cie: Mgr. Miroslav Hric, &#x70;o&#x73;&#46;f&#x6f;&#116;&#x6f;&#102;i&#x6c;&#109;&#x40;&#103;m&#x61;&#105;&#x6c;&#x2e;c&#x6f;&#109; \/ &#x66;&#111;&#116;o&#x66;&#x69;&#108;m&#x40;&#x6f;&#115;v&#x65;&#x74;&#97;z&#x69;&#x61;&#114;&#46;&#x73;&#x6b;, 0908 288&hellip;","_links":{"self":[{"href":"https:\/\/regiongron.sk\/hu\/wp-json\/wp\/v2\/podujatia\/23398","targetHints":{"allow":["GET"]}}],"collection":[{"href":"https:\/\/regiongron.sk\/hu\/wp-json\/wp\/v2\/podujatia"}],"about":[{"href":"https:\/\/regiongron.sk\/hu\/wp-json\/wp\/v2\/types\/podujatia"}],"author":[{"embeddable":true,"href":"https:\/\/regiongron.sk\/hu\/wp-json\/wp\/v2\/users\/3"}],"replies":[{"embeddable":true,"href":"https:\/\/regiongron.sk\/hu\/wp-json\/wp\/v2\/comments?post=23398"}],"version-history":[{"count":2,"href":"https:\/\/regiongron.sk\/hu\/wp-json\/wp\/v2\/podujatia\/23398\/revisions"}],"predecessor-version":[{"id":23886,"href":"https:\/\/regiongron.sk\/hu\/wp-json\/wp\/v2\/podujatia\/23398\/revisions\/23886"}],"wp:featuredmedia":[{"embeddable":true,"href":"https:\/\/regiongron.sk\/hu\/wp-json\/wp\/v2\/media\/23400"}],"wp:attachment":[{"href":"https:\/\/regiongron.sk\/hu\/wp-json\/wp\/v2\/media?parent=23398"}],"wp:term":[{"taxonomy":"category","embeddable":true,"href":"https:\/\/regiongron.sk\/hu\/wp-json\/wp\/v2\/categories?post=23398"},{"taxonomy":"post_tag","embeddable":true,"href":"https:\/\/regiongron.sk\/hu\/wp-json\/wp\/v2\/tags?post=23398"}],"curies":[{"name":"wp","href":"https:\/\/api.w.org\/{rel}","templated":true}]}}

AMFO - SÚŤAŽ AMATÉRSKEJ FOTOGRAFIE, VERNISÁŽ 10.3.2025

<div class="wp-block-image">
<figure class="aligncenter size-large"><img loading="lazy" decoding="async" width="727" height="1024" src="https://regiongron.sk/wp-content/uploads/2025/01/amfo-sutaz-amaterskych-fotografov-osveta-ziar-uzavierka-17.2.2025-727x1024.jpg" alt="" class="wp-image-23399" srcset="https://regiongron.sk/hu/wp-content/uploads/2025/01/amfo-sutaz-amaterskych-fotografov-osveta-ziar-uzavierka-17.2.2025-727x1024.jpg 727w, https://regiongron.sk/hu/wp-content/uploads/2025/01/amfo-sutaz-amaterskych-fotografov-osveta-ziar-uzavierka-17.2.2025-426x600.jpg 426w, https://regiongron.sk/hu/wp-content/uploads/2025/01/amfo-sutaz-amaterskych-fotografov-osveta-ziar-uzavierka-17.2.2025-768x1082.jpg 768w, https://regiongron.sk/hu/wp-content/uploads/2025/01/amfo-sutaz-amaterskych-fotografov-osveta-ziar-uzavierka-17.2.2025.jpg 810w" sizes="auto, (max-width: 727px) 100vw, 727px" /></figure>
</div>


<p>Osveta Žiar vás pozýva zapojiť sa do <strong>AMFO 2025 – regionálnej postupovej súťaže a výstavy amatérskej fotografickej tvorby.</strong></p>



<p><strong>Základné informácie:</strong></p>



<ul class="wp-block-list">
<li><strong>Odporúčaná téma:</strong> DOM, DOMOV </li>



<li><strong>Uzávierka prihlášok:</strong> 17. február 2025</li>



<li>Vernisáž výstavy: 10. marec 2025 o 16:00 hod.</li>



<li>Tvorivé dielne: 8. marec 2025 od 9:00 hod.</li>



<li>Trvanie výstavy: 10. – 28. marec 2025</li>



<li>Miesto konania: Pohronské osvetové stredisko, Žiar nad Hronom</li>
</ul>



<p><strong>Propozície:</strong> <a href="https://www.osvetaziar.sk/data-files/download/amfo_25_propozicie-region.pdf?fbclid=IwZXh0bgNhZW0CMTAAAR0KZuwoY_9yVnUVUJPhUc7gHwkn_HTvh0-lVsHmO1A-QOYDourAzBXBMos_aem_uX3c60qsQCJc8DxJytyWyg" target="_blank" rel="noreferrer noopener">https://www.osvetaziar.sk/.../amfo_25_propozicie-region.pdf</a></p>



<p><strong>Ako sa prihlásiť:</strong></p>



<ul class="wp-block-list">
<li>Prihláste sa cez elektronický formulár na stránke:  <a href="http://www.nocka.sk/chcemsaprihlasit?fbclid=IwZXh0bgNhZW0CMTAAAR3o0uvbABgCcOep1-0sWj6prscIRZYyhh1-NHZ2OKjO4l6L_Rmw97PLeGY_aem_m1rFq-42jAIdLq5DCVTEGA" target="_blank" rel="noreferrer noopener">www.nocka.sk/chcemsaprihlasit</a> </li>



<li>Po zadaní údajov vyberte kraj: Banskobystrický – Žiar nad Hronom</li>
</ul>



<p><strong>Dôležité:</strong></p>



<p>Fotografie, zašlite resp. prineste v tlačenej podobe na adresu: Dukelských hrdinov 321/21, Žiar nad Hronom (podľa propozícií).</p>



<p><strong>Kontakt pre bližšie informácie:</strong></p>



<p>Mgr. Miroslav Hric, &#x70;&#111;&#x73;&#x2e;&#102;&#x6f;&#116;o&#x66;&#105;l&#x6d;&#64;g&#x6d;&#97;i&#x6c;&#46;&#x63;&#x6f;&#109; / &#x66;&#111;&#116;o&#x66;&#x69;&#108;m&#x40;&#x6f;&#115;ve&#x74;&#97;&#122;i&#x61;&#x72;&#46;s&#x6b;, 0908 288 897 / 045 67 81 308</p>



<p></p>

<p>Osveta Žiar vás pozýva zapojiť sa do AMFO 2025 – regionálnej postupovej súťaže a výstavy amatérskej fotografickej tvorby. Základné informácie: Propozície: https://www.osvetaziar.sk/.../amfo_25_propozicie-region.pdf Ako sa prihlásiť: Dôležité: Fotografie, zašlite resp. prineste v tlačenej podobe na adresu: Dukelských hrdinov 321/21, Žiar nad Hronom (podľa propozícií). Kontakt pre bližšie informácie: Mgr. Miroslav Hric, &#x70;&#x6f;&#x73;&#x2e;&#x66;&#111;&#116;&#111;&#102;ilm&#x40;&#x67;&#x6d;&#x61;&#x69;&#x6c;&#46;&#99;&#111;m / fotofi&#108;&#109;&#64;&#111;&#115;&#118;&#101;&#x74;&#x61;&#x7a;&#x69;&#x61;&#x72;&#x2e;&#x73;&#x6b;, 0908 288 [&hellip;]</p>

Gabriela Matlovičová

Osveta Žiar vás pozýva zapojiť sa do AMFO 2025 – regionálnej postupovej súťaže a výstavy amatérskej fotografickej tvorby. Základné informácie: Propozície: https://www.osvetaziar.sk/.../amfo_25_propozicie-region.pdf Ako sa prihlásiť: Dôležité: Fotografie, zašlite resp. prineste v tlačenej podobe na adresu: Dukelských hrdinov 321/21, Žiar nad Hronom (podľa propozícií). Kontakt pre bližšie informácie: Mgr. Miroslav Hric, &#x70;o&#x73;&#46;f&#x6f;&#116;&#x6f;&#102;i&#x6c;&#109;&#x40;&#103;m&#x61;&#105;&#x6c;&#x2e;c&#x6f;&#109; / &#x66;&#111;&#116;o&#x66;&#x69;&#108;m&#x40;&#x6f;&#115;v&#x65;&#x74;&#97;z&#x69;&#x61;&#114;&#46;&#x73;&#x6b;, 0908 288&hellip;
