{"id":23626,"date":"2025-02-03T17:04:30","date_gmt":"2025-02-03T16:04:30","guid":{"rendered":"https:\/\/regiongron.sk\/?post_type=podujatia&#038;p=23626"},"modified":"2025-02-03T17:04:31","modified_gmt":"2025-02-03T16:04:31","slug":"kali-tour-ziar-nad-hronom-29-3-2025","status":"publish","type":"podujatia","link":"https:\/\/regiongron.sk\/hu\/podujatia\/kali-tour-ziar-nad-hronom-29-3-2025\/","title":{"rendered":"KALI TOUR, \u017dIAR NAD HRONOM, 29.3.2025"},"content":{"rendered":"<div class=\"wp-block-image\">\n<figure class=\"aligncenter size-large\"><img loading=\"lazy\" decoding=\"async\" width=\"819\" height=\"1024\" src=\"https:\/\/regiongron.sk\/wp-content\/uploads\/2025\/01\/kali-tour-ziar-nad-hronom-29.3.2025-819x1024.jpg\" alt=\"kali-tour-ziar-nad-hronom-29.3.2025\" class=\"wp-image-23532\" srcset=\"https:\/\/regiongron.sk\/hu\/wp-content\/uploads\/2025\/01\/kali-tour-ziar-nad-hronom-29.3.2025-819x1024.jpg 819w, https:\/\/regiongron.sk\/hu\/wp-content\/uploads\/2025\/01\/kali-tour-ziar-nad-hronom-29.3.2025-480x600.jpg 480w, https:\/\/regiongron.sk\/hu\/wp-content\/uploads\/2025\/01\/kali-tour-ziar-nad-hronom-29.3.2025-768x960.jpg 768w, https:\/\/regiongron.sk\/hu\/wp-content\/uploads\/2025\/01\/kali-tour-ziar-nad-hronom-29.3.2025-1229x1536.jpg 1229w, https:\/\/regiongron.sk\/hu\/wp-content\/uploads\/2025\/01\/kali-tour-ziar-nad-hronom-29.3.2025.jpg 1638w\" sizes=\"auto, (max-width: 819px) 100vw, 819px\" \/><\/figure>\n<\/div>\n\n\n<p>KALI TOUR 2025<\/p>\n\n\n\n<p><strong>TERM\u00cdN: <\/strong>29.03.2025,18:00<\/p>\n\n\n\n<p><strong>MIESTO:<\/strong> MsKC\/Hlavn\u00e1 s\u00e1la<\/p>\n\n\n\n<p>Kali a Peter Pann vyr\u00e1\u017eaj\u00fa v roku 2025 na turn\u00e9 a pripravili si pre V\u00e1s \u0161pecialne vystupenia po kult\u00farnych domoch a \u0161portov\u00fdch hal\u00e1ch. Pr\u00ed\u010fte sa zabavi\u0165 a vychutnajte si jedine\u010dn\u00fa show, ktor\u00fa pre v\u00e1s pripravili.<br>Celou show v\u00e1s bude sprev\u00e1dza\u0165 aj Hypeman Os\u0165o, ktor\u00fd si spolu s Petrom Pannom pre v\u00e1s pripravili aj \u0161peci\u00e1lny set, ktor\u00fd bude skvel\u00fdm \u0161tartom pred touto jedine\u010dnou show.<\/p>\n\n\n\n<p><strong>Open door - 18:00<\/strong><\/p>\n\n\n\n<p><strong>PROGRAM:<\/strong><br>18:00 - 20:00 - DJ<br>20:00 - 20:30 - Hypeman Os\u0165o + DJ PETER PANN<br>20:45 - 21:45 - Kali a Peter Pann<br>22:00 - 01:00 - DJ<\/p>\n\n\n\n<p>Vstupenky v 1. vlne len za 13.99 Eur s\u00fa vypredan\u00e9!<\/p>\n\n\n\n<p>Cena sa bude zvy\u0161ova\u0165!<\/p>\n\n\n\n<p>Classic vstup od 15 rokov \u2013 bez obmedzenia \u2013 treba sa preuk\u00e1za\u0165 OP \/ pod 15 rokov len v sprievode rodi\u010da \/ z\u00e1konn\u00e9ho z\u00e1stupcu \u2013 podmienka pri vstupe sa legitimova\u0165 \u2013 rodi\u010d napr OP + die\u0165a \u2013 Karta poistenca<\/p>\n\n\n\n<p>Zmena miesta, \u010dasu a programu vyhraden\u00e1!<\/p>\n\n\n\n<p><strong>PREDAJ L\u00cdSTKOV:<a href=\"https:\/\/www.mskcentrum.sk\/kali-tour-2025\/?f=\"> https:\/\/www.mskcentrum.sk\/kali-tour-2025\/?f=<\/a><\/strong><\/p>\n","protected":false},"excerpt":{"rendered":"<p>KALI TOUR 2025 TERM\u00cdN: 29.03.2025,18:00 MIESTO: MsKC\/Hlavn\u00e1 s\u00e1la Kali a Peter Pann vyr\u00e1\u017eaj\u00fa v roku 2025 na turn\u00e9 a pripravili si pre V\u00e1s \u0161pecialne vystupenia po kult\u00farnych domoch a \u0161portov\u00fdch hal\u00e1ch. Pr\u00ed\u010fte sa zabavi\u0165 a vychutnajte si jedine\u010dn\u00fa show, ktor\u00fa pre v\u00e1s pripravili.Celou show v\u00e1s bude sprev\u00e1dza\u0165 aj Hypeman Os\u0165o, ktor\u00fd si spolu s Petrom [&hellip;]<\/p>\n","protected":false},"author":3,"featured_media":23534,"menu_order":17,"comment_status":"open","ping_status":"closed","template":"","format":"standard","categories":[46],"tags":[],"class_list":["post-23626","podujatia","type-podujatia","status-publish","format-standard","has-post-thumbnail","hentry","category-podujatia"],"acf":[],"uagb_featured_image_src":{"full":["https:\/\/regiongron.sk\/hu\/wp-content\/uploads\/2025\/01\/titulka-kali-tour-ziar-nad-hronom-29.3.2025.jpg",1638,1638,false],"thumbnail":["https:\/\/regiongron.sk\/hu\/wp-content\/uploads\/2025\/01\/titulka-kali-tour-ziar-nad-hronom-29.3.2025-400x400.jpg",400,400,true],"medium":["https:\/\/regiongron.sk\/hu\/wp-content\/uploads\/2025\/01\/titulka-kali-tour-ziar-nad-hronom-29.3.2025-600x600.jpg",600,600,true],"medium_large":["https:\/\/regiongron.sk\/hu\/wp-content\/uploads\/2025\/01\/titulka-kali-tour-ziar-nad-hronom-29.3.2025-768x768.jpg",768,768,true],"large":["https:\/\/regiongron.sk\/hu\/wp-content\/uploads\/2025\/01\/titulka-kali-tour-ziar-nad-hronom-29.3.2025-1024x1024.jpg",1024,1024,true],"1536x1536":["https:\/\/regiongron.sk\/hu\/wp-content\/uploads\/2025\/01\/titulka-kali-tour-ziar-nad-hronom-29.3.2025-1536x1536.jpg",1536,1536,true],"2048x2048":["https:\/\/regiongron.sk\/hu\/wp-content\/uploads\/2025\/01\/titulka-kali-tour-ziar-nad-hronom-29.3.2025.jpg",1638,1638,false]},"uagb_author_info":{"display_name":"Gabriela Matlovi\u010dov\u00e1","author_link":"https:\/\/regiongron.sk\/hu\/author\/gabriela\/"},"uagb_comment_info":0,"uagb_excerpt":"KALI TOUR 2025 TERM\u00cdN: 29.03.2025,18:00 MIESTO: MsKC\/Hlavn\u00e1 s\u00e1la Kali a Peter Pann vyr\u00e1\u017eaj\u00fa v roku 2025 na turn\u00e9 a pripravili si pre V\u00e1s \u0161pecialne vystupenia po kult\u00farnych domoch a \u0161portov\u00fdch hal\u00e1ch. Pr\u00ed\u010fte sa zabavi\u0165 a vychutnajte si jedine\u010dn\u00fa show, ktor\u00fa pre v\u00e1s pripravili.Celou show v\u00e1s bude sprev\u00e1dza\u0165 aj Hypeman Os\u0165o, ktor\u00fd si spolu s Petrom&hellip;","_links":{"self":[{"href":"https:\/\/regiongron.sk\/hu\/wp-json\/wp\/v2\/podujatia\/23626","targetHints":{"allow":["GET"]}}],"collection":[{"href":"https:\/\/regiongron.sk\/hu\/wp-json\/wp\/v2\/podujatia"}],"about":[{"href":"https:\/\/regiongron.sk\/hu\/wp-json\/wp\/v2\/types\/podujatia"}],"author":[{"embeddable":true,"href":"https:\/\/regiongron.sk\/hu\/wp-json\/wp\/v2\/users\/3"}],"replies":[{"embeddable":true,"href":"https:\/\/regiongron.sk\/hu\/wp-json\/wp\/v2\/comments?post=23626"}],"version-history":[{"count":1,"href":"https:\/\/regiongron.sk\/hu\/wp-json\/wp\/v2\/podujatia\/23626\/revisions"}],"predecessor-version":[{"id":23627,"href":"https:\/\/regiongron.sk\/hu\/wp-json\/wp\/v2\/podujatia\/23626\/revisions\/23627"}],"wp:featuredmedia":[{"embeddable":true,"href":"https:\/\/regiongron.sk\/hu\/wp-json\/wp\/v2\/media\/23534"}],"wp:attachment":[{"href":"https:\/\/regiongron.sk\/hu\/wp-json\/wp\/v2\/media?parent=23626"}],"wp:term":[{"taxonomy":"category","embeddable":true,"href":"https:\/\/regiongron.sk\/hu\/wp-json\/wp\/v2\/categories?post=23626"},{"taxonomy":"post_tag","embeddable":true,"href":"https:\/\/regiongron.sk\/hu\/wp-json\/wp\/v2\/tags?post=23626"}],"curies":[{"name":"wp","href":"https:\/\/api.w.org\/{rel}","templated":true}]}}

KALI TOUR, ŽIAR NAD HRONOM, 29.3.2025

<div class="wp-block-image">
<figure class="aligncenter size-large"><img loading="lazy" decoding="async" width="819" height="1024" src="https://regiongron.sk/wp-content/uploads/2025/01/kali-tour-ziar-nad-hronom-29.3.2025-819x1024.jpg" alt="kali-tour-ziar-nad-hronom-29.3.2025" class="wp-image-23532" srcset="https://regiongron.sk/hu/wp-content/uploads/2025/01/kali-tour-ziar-nad-hronom-29.3.2025-819x1024.jpg 819w, https://regiongron.sk/hu/wp-content/uploads/2025/01/kali-tour-ziar-nad-hronom-29.3.2025-480x600.jpg 480w, https://regiongron.sk/hu/wp-content/uploads/2025/01/kali-tour-ziar-nad-hronom-29.3.2025-768x960.jpg 768w, https://regiongron.sk/hu/wp-content/uploads/2025/01/kali-tour-ziar-nad-hronom-29.3.2025-1229x1536.jpg 1229w, https://regiongron.sk/hu/wp-content/uploads/2025/01/kali-tour-ziar-nad-hronom-29.3.2025.jpg 1638w" sizes="auto, (max-width: 819px) 100vw, 819px" /></figure>
</div>


<p>KALI TOUR 2025</p>



<p><strong>TERMÍN: </strong>29.03.2025,18:00</p>



<p><strong>MIESTO:</strong> MsKC/Hlavná sála</p>



<p>Kali a Peter Pann vyrážajú v roku 2025 na turné a pripravili si pre Vás špecialne vystupenia po kultúrnych domoch a športových halách. Príďte sa zabaviť a vychutnajte si jedinečnú show, ktorú pre vás pripravili.<br>Celou show vás bude sprevádzať aj Hypeman Osťo, ktorý si spolu s Petrom Pannom pre vás pripravili aj špeciálny set, ktorý bude skvelým štartom pred touto jedinečnou show.</p>



<p><strong>Open door - 18:00</strong></p>



<p><strong>PROGRAM:</strong><br>18:00 - 20:00 - DJ<br>20:00 - 20:30 - Hypeman Osťo + DJ PETER PANN<br>20:45 - 21:45 - Kali a Peter Pann<br>22:00 - 01:00 - DJ</p>



<p>Vstupenky v 1. vlne len za 13.99 Eur sú vypredané!</p>



<p>Cena sa bude zvyšovať!</p>



<p>Classic vstup od 15 rokov – bez obmedzenia – treba sa preukázať OP / pod 15 rokov len v sprievode rodiča / zákonného zástupcu – podmienka pri vstupe sa legitimovať – rodič napr OP + dieťa – Karta poistenca</p>



<p>Zmena miesta, času a programu vyhradená!</p>



<p><strong>PREDAJ LÍSTKOV:<a href="https://www.mskcentrum.sk/kali-tour-2025/?f="> https://www.mskcentrum.sk/kali-tour-2025/?f=</a></strong></p>

<p>KALI TOUR 2025 TERMÍN: 29.03.2025,18:00 MIESTO: MsKC/Hlavná sála Kali a Peter Pann vyrážajú v roku 2025 na turné a pripravili si pre Vás špecialne vystupenia po kultúrnych domoch a športových halách. Príďte sa zabaviť a vychutnajte si jedinečnú show, ktorú pre vás pripravili.Celou show vás bude sprevádzať aj Hypeman Osťo, ktorý si spolu s Petrom [&hellip;]</p>

Gabriela Matlovičová

KALI TOUR 2025 TERMÍN: 29.03.2025,18:00 MIESTO: MsKC/Hlavná sála Kali a Peter Pann vyrážajú v roku 2025 na turné a pripravili si pre Vás špecialne vystupenia po kultúrnych domoch a športových halách. Príďte sa zabaviť a vychutnajte si jedinečnú show, ktorú pre vás pripravili.Celou show vás bude sprevádzať aj Hypeman Osťo, ktorý si spolu s Petrom&hellip;
