{"id":23637,"date":"2025-02-03T17:25:44","date_gmt":"2025-02-03T16:25:44","guid":{"rendered":"https:\/\/regiongron.sk\/?post_type=podujatia&#038;p=23637"},"modified":"2025-02-03T17:25:45","modified_gmt":"2025-02-03T16:25:45","slug":"p-hirax-baricak-prednaska-ziar-nad-hronom-27-2-2025","status":"publish","type":"podujatia","link":"https:\/\/regiongron.sk\/hu\/podujatia\/p-hirax-baricak-prednaska-ziar-nad-hronom-27-2-2025\/","title":{"rendered":"P. HIRAX BARI\u010c\u00c1K, PREDN\u00c1\u0160KA, \u017dIAR NAD HRONOM, 27.2.2025"},"content":{"rendered":"<div class=\"wp-block-image\">\n<figure class=\"aligncenter size-large\"><img loading=\"lazy\" decoding=\"async\" width=\"731\" height=\"1024\" src=\"https:\/\/regiongron.sk\/wp-content\/uploads\/2025\/02\/Pavel-Hirax-Baricak-prednaska-Ziar-nad-Hronom-27.2.2025-731x1024.jpg\" alt=\"Pavel-Hirax-Baricak-prednaska-Ziar-nad-Hronom-27.2.2025\" class=\"wp-image-23629\" srcset=\"https:\/\/regiongron.sk\/hu\/wp-content\/uploads\/2025\/02\/Pavel-Hirax-Baricak-prednaska-Ziar-nad-Hronom-27.2.2025-731x1024.jpg 731w, https:\/\/regiongron.sk\/hu\/wp-content\/uploads\/2025\/02\/Pavel-Hirax-Baricak-prednaska-Ziar-nad-Hronom-27.2.2025-428x600.jpg 428w, https:\/\/regiongron.sk\/hu\/wp-content\/uploads\/2025\/02\/Pavel-Hirax-Baricak-prednaska-Ziar-nad-Hronom-27.2.2025-768x1076.jpg 768w, https:\/\/regiongron.sk\/hu\/wp-content\/uploads\/2025\/02\/Pavel-Hirax-Baricak-prednaska-Ziar-nad-Hronom-27.2.2025-1097x1536.jpg 1097w, https:\/\/regiongron.sk\/hu\/wp-content\/uploads\/2025\/02\/Pavel-Hirax-Baricak-prednaska-Ziar-nad-Hronom-27.2.2025.jpg 1462w\" sizes=\"auto, (max-width: 731px) 100vw, 731px\" \/><\/figure>\n<\/div>\n\n\n<p><strong>PAVEL HIRAX BARI\u010c\u00c1K - VYLIE\u010cTE SA<\/strong><\/p>\n\n\n\n<p>Motiva\u010dn\u00e1 predn\u00e1\u0161ka na t\u00e9mu strava - psychika - vz\u0165ahy - choroby - zdravie<\/p>\n\n\n\n<p><strong>TERM\u00cdN: <\/strong>27.02.2025, 18:00<\/p>\n\n\n\n<p><strong>MIESTO:<\/strong> MsKC\/Divadeln\u00e1 s\u00e1la<\/p>\n\n\n\n<p>Pavel Hirax Bari\u010d\u00e1k bude rozpr\u00e1va\u0165 o n\u00e1sledkoch nevhodnej \u017eivotospr\u00e1vy a de\u0161trukt\u00edvnych psychick\u00fdch vzorcov na na\u0161e zdravie, ako aj o mo\u017enostiach rie\u0161enia a ceste ku zdraviu. Telo sa toti\u017e nikdy nem\u00fdli a v\u017edy n\u00e1m hovor\u00ed pravdu. S\u00fa\u010das\u0165ou bude aj v\u00fdu\u010dba sebalie\u010denia, prebehne vzorov\u00e1 medit\u00e1cia, ktor\u00e1 pomohla aj samotn\u00e9mu autorovi mnoh\u00fdch motiva\u010dn\u00fdch kn\u00edh, cestopisov, rom\u00e1nov, b\u00e1sn\u00ed\u2026<\/p>\n\n\n\n<p><strong>Hos\u0165:<\/strong> J\u00e1n Marton (poet, prozaik, hudobn\u00edk a text\u00e1r)<\/p>\n\n\n\n<p><strong>PREDAJ L\u00cdSTKOV: <a href=\"https:\/\/www.mskcentrum.sk\/pavel-hirax-baricak-vyliecte-sa\/?f=\">https:\/\/www.mskcentrum.sk\/pavel-hirax-baricak-vyliecte-sa\/?f=<\/a><\/strong><\/p>\n","protected":false},"excerpt":{"rendered":"<p>PAVEL HIRAX BARI\u010c\u00c1K - VYLIE\u010cTE SA Motiva\u010dn\u00e1 predn\u00e1\u0161ka na t\u00e9mu strava - psychika - vz\u0165ahy - choroby - zdravie TERM\u00cdN: 27.02.2025, 18:00 MIESTO: MsKC\/Divadeln\u00e1 s\u00e1la Pavel Hirax Bari\u010d\u00e1k bude rozpr\u00e1va\u0165 o n\u00e1sledkoch nevhodnej \u017eivotospr\u00e1vy a de\u0161trukt\u00edvnych psychick\u00fdch vzorcov na na\u0161e zdravie, ako aj o mo\u017enostiach rie\u0161enia a ceste ku zdraviu. Telo sa toti\u017e nikdy nem\u00fdli [&hellip;]<\/p>\n","protected":false},"author":3,"featured_media":23638,"menu_order":49,"comment_status":"open","ping_status":"closed","template":"","format":"standard","categories":[46],"tags":[],"class_list":["post-23637","podujatia","type-podujatia","status-publish","format-standard","has-post-thumbnail","hentry","category-podujatia"],"acf":[],"uagb_featured_image_src":{"full":["https:\/\/regiongron.sk\/hu\/wp-content\/uploads\/2025\/02\/titulka-Pavel-Hirax-Baricak-prednaska-Ziar-nad-Hronom-27.2.2025.jpg",1462,1462,false],"thumbnail":["https:\/\/regiongron.sk\/hu\/wp-content\/uploads\/2025\/02\/titulka-Pavel-Hirax-Baricak-prednaska-Ziar-nad-Hronom-27.2.2025-400x400.jpg",400,400,true],"medium":["https:\/\/regiongron.sk\/hu\/wp-content\/uploads\/2025\/02\/titulka-Pavel-Hirax-Baricak-prednaska-Ziar-nad-Hronom-27.2.2025-600x600.jpg",600,600,true],"medium_large":["https:\/\/regiongron.sk\/hu\/wp-content\/uploads\/2025\/02\/titulka-Pavel-Hirax-Baricak-prednaska-Ziar-nad-Hronom-27.2.2025-768x768.jpg",768,768,true],"large":["https:\/\/regiongron.sk\/hu\/wp-content\/uploads\/2025\/02\/titulka-Pavel-Hirax-Baricak-prednaska-Ziar-nad-Hronom-27.2.2025-1024x1024.jpg",1024,1024,true],"1536x1536":["https:\/\/regiongron.sk\/hu\/wp-content\/uploads\/2025\/02\/titulka-Pavel-Hirax-Baricak-prednaska-Ziar-nad-Hronom-27.2.2025.jpg",1462,1462,false],"2048x2048":["https:\/\/regiongron.sk\/hu\/wp-content\/uploads\/2025\/02\/titulka-Pavel-Hirax-Baricak-prednaska-Ziar-nad-Hronom-27.2.2025.jpg",1462,1462,false]},"uagb_author_info":{"display_name":"Gabriela Matlovi\u010dov\u00e1","author_link":"https:\/\/regiongron.sk\/hu\/author\/gabriela\/"},"uagb_comment_info":0,"uagb_excerpt":"PAVEL HIRAX BARI\u010c\u00c1K - VYLIE\u010cTE SA Motiva\u010dn\u00e1 predn\u00e1\u0161ka na t\u00e9mu strava - psychika - vz\u0165ahy - choroby - zdravie TERM\u00cdN: 27.02.2025, 18:00 MIESTO: MsKC\/Divadeln\u00e1 s\u00e1la Pavel Hirax Bari\u010d\u00e1k bude rozpr\u00e1va\u0165 o n\u00e1sledkoch nevhodnej \u017eivotospr\u00e1vy a de\u0161trukt\u00edvnych psychick\u00fdch vzorcov na na\u0161e zdravie, ako aj o mo\u017enostiach rie\u0161enia a ceste ku zdraviu. Telo sa toti\u017e nikdy nem\u00fdli&hellip;","_links":{"self":[{"href":"https:\/\/regiongron.sk\/hu\/wp-json\/wp\/v2\/podujatia\/23637","targetHints":{"allow":["GET"]}}],"collection":[{"href":"https:\/\/regiongron.sk\/hu\/wp-json\/wp\/v2\/podujatia"}],"about":[{"href":"https:\/\/regiongron.sk\/hu\/wp-json\/wp\/v2\/types\/podujatia"}],"author":[{"embeddable":true,"href":"https:\/\/regiongron.sk\/hu\/wp-json\/wp\/v2\/users\/3"}],"replies":[{"embeddable":true,"href":"https:\/\/regiongron.sk\/hu\/wp-json\/wp\/v2\/comments?post=23637"}],"version-history":[{"count":1,"href":"https:\/\/regiongron.sk\/hu\/wp-json\/wp\/v2\/podujatia\/23637\/revisions"}],"predecessor-version":[{"id":23639,"href":"https:\/\/regiongron.sk\/hu\/wp-json\/wp\/v2\/podujatia\/23637\/revisions\/23639"}],"wp:featuredmedia":[{"embeddable":true,"href":"https:\/\/regiongron.sk\/hu\/wp-json\/wp\/v2\/media\/23638"}],"wp:attachment":[{"href":"https:\/\/regiongron.sk\/hu\/wp-json\/wp\/v2\/media?parent=23637"}],"wp:term":[{"taxonomy":"category","embeddable":true,"href":"https:\/\/regiongron.sk\/hu\/wp-json\/wp\/v2\/categories?post=23637"},{"taxonomy":"post_tag","embeddable":true,"href":"https:\/\/regiongron.sk\/hu\/wp-json\/wp\/v2\/tags?post=23637"}],"curies":[{"name":"wp","href":"https:\/\/api.w.org\/{rel}","templated":true}]}}

P. HIRAX BARIČÁK, PREDNÁŠKA, ŽIAR NAD HRONOM, 27.2.2025

<div class="wp-block-image">
<figure class="aligncenter size-large"><img loading="lazy" decoding="async" width="731" height="1024" src="https://regiongron.sk/wp-content/uploads/2025/02/Pavel-Hirax-Baricak-prednaska-Ziar-nad-Hronom-27.2.2025-731x1024.jpg" alt="Pavel-Hirax-Baricak-prednaska-Ziar-nad-Hronom-27.2.2025" class="wp-image-23629" srcset="https://regiongron.sk/hu/wp-content/uploads/2025/02/Pavel-Hirax-Baricak-prednaska-Ziar-nad-Hronom-27.2.2025-731x1024.jpg 731w, https://regiongron.sk/hu/wp-content/uploads/2025/02/Pavel-Hirax-Baricak-prednaska-Ziar-nad-Hronom-27.2.2025-428x600.jpg 428w, https://regiongron.sk/hu/wp-content/uploads/2025/02/Pavel-Hirax-Baricak-prednaska-Ziar-nad-Hronom-27.2.2025-768x1076.jpg 768w, https://regiongron.sk/hu/wp-content/uploads/2025/02/Pavel-Hirax-Baricak-prednaska-Ziar-nad-Hronom-27.2.2025-1097x1536.jpg 1097w, https://regiongron.sk/hu/wp-content/uploads/2025/02/Pavel-Hirax-Baricak-prednaska-Ziar-nad-Hronom-27.2.2025.jpg 1462w" sizes="auto, (max-width: 731px) 100vw, 731px" /></figure>
</div>


<p><strong>PAVEL HIRAX BARIČÁK - VYLIEČTE SA</strong></p>



<p>Motivačná prednáška na tému strava - psychika - vzťahy - choroby - zdravie</p>



<p><strong>TERMÍN: </strong>27.02.2025, 18:00</p>



<p><strong>MIESTO:</strong> MsKC/Divadelná sála</p>



<p>Pavel Hirax Baričák bude rozprávať o následkoch nevhodnej životosprávy a deštruktívnych psychických vzorcov na naše zdravie, ako aj o možnostiach riešenia a ceste ku zdraviu. Telo sa totiž nikdy nemýli a vždy nám hovorí pravdu. Súčasťou bude aj výučba sebaliečenia, prebehne vzorová meditácia, ktorá pomohla aj samotnému autorovi mnohých motivačných kníh, cestopisov, románov, básní…</p>



<p><strong>Hosť:</strong> Ján Marton (poet, prozaik, hudobník a textár)</p>



<p><strong>PREDAJ LÍSTKOV: <a href="https://www.mskcentrum.sk/pavel-hirax-baricak-vyliecte-sa/?f=">https://www.mskcentrum.sk/pavel-hirax-baricak-vyliecte-sa/?f=</a></strong></p>

<p>PAVEL HIRAX BARIČÁK - VYLIEČTE SA Motivačná prednáška na tému strava - psychika - vzťahy - choroby - zdravie TERMÍN: 27.02.2025, 18:00 MIESTO: MsKC/Divadelná sála Pavel Hirax Baričák bude rozprávať o následkoch nevhodnej životosprávy a deštruktívnych psychických vzorcov na naše zdravie, ako aj o možnostiach riešenia a ceste ku zdraviu. Telo sa totiž nikdy nemýli [&hellip;]</p>

Gabriela Matlovičová

PAVEL HIRAX BARIČÁK - VYLIEČTE SA Motivačná prednáška na tému strava - psychika - vzťahy - choroby - zdravie TERMÍN: 27.02.2025, 18:00 MIESTO: MsKC/Divadelná sála Pavel Hirax Baričák bude rozprávať o následkoch nevhodnej životosprávy a deštruktívnych psychických vzorcov na naše zdravie, ako aj o možnostiach riešenia a ceste ku zdraviu. Telo sa totiž nikdy nemýli&hellip;
