{"id":23958,"date":"2025-03-03T15:33:32","date_gmt":"2025-03-03T14:33:32","guid":{"rendered":"https:\/\/regiongron.sk\/?post_type=podujatia&#038;p=23958"},"modified":"2025-03-03T15:33:33","modified_gmt":"2025-03-03T14:33:33","slug":"hrnciarsky-kurz-misky-osveta-ziar-7-a-17-3-2025","status":"publish","type":"podujatia","link":"https:\/\/regiongron.sk\/hu\/podujatia\/hrnciarsky-kurz-misky-osveta-ziar-7-a-17-3-2025\/","title":{"rendered":"HRN\u010cIARSKY KURZ - MISKY, OSVETA \u017dIAR 7. A 17.3.2025"},"content":{"rendered":"<div class=\"wp-block-image\">\n<figure class=\"aligncenter size-large\"><img loading=\"lazy\" decoding=\"async\" width=\"715\" height=\"1024\" src=\"https:\/\/regiongron.sk\/wp-content\/uploads\/2025\/03\/svet-remesiel-hrnciarsky-workshop-misky-osveta-ziar-7.-a-14.3.2025-715x1024.jpg\" alt=\"svet-remesiel-hrnciarsky-workshop-misky-osveta-ziar-7.-a-14.3.2025\" class=\"wp-image-23947\" srcset=\"https:\/\/regiongron.sk\/hu\/wp-content\/uploads\/2025\/03\/svet-remesiel-hrnciarsky-workshop-misky-osveta-ziar-7.-a-14.3.2025-715x1024.jpg 715w, https:\/\/regiongron.sk\/hu\/wp-content\/uploads\/2025\/03\/svet-remesiel-hrnciarsky-workshop-misky-osveta-ziar-7.-a-14.3.2025-419x600.jpg 419w, https:\/\/regiongron.sk\/hu\/wp-content\/uploads\/2025\/03\/svet-remesiel-hrnciarsky-workshop-misky-osveta-ziar-7.-a-14.3.2025-768x1099.jpg 768w, https:\/\/regiongron.sk\/hu\/wp-content\/uploads\/2025\/03\/svet-remesiel-hrnciarsky-workshop-misky-osveta-ziar-7.-a-14.3.2025.jpg 811w\" sizes=\"auto, (max-width: 715px) 100vw, 715px\" \/><\/figure>\n<\/div>\n\n\n<p><strong>Prihl\u00e1ste sa na kurz pre za\u010diato\u010dn\u00edkov a vyrobte si vlastn\u00fdmi rukami sadu origin\u00e1lnych misiek do kuchyne!<\/strong><\/p>\n\n\n\n<p>Chcete sa nau\u010di\u0165, ako vytvori\u0165 kr\u00e1sne a jedine\u010dn\u00e9 kuchynsk\u00e9 doplnky? Pridajte sa k n\u00e1\u0161mu kurzu.<br>Na kurze sa nau\u010d\u00edte z\u00e1kladn\u00e9 techniky tvorby keramiky, od tvarovania a\u017e po glazovanie, a vytvor\u00edte si svoje vlastn\u00e9 dizajnov\u00e9 k\u00fasky, ktor\u00e9 bud\u00fa nielen funk\u010dn\u00e9, ale aj origin\u00e1lne.<\/p>\n\n\n\n<p><strong>\u010co v\u00e1s \u010dak\u00e1?<\/strong><\/p>\n\n\n\n<ul class=\"wp-block-list\">\n<li>\u00davod do techniky keramiky<\/li>\n\n\n\n<li>Vytvorenie vlastnej sady misiek<\/li>\n\n\n\n<li>Nau\u010d\u00edte sa glazova\u0165 a dokon\u010di\u0165 svoje v\u00fdtvory<\/li>\n\n\n\n<li>Skvel\u00fd sp\u00f4sob, ako rozv\u00edja\u0165 kreativitu a relaxova\u0165<\/li>\n<\/ul>\n\n\n\n<p>Nez\u00e1le\u017e\u00ed na tom, \u010di ste nikdy predt\u00fdm nepracovali s hlinou \u2013 tento kurz je ide\u00e1lny pre \u00fapln\u00fdch za\u010diato\u010dn\u00edkov. Po jeho absolvovan\u00ed si odnesiete domov vlastnoru\u010dne vyroben\u00e9 misky, ktor\u00e9 bud\u00fa jedine\u010dn\u00e9 a pln\u00e9 osobn\u00e9ho dotyku.<\/p>\n\n\n\n<p>Tento kurz je ide\u00e1lny pre t\u00fdch, ktor\u00ed chc\u00fa objavi\u0165 rados\u0165 z tvorby a pre t\u00fdch, ktor\u00ed h\u013eadaj\u00fa origin\u00e1lny sp\u00f4sob, ako si vyzdobi\u0165 kuchy\u0148u.<\/p>\n\n\n\n<p><strong>TERM\u00cdN:<\/strong> 7.3.2025 a 14.03.2025, 16:00<br><strong>MIESTO:<\/strong> Pohronsk\u00e9 osvetov\u00e9 stredisko, Dukelsk\u00fdch hrdinov 321\/21, \u017diar nad Hronom<\/p>\n\n\n\n<p><strong>Prihl\u00e1senie:<\/strong> Po\u010det miest je obmedzen\u00fd, preto si svoje miesto na kurze rezervujte \u010do najsk\u00f4r. Prihl\u00e1si\u0165 sa m\u00f4\u017eete tu:\u00a0<a href=\"https:\/\/www.osvetaziar.sk\/misky-vyroba-na-hrnciarskom-kruhu\/?f=\"><strong>https:\/\/www.osvetaziar.sk\/misky-vyroba-na-hrnciarskom-kruhu\/?f=<\/strong><\/a><\/p>\n\n\n\n<p><strong>Cena kurzu: <\/strong>60 \u20ac<\/p>\n\n\n\n<p><strong>\u010eal\u0161ie inform\u00e1cie:<\/strong><br>Mgr. Magdal\u00e9na G\u00e1frikov\u00e1, 045\/ 6781302, 0908 483 585, &#x70;&#x6f;&#x73;&#x2e;&#114;&#101;mes&#x6c;&#x61;&#x40;&#x67;&#109;&#97;il&#46;&#x63;&#x6f;&#x6d;<\/p>\n","protected":false},"excerpt":{"rendered":"<p>Prihl\u00e1ste sa na kurz pre za\u010diato\u010dn\u00edkov a vyrobte si vlastn\u00fdmi rukami sadu origin\u00e1lnych misiek do kuchyne! Chcete sa nau\u010di\u0165, ako vytvori\u0165 kr\u00e1sne a jedine\u010dn\u00e9 kuchynsk\u00e9 doplnky? Pridajte sa k n\u00e1\u0161mu kurzu.Na kurze sa nau\u010d\u00edte z\u00e1kladn\u00e9 techniky tvorby keramiky, od tvarovania a\u017e po glazovanie, a vytvor\u00edte si svoje vlastn\u00e9 dizajnov\u00e9 k\u00fasky, ktor\u00e9 bud\u00fa nielen funk\u010dn\u00e9, ale [&hellip;]<\/p>\n","protected":false},"author":3,"featured_media":23952,"menu_order":28,"comment_status":"open","ping_status":"closed","template":"","format":"standard","categories":[46],"tags":[],"class_list":["post-23958","podujatia","type-podujatia","status-publish","format-standard","has-post-thumbnail","hentry","category-podujatia"],"acf":[],"uagb_featured_image_src":{"full":["https:\/\/regiongron.sk\/hu\/wp-content\/uploads\/2025\/03\/titulka-svet-remesiel-hrnciarsky-workshop-misky-osveta-ziar-7.-a-14.3.2025.jpg",811,811,false],"thumbnail":["https:\/\/regiongron.sk\/hu\/wp-content\/uploads\/2025\/03\/titulka-svet-remesiel-hrnciarsky-workshop-misky-osveta-ziar-7.-a-14.3.2025-400x400.jpg",400,400,true],"medium":["https:\/\/regiongron.sk\/hu\/wp-content\/uploads\/2025\/03\/titulka-svet-remesiel-hrnciarsky-workshop-misky-osveta-ziar-7.-a-14.3.2025-600x600.jpg",600,600,true],"medium_large":["https:\/\/regiongron.sk\/hu\/wp-content\/uploads\/2025\/03\/titulka-svet-remesiel-hrnciarsky-workshop-misky-osveta-ziar-7.-a-14.3.2025-768x768.jpg",768,768,true],"large":["https:\/\/regiongron.sk\/hu\/wp-content\/uploads\/2025\/03\/titulka-svet-remesiel-hrnciarsky-workshop-misky-osveta-ziar-7.-a-14.3.2025.jpg",811,811,false],"1536x1536":["https:\/\/regiongron.sk\/hu\/wp-content\/uploads\/2025\/03\/titulka-svet-remesiel-hrnciarsky-workshop-misky-osveta-ziar-7.-a-14.3.2025.jpg",811,811,false],"2048x2048":["https:\/\/regiongron.sk\/hu\/wp-content\/uploads\/2025\/03\/titulka-svet-remesiel-hrnciarsky-workshop-misky-osveta-ziar-7.-a-14.3.2025.jpg",811,811,false]},"uagb_author_info":{"display_name":"Gabriela Matlovi\u010dov\u00e1","author_link":"https:\/\/regiongron.sk\/hu\/author\/gabriela\/"},"uagb_comment_info":0,"uagb_excerpt":"Prihl\u00e1ste sa na kurz pre za\u010diato\u010dn\u00edkov a vyrobte si vlastn\u00fdmi rukami sadu origin\u00e1lnych misiek do kuchyne! Chcete sa nau\u010di\u0165, ako vytvori\u0165 kr\u00e1sne a jedine\u010dn\u00e9 kuchynsk\u00e9 doplnky? Pridajte sa k n\u00e1\u0161mu kurzu.Na kurze sa nau\u010d\u00edte z\u00e1kladn\u00e9 techniky tvorby keramiky, od tvarovania a\u017e po glazovanie, a vytvor\u00edte si svoje vlastn\u00e9 dizajnov\u00e9 k\u00fasky, ktor\u00e9 bud\u00fa nielen funk\u010dn\u00e9, ale&hellip;","_links":{"self":[{"href":"https:\/\/regiongron.sk\/hu\/wp-json\/wp\/v2\/podujatia\/23958","targetHints":{"allow":["GET"]}}],"collection":[{"href":"https:\/\/regiongron.sk\/hu\/wp-json\/wp\/v2\/podujatia"}],"about":[{"href":"https:\/\/regiongron.sk\/hu\/wp-json\/wp\/v2\/types\/podujatia"}],"author":[{"embeddable":true,"href":"https:\/\/regiongron.sk\/hu\/wp-json\/wp\/v2\/users\/3"}],"replies":[{"embeddable":true,"href":"https:\/\/regiongron.sk\/hu\/wp-json\/wp\/v2\/comments?post=23958"}],"version-history":[{"count":1,"href":"https:\/\/regiongron.sk\/hu\/wp-json\/wp\/v2\/podujatia\/23958\/revisions"}],"predecessor-version":[{"id":23963,"href":"https:\/\/regiongron.sk\/hu\/wp-json\/wp\/v2\/podujatia\/23958\/revisions\/23963"}],"wp:featuredmedia":[{"embeddable":true,"href":"https:\/\/regiongron.sk\/hu\/wp-json\/wp\/v2\/media\/23952"}],"wp:attachment":[{"href":"https:\/\/regiongron.sk\/hu\/wp-json\/wp\/v2\/media?parent=23958"}],"wp:term":[{"taxonomy":"category","embeddable":true,"href":"https:\/\/regiongron.sk\/hu\/wp-json\/wp\/v2\/categories?post=23958"},{"taxonomy":"post_tag","embeddable":true,"href":"https:\/\/regiongron.sk\/hu\/wp-json\/wp\/v2\/tags?post=23958"}],"curies":[{"name":"wp","href":"https:\/\/api.w.org\/{rel}","templated":true}]}}

HRNČIARSKY KURZ - MISKY, OSVETA ŽIAR 7. A 17.3.2025

<div class="wp-block-image">
<figure class="aligncenter size-large"><img loading="lazy" decoding="async" width="715" height="1024" src="https://regiongron.sk/wp-content/uploads/2025/03/svet-remesiel-hrnciarsky-workshop-misky-osveta-ziar-7.-a-14.3.2025-715x1024.jpg" alt="svet-remesiel-hrnciarsky-workshop-misky-osveta-ziar-7.-a-14.3.2025" class="wp-image-23947" srcset="https://regiongron.sk/hu/wp-content/uploads/2025/03/svet-remesiel-hrnciarsky-workshop-misky-osveta-ziar-7.-a-14.3.2025-715x1024.jpg 715w, https://regiongron.sk/hu/wp-content/uploads/2025/03/svet-remesiel-hrnciarsky-workshop-misky-osveta-ziar-7.-a-14.3.2025-419x600.jpg 419w, https://regiongron.sk/hu/wp-content/uploads/2025/03/svet-remesiel-hrnciarsky-workshop-misky-osveta-ziar-7.-a-14.3.2025-768x1099.jpg 768w, https://regiongron.sk/hu/wp-content/uploads/2025/03/svet-remesiel-hrnciarsky-workshop-misky-osveta-ziar-7.-a-14.3.2025.jpg 811w" sizes="auto, (max-width: 715px) 100vw, 715px" /></figure>
</div>


<p><strong>Prihláste sa na kurz pre začiatočníkov a vyrobte si vlastnými rukami sadu originálnych misiek do kuchyne!</strong></p>



<p>Chcete sa naučiť, ako vytvoriť krásne a jedinečné kuchynské doplnky? Pridajte sa k nášmu kurzu.<br>Na kurze sa naučíte základné techniky tvorby keramiky, od tvarovania až po glazovanie, a vytvoríte si svoje vlastné dizajnové kúsky, ktoré budú nielen funkčné, ale aj originálne.</p>



<p><strong>Čo vás čaká?</strong></p>



<ul class="wp-block-list">
<li>Úvod do techniky keramiky</li>



<li>Vytvorenie vlastnej sady misiek</li>



<li>Naučíte sa glazovať a dokončiť svoje výtvory</li>



<li>Skvelý spôsob, ako rozvíjať kreativitu a relaxovať</li>
</ul>



<p>Nezáleží na tom, či ste nikdy predtým nepracovali s hlinou – tento kurz je ideálny pre úplných začiatočníkov. Po jeho absolvovaní si odnesiete domov vlastnoručne vyrobené misky, ktoré budú jedinečné a plné osobného dotyku.</p>



<p>Tento kurz je ideálny pre tých, ktorí chcú objaviť radosť z tvorby a pre tých, ktorí hľadajú originálny spôsob, ako si vyzdobiť kuchyňu.</p>



<p><strong>TERMÍN:</strong> 7.3.2025 a 14.03.2025, 16:00<br><strong>MIESTO:</strong> Pohronské osvetové stredisko, Dukelských hrdinov 321/21, Žiar nad Hronom</p>



<p><strong>Prihlásenie:</strong> Počet miest je obmedzený, preto si svoje miesto na kurze rezervujte čo najskôr. Prihlásiť sa môžete tu: <a href="https://www.osvetaziar.sk/misky-vyroba-na-hrnciarskom-kruhu/?f="><strong>https://www.osvetaziar.sk/misky-vyroba-na-hrnciarskom-kruhu/?f=</strong></a></p>



<p><strong>Cena kurzu: </strong>60 €</p>



<p><strong>Ďalšie informácie:</strong><br>Mgr. Magdaléna Gáfriková, 045/ 6781302, 0908 483 585, &#x70;&#x6f;&#x73;&#x2e;&#114;&#101;mes&#x6c;&#x61;&#x40;&#x67;&#109;&#97;il&#46;&#x63;&#x6f;&#x6d;</p>

<p>Prihláste sa na kurz pre začiatočníkov a vyrobte si vlastnými rukami sadu originálnych misiek do kuchyne! Chcete sa naučiť, ako vytvoriť krásne a jedinečné kuchynské doplnky? Pridajte sa k nášmu kurzu.Na kurze sa naučíte základné techniky tvorby keramiky, od tvarovania až po glazovanie, a vytvoríte si svoje vlastné dizajnové kúsky, ktoré budú nielen funkčné, ale [&hellip;]</p>

Gabriela Matlovičová

Prihláste sa na kurz pre začiatočníkov a vyrobte si vlastnými rukami sadu originálnych misiek do kuchyne! Chcete sa naučiť, ako vytvoriť krásne a jedinečné kuchynské doplnky? Pridajte sa k nášmu kurzu.Na kurze sa naučíte základné techniky tvorby keramiky, od tvarovania až po glazovanie, a vytvoríte si svoje vlastné dizajnové kúsky, ktoré budú nielen funkčné, ale&hellip;
