{"id":18386,"date":"2023-03-20T18:08:10","date_gmt":"2023-03-20T17:08:10","guid":{"rendered":"https:\/\/regiongron.sk\/ubytovanie\/turisticka-ubytovna-kulturny-dom-klak\/"},"modified":"2025-04-11T10:59:14","modified_gmt":"2025-04-11T08:59:14","slug":"turisticka-ubytovna-kulturny-dom-klak","status":"publish","type":"ubytovanie","link":"https:\/\/regiongron.sk\/hu\/ubytovanie\/turisticka-ubytovna-kulturny-dom-klak\/","title":{"rendered":"Madarasalja (K\u013eak) Turistasz\u00e1ll\u00f3"},"content":{"rendered":"<div class=\"wp-block-image\">\n<figure class=\"aligncenter is-resized\"><img decoding=\"async\" src=\"https:\/\/regiongron.sk\/wp-content\/uploads\/2023\/03\/kulturny-dom-002-1.jpg\" alt=\"\" class=\"wp-image-992\" style=\"width:492px;height:326px\"\/><\/figure>\n<\/div>\n\n\n<p>Madarasalja telep\u00fcl\u00e9s a m\u0171vel\u0151d\u00e9si h\u00e1zban \u00fczemelteti a Turistasz\u00e1ll\u00f3t. A sz\u00e1ll\u00e1shely kapacit\u00e1sa 14 f\u0151. Itt \u00f6t szoba tal\u00e1lhat\u00f3, tov\u00e1bb\u00e1 t\u00e1rsalg\u00f3 kis konyh\u00e1val \u00e9s zuhanyoz\u00f3 f\u00e9rfiak \u00e9s n\u0151k sz\u00e1m\u00e1ra \u00e1ll rendelkez\u00e9sre. A sz\u00e1ll\u00e1son egy pingpongasztal is v\u00e1rja a vend\u00e9geket. A m\u0171vel\u0151d\u00e9si h\u00e1z mellett tal\u00e1lhat\u00f3 a telep\u00fcl\u00e9s sportl\u00e9tes\u00edtm\u00e9nye j\u00e1tsz\u00f3t\u00e9rrel, teniszp\u00e1ly\u00e1val, minifocip\u00e1ly\u00e1val, t\u0171zrak\u00f3hellyel, \u00e9s fedett ki\u00fcl\u0151vel. Ide\u00e1lis indul\u00f3hely ker\u00e9kp\u00e1rturizmushoz a K\u013eakovsk\u00e1 dolina v\u00f6lgyben, a Madaras hegy megm\u00e1sz\u00e1s\u00e1hoz, vagy egy s\u00e9t\u00e1hoz a k\u00f6rnyez\u0151 tan\u00f6sv\u00e9nyeken.<\/p>\n\n\n\t\t\t<div \n\t\t\tclass=\"wp-block-uagb-google-map uagb-google-map__wrap uagb-block-3caf7b93     \"\n\t\t\tstyle=\"\" >\n\t\t\t\t<embed\n\t\t\t\t\tclass=\"uagb-google-map__iframe\"\n\t\t\t\t\ttitle=\"Google Map for \"\n\t\t\t\t\tsrc=\"https:\/\/maps.google.com\/maps?q=ubytov%C5%88a%20k%C4%BEak&z=12&hl=en&t=m&output=embed&iwloc=near\"\n\t\t\t\t\twidth=\"640\"\n\t\t\t\t\theight=\"300\"\n\t\t\t\t\tloading=\"lazy\"\n\t\t\t\t><\/embed>\n\t\t\t<\/div>\n\t\t\t","protected":false},"excerpt":{"rendered":"<p>Madarasalja telep\u00fcl\u00e9s a m\u0171vel\u0151d\u00e9si h\u00e1zban \u00fczemelteti a Turistasz\u00e1ll\u00f3t. A sz\u00e1ll\u00e1shely kapacit\u00e1sa 14 f\u0151. Itt \u00f6t szoba tal\u00e1lhat\u00f3, tov\u00e1bb\u00e1 t\u00e1rsalg\u00f3 kis konyh\u00e1val \u00e9s zuhanyoz\u00f3 f\u00e9rfiak \u00e9s n\u0151k sz\u00e1m\u00e1ra \u00e1ll rendelkez\u00e9sre. A sz\u00e1ll\u00e1son egy pingpongasztal is v\u00e1rja a vend\u00e9geket. A m\u0171vel\u0151d\u00e9si h\u00e1z mellett tal\u00e1lhat\u00f3 a telep\u00fcl\u00e9s sportl\u00e9tes\u00edtm\u00e9nye j\u00e1tsz\u00f3t\u00e9rrel, teniszp\u00e1ly\u00e1val, minifocip\u00e1ly\u00e1val, t\u0171zrak\u00f3hellyel, \u00e9s fedett ki\u00fcl\u0151vel. Ide\u00e1lis indul\u00f3hely ker\u00e9kp\u00e1rturizmushoz [&hellip;]<\/p>\n","protected":false},"author":1,"featured_media":18389,"menu_order":10,"comment_status":"open","ping_status":"open","template":"","meta":{"_acf_changed":false,"inline_featured_image":false,"_uag_custom_page_level_css":"","footnotes":""},"categories":[],"tags":[],"class_list":["post-18386","ubytovanie","type-ubytovanie","status-publish","has-post-thumbnail","hentry"],"acf":[],"uagb_featured_image_src":{"full":["https:\/\/regiongron.sk\/hu\/wp-content\/uploads\/2023\/03\/kulturny-dom-002-2.jpg",940,624,false],"thumbnail":["https:\/\/regiongron.sk\/hu\/wp-content\/uploads\/2023\/03\/kulturny-dom-002-2-400x400.jpg",400,400,true],"medium":["https:\/\/regiongron.sk\/hu\/wp-content\/uploads\/2023\/03\/kulturny-dom-002-2-600x398.jpg",600,398,true],"medium_large":["https:\/\/regiongron.sk\/hu\/wp-content\/uploads\/2023\/03\/kulturny-dom-002-2-768x510.jpg",768,510,true],"large":["https:\/\/regiongron.sk\/hu\/wp-content\/uploads\/2023\/03\/kulturny-dom-002-2.jpg",940,624,false],"1536x1536":["https:\/\/regiongron.sk\/hu\/wp-content\/uploads\/2023\/03\/kulturny-dom-002-2.jpg",940,624,false],"2048x2048":["https:\/\/regiongron.sk\/hu\/wp-content\/uploads\/2023\/03\/kulturny-dom-002-2.jpg",940,624,false]},"uagb_author_info":{"display_name":"schnicel","author_link":"https:\/\/regiongron.sk\/hu\/author\/schnicel\/"},"uagb_comment_info":0,"uagb_excerpt":"Madarasalja telep\u00fcl\u00e9s a m\u0171vel\u0151d\u00e9si h\u00e1zban \u00fczemelteti a Turistasz\u00e1ll\u00f3t. A sz\u00e1ll\u00e1shely kapacit\u00e1sa 14 f\u0151. Itt \u00f6t szoba tal\u00e1lhat\u00f3, tov\u00e1bb\u00e1 t\u00e1rsalg\u00f3 kis konyh\u00e1val \u00e9s zuhanyoz\u00f3 f\u00e9rfiak \u00e9s n\u0151k sz\u00e1m\u00e1ra \u00e1ll rendelkez\u00e9sre. A sz\u00e1ll\u00e1son egy pingpongasztal is v\u00e1rja a vend\u00e9geket. A m\u0171vel\u0151d\u00e9si h\u00e1z mellett tal\u00e1lhat\u00f3 a telep\u00fcl\u00e9s sportl\u00e9tes\u00edtm\u00e9nye j\u00e1tsz\u00f3t\u00e9rrel, teniszp\u00e1ly\u00e1val, minifocip\u00e1ly\u00e1val, t\u0171zrak\u00f3hellyel, \u00e9s fedett ki\u00fcl\u0151vel. Ide\u00e1lis indul\u00f3hely ker\u00e9kp\u00e1rturizmushoz&hellip;","_links":{"self":[{"href":"https:\/\/regiongron.sk\/hu\/wp-json\/wp\/v2\/ubytovanie\/18386","targetHints":{"allow":["GET"]}}],"collection":[{"href":"https:\/\/regiongron.sk\/hu\/wp-json\/wp\/v2\/ubytovanie"}],"about":[{"href":"https:\/\/regiongron.sk\/hu\/wp-json\/wp\/v2\/types\/ubytovanie"}],"author":[{"embeddable":true,"href":"https:\/\/regiongron.sk\/hu\/wp-json\/wp\/v2\/users\/1"}],"replies":[{"embeddable":true,"href":"https:\/\/regiongron.sk\/hu\/wp-json\/wp\/v2\/comments?post=18386"}],"version-history":[{"count":3,"href":"https:\/\/regiongron.sk\/hu\/wp-json\/wp\/v2\/ubytovanie\/18386\/revisions"}],"predecessor-version":[{"id":24154,"href":"https:\/\/regiongron.sk\/hu\/wp-json\/wp\/v2\/ubytovanie\/18386\/revisions\/24154"}],"wp:featuredmedia":[{"embeddable":true,"href":"https:\/\/regiongron.sk\/hu\/wp-json\/wp\/v2\/media\/18389"}],"wp:attachment":[{"href":"https:\/\/regiongron.sk\/hu\/wp-json\/wp\/v2\/media?parent=18386"}],"wp:term":[{"taxonomy":"category","embeddable":true,"href":"https:\/\/regiongron.sk\/hu\/wp-json\/wp\/v2\/categories?post=18386"},{"taxonomy":"post_tag","embeddable":true,"href":"https:\/\/regiongron.sk\/hu\/wp-json\/wp\/v2\/tags?post=18386"}],"curies":[{"name":"wp","href":"https:\/\/api.w.org\/{rel}","templated":true}]}}

Madarasalja (Kľak) Turistaszálló

<div class="wp-block-image">
<figure class="aligncenter is-resized"><img decoding="async" src="https://regiongron.sk/wp-content/uploads/2023/03/kulturny-dom-002-1.jpg" alt="" class="wp-image-992" style="width:492px;height:326px"/></figure>
</div>


<p>Madarasalja település a művelődési házban üzemelteti a Turistaszállót. A szálláshely kapacitása 14 fő. Itt öt szoba található, továbbá társalgó kis konyhával és zuhanyozó férfiak és nők számára áll rendelkezésre. A szálláson egy pingpongasztal is várja a vendégeket. A művelődési ház mellett található a település sportlétesítménye játszótérrel, teniszpályával, minifocipályával, tűzrakóhellyel, és fedett kiülővel. Ideális indulóhely kerékpárturizmushoz a Kľakovská dolina völgyben, a Madaras hegy megmászásához, vagy egy sétához a környező tanösvényeken.</p>


			<div 
			class="wp-block-uagb-google-map uagb-google-map__wrap uagb-block-3caf7b93     "
			style="" >
				<embed
					class="uagb-google-map__iframe"
					title="Google Map for "
					src="https://maps.google.com/maps?q=ubytov%C5%88a%20k%C4%BEak&z=12&hl=en&t=m&output=embed&iwloc=near"
					width="640"
					height="300"
					loading="lazy"
				></embed>
			</div>

<p>Madarasalja település a művelődési házban üzemelteti a Turistaszállót. A szálláshely kapacitása 14 fő. Itt öt szoba található, továbbá társalgó kis konyhával és zuhanyozó férfiak és nők számára áll rendelkezésre. A szálláson egy pingpongasztal is várja a vendégeket. A művelődési ház mellett található a település sportlétesítménye játszótérrel, teniszpályával, minifocipályával, tűzrakóhellyel, és fedett kiülővel. Ideális indulóhely kerékpárturizmushoz [&hellip;]</p>

Madarasalja település a művelődési házban üzemelteti a Turistaszállót. A szálláshely kapacitása 14 fő. Itt öt szoba található, továbbá társalgó kis konyhával és zuhanyozó férfiak és nők számára áll rendelkezésre. A szálláson egy pingpongasztal is várja a vendégeket. A művelődési ház mellett található a település sportlétesítménye játszótérrel, teniszpályával, minifocipályával, tűzrakóhellyel, és fedett kiülővel. Ideális indulóhely kerékpárturizmushoz&hellip;
