{"id":18398,"date":"2023-03-20T18:08:10","date_gmt":"2023-03-20T17:08:10","guid":{"rendered":"https:\/\/regiongron.sk\/ubytovanie\/turisticka-ubytovna-hajenka-bukovina-nova-bana\/"},"modified":"2025-04-11T11:10:52","modified_gmt":"2025-04-11T09:10:52","slug":"turisticka-ubytovna-hajenka-bukovina-nova-bana","status":"publish","type":"ubytovanie","link":"https:\/\/regiongron.sk\/hu\/ubytovanie\/turisticka-ubytovna-hajenka-bukovina-nova-bana\/","title":{"rendered":"H\u00e1jenka Bukovina Turistasz\u00e1ll\u00f3"},"content":{"rendered":"\n<figure class=\"wp-block-gallery has-nested-images columns-default is-cropped wp-block-gallery-1 is-layout-flex wp-block-gallery-is-layout-flex\">\n<figure class=\"wp-block-image\"><img decoding=\"async\" data-id=\"1004\" src=\"https:\/\/regiongron.sk\/wp-content\/uploads\/2023\/03\/Hajenka__1432795231_87.197.117.96-1.jpg\" alt=\"\" class=\"wp-image-1004\"\/><\/figure>\n\n\n\n<figure class=\"wp-block-image size-large\"><img loading=\"lazy\" decoding=\"async\" width=\"1024\" height=\"682\" data-id=\"18719\" src=\"https:\/\/regiongron.sk\/wp-content\/uploads\/2023\/03\/Hajenka-Bukovina-1024x682.jpeg\" alt=\"\" class=\"wp-image-18719\" srcset=\"https:\/\/regiongron.sk\/hu\/wp-content\/uploads\/2023\/03\/Hajenka-Bukovina-1024x682.jpeg 1024w, https:\/\/regiongron.sk\/hu\/wp-content\/uploads\/2023\/03\/Hajenka-Bukovina-600x399.jpeg 600w, https:\/\/regiongron.sk\/hu\/wp-content\/uploads\/2023\/03\/Hajenka-Bukovina-768x511.jpeg 768w, https:\/\/regiongron.sk\/hu\/wp-content\/uploads\/2023\/03\/Hajenka-Bukovina.jpeg 1280w\" sizes=\"auto, (max-width: 1024px) 100vw, 1024px\" \/><\/figure>\n<\/figure>\n\n\n\n<p>Az \u00dajb\u00e1nyai erd\u0151kben elhelyezked\u0151 turistasz\u00e1ll\u00f3 eredetileg csal\u00e1di h\u00e1zk\u00e9nt szolg\u00e1lt. Az emeleten h\u00e1rom, a f\u00f6ldszinten egy szoba tal\u00e1lhat\u00f3, tov\u00e1bb\u00e1 t\u00e1rsalg\u00f3 kandall\u00f3val \u00e9s konyha. A sz\u00e1ll\u00e1shely ide\u00e1lis kiindul\u00f3pont a Garammenti-In\u00f3cra vezet\u0151 t\u00far\u00e1khoz, vagy a s\u00edel\u00e9shez a SKI centrum Drozdovo s\u00edp\u00e1ly\u00e1in.\u00a0 \u00dajb\u00e1ny\u00e1ra is egyszer\u0171en elvezett innen egy t\u00fara\u00fatvonal. El\u0151zetes sz\u00e1ll\u00e1sfoglal\u00e1s sz\u00fcks\u00e9ges.<\/p>\n\n\n\t\t\t<div \n\t\t\tclass=\"wp-block-uagb-google-map uagb-google-map__wrap uagb-block-ae818b77     \"\n\t\t\tstyle=\"\" >\n\t\t\t\t<embed\n\t\t\t\t\tclass=\"uagb-google-map__iframe\"\n\t\t\t\t\ttitle=\"Google Map for \"\n\t\t\t\t\tsrc=\"https:\/\/maps.google.com\/maps?q=H%C3%A1jenka%20Bukovina&z=12&hl=en&t=m&output=embed&iwloc=near\"\n\t\t\t\t\twidth=\"640\"\n\t\t\t\t\theight=\"300\"\n\t\t\t\t\tloading=\"lazy\"\n\t\t\t\t><\/embed>\n\t\t\t<\/div>\n\t\t\t","protected":false},"excerpt":{"rendered":"<p>Az \u00dajb\u00e1nyai erd\u0151kben elhelyezked\u0151 turistasz\u00e1ll\u00f3 eredetileg csal\u00e1di h\u00e1zk\u00e9nt szolg\u00e1lt. Az emeleten h\u00e1rom, a f\u00f6ldszinten egy szoba tal\u00e1lhat\u00f3, tov\u00e1bb\u00e1 t\u00e1rsalg\u00f3 kandall\u00f3val \u00e9s konyha. A sz\u00e1ll\u00e1shely ide\u00e1lis kiindul\u00f3pont a Garammenti-In\u00f3cra vezet\u0151 t\u00far\u00e1khoz, vagy a s\u00edel\u00e9shez a SKI centrum Drozdovo s\u00edp\u00e1ly\u00e1in.\u00a0 \u00dajb\u00e1ny\u00e1ra is egyszer\u0171en elvezett innen egy t\u00fara\u00fatvonal. El\u0151zetes sz\u00e1ll\u00e1sfoglal\u00e1s sz\u00fcks\u00e9ges.<\/p>\n","protected":false},"author":1,"featured_media":18401,"menu_order":5,"comment_status":"open","ping_status":"open","template":"","meta":{"_acf_changed":false,"inline_featured_image":false,"_uag_custom_page_level_css":"","footnotes":""},"categories":[],"tags":[],"class_list":["post-18398","ubytovanie","type-ubytovanie","status-publish","has-post-thumbnail","hentry"],"acf":[],"uagb_featured_image_src":{"full":["https:\/\/regiongron.sk\/hu\/wp-content\/uploads\/2023\/03\/Hajenka__1432795231_87.197.117.96-2.jpg",720,540,false],"thumbnail":["https:\/\/regiongron.sk\/hu\/wp-content\/uploads\/2023\/03\/Hajenka__1432795231_87.197.117.96-2-400x400.jpg",400,400,true],"medium":["https:\/\/regiongron.sk\/hu\/wp-content\/uploads\/2023\/03\/Hajenka__1432795231_87.197.117.96-2-600x450.jpg",600,450,true],"medium_large":["https:\/\/regiongron.sk\/hu\/wp-content\/uploads\/2023\/03\/Hajenka__1432795231_87.197.117.96-2.jpg",720,540,false],"large":["https:\/\/regiongron.sk\/hu\/wp-content\/uploads\/2023\/03\/Hajenka__1432795231_87.197.117.96-2.jpg",720,540,false],"1536x1536":["https:\/\/regiongron.sk\/hu\/wp-content\/uploads\/2023\/03\/Hajenka__1432795231_87.197.117.96-2.jpg",720,540,false],"2048x2048":["https:\/\/regiongron.sk\/hu\/wp-content\/uploads\/2023\/03\/Hajenka__1432795231_87.197.117.96-2.jpg",720,540,false]},"uagb_author_info":{"display_name":"schnicel","author_link":"https:\/\/regiongron.sk\/hu\/author\/schnicel\/"},"uagb_comment_info":0,"uagb_excerpt":"Az \u00dajb\u00e1nyai erd\u0151kben elhelyezked\u0151 turistasz\u00e1ll\u00f3 eredetileg csal\u00e1di h\u00e1zk\u00e9nt szolg\u00e1lt. Az emeleten h\u00e1rom, a f\u00f6ldszinten egy szoba tal\u00e1lhat\u00f3, tov\u00e1bb\u00e1 t\u00e1rsalg\u00f3 kandall\u00f3val \u00e9s konyha. A sz\u00e1ll\u00e1shely ide\u00e1lis kiindul\u00f3pont a Garammenti-In\u00f3cra vezet\u0151 t\u00far\u00e1khoz, vagy a s\u00edel\u00e9shez a SKI centrum Drozdovo s\u00edp\u00e1ly\u00e1in.\u00a0 \u00dajb\u00e1ny\u00e1ra is egyszer\u0171en elvezett innen egy t\u00fara\u00fatvonal. El\u0151zetes sz\u00e1ll\u00e1sfoglal\u00e1s sz\u00fcks\u00e9ges.","_links":{"self":[{"href":"https:\/\/regiongron.sk\/hu\/wp-json\/wp\/v2\/ubytovanie\/18398","targetHints":{"allow":["GET"]}}],"collection":[{"href":"https:\/\/regiongron.sk\/hu\/wp-json\/wp\/v2\/ubytovanie"}],"about":[{"href":"https:\/\/regiongron.sk\/hu\/wp-json\/wp\/v2\/types\/ubytovanie"}],"author":[{"embeddable":true,"href":"https:\/\/regiongron.sk\/hu\/wp-json\/wp\/v2\/users\/1"}],"replies":[{"embeddable":true,"href":"https:\/\/regiongron.sk\/hu\/wp-json\/wp\/v2\/comments?post=18398"}],"version-history":[{"count":3,"href":"https:\/\/regiongron.sk\/hu\/wp-json\/wp\/v2\/ubytovanie\/18398\/revisions"}],"predecessor-version":[{"id":24157,"href":"https:\/\/regiongron.sk\/hu\/wp-json\/wp\/v2\/ubytovanie\/18398\/revisions\/24157"}],"wp:featuredmedia":[{"embeddable":true,"href":"https:\/\/regiongron.sk\/hu\/wp-json\/wp\/v2\/media\/18401"}],"wp:attachment":[{"href":"https:\/\/regiongron.sk\/hu\/wp-json\/wp\/v2\/media?parent=18398"}],"wp:term":[{"taxonomy":"category","embeddable":true,"href":"https:\/\/regiongron.sk\/hu\/wp-json\/wp\/v2\/categories?post=18398"},{"taxonomy":"post_tag","embeddable":true,"href":"https:\/\/regiongron.sk\/hu\/wp-json\/wp\/v2\/tags?post=18398"}],"curies":[{"name":"wp","href":"https:\/\/api.w.org\/{rel}","templated":true}]}}

Hájenka Bukovina Turistaszálló

<figure class="wp-block-gallery has-nested-images columns-default is-cropped wp-block-gallery-1 is-layout-flex wp-block-gallery-is-layout-flex">
<figure class="wp-block-image"><img decoding="async" data-id="1004" src="https://regiongron.sk/wp-content/uploads/2023/03/Hajenka__1432795231_87.197.117.96-1.jpg" alt="" class="wp-image-1004"/></figure>



<figure class="wp-block-image size-large"><img loading="lazy" decoding="async" width="1024" height="682" data-id="18719" src="https://regiongron.sk/wp-content/uploads/2023/03/Hajenka-Bukovina-1024x682.jpeg" alt="" class="wp-image-18719" srcset="https://regiongron.sk/hu/wp-content/uploads/2023/03/Hajenka-Bukovina-1024x682.jpeg 1024w, https://regiongron.sk/hu/wp-content/uploads/2023/03/Hajenka-Bukovina-600x399.jpeg 600w, https://regiongron.sk/hu/wp-content/uploads/2023/03/Hajenka-Bukovina-768x511.jpeg 768w, https://regiongron.sk/hu/wp-content/uploads/2023/03/Hajenka-Bukovina.jpeg 1280w" sizes="auto, (max-width: 1024px) 100vw, 1024px" /></figure>
</figure>



<p>Az Újbányai erdőkben elhelyezkedő turistaszálló eredetileg családi házként szolgált. Az emeleten három, a földszinten egy szoba található, továbbá társalgó kandallóval és konyha. A szálláshely ideális kiindulópont a Garammenti-Inócra vezető túrákhoz, vagy a síeléshez a SKI centrum Drozdovo sípályáin.  Újbányára is egyszerűen elvezett innen egy túraútvonal. Előzetes szállásfoglalás szükséges.</p>


			<div 
			class="wp-block-uagb-google-map uagb-google-map__wrap uagb-block-ae818b77     "
			style="" >
				<embed
					class="uagb-google-map__iframe"
					title="Google Map for "
					src="https://maps.google.com/maps?q=H%C3%A1jenka%20Bukovina&z=12&hl=en&t=m&output=embed&iwloc=near"
					width="640"
					height="300"
					loading="lazy"
				></embed>
			</div>

<p>Az Újbányai erdőkben elhelyezkedő turistaszálló eredetileg családi házként szolgált. Az emeleten három, a földszinten egy szoba található, továbbá társalgó kandallóval és konyha. A szálláshely ideális kiindulópont a Garammenti-Inócra vezető túrákhoz, vagy a síeléshez a SKI centrum Drozdovo sípályáin.  Újbányára is egyszerűen elvezett innen egy túraútvonal. Előzetes szállásfoglalás szükséges.</p>

Az Újbányai erdőkben elhelyezkedő turistaszálló eredetileg családi házként szolgált. Az emeleten három, a földszinten egy szoba található, továbbá társalgó kandallóval és konyha. A szálláshely ideális kiindulópont a Garammenti-Inócra vezető túrákhoz, vagy a síeléshez a SKI centrum Drozdovo sípályáin.  Újbányára is egyszerűen elvezett innen egy túraútvonal. Előzetes szállásfoglalás szükséges.
