{"id":19456,"date":"2023-05-17T12:30:37","date_gmt":"2023-05-17T10:30:37","guid":{"rendered":"https:\/\/regiongron.sk\/?post_type=ubytovanie&#038;p=19456"},"modified":"2025-04-11T11:13:47","modified_gmt":"2025-04-11T09:13:47","slug":"rekreacne-zariadenie-slovan-sklene-teplice","status":"publish","type":"ubytovanie","link":"https:\/\/regiongron.sk\/hu\/ubytovanie\/rekreacne-zariadenie-slovan-sklene-teplice\/","title":{"rendered":"Slovan Turistasz\u00e1ll\u00f3"},"content":{"rendered":"\n<p>Szklen\u0151f\u00fcrd\u0151 hat\u00e1r\u00e1ban tal\u00e1lhat\u00f3, a Selmeci-hegys\u00e9g gy\u00f6ny\u00f6r\u0171 term\u00e9szeti k\u00f6rnyezet \u00f6lel\u00e9s\u00e9ben. \u00a0 A klasszikus turistasz\u00e1ll\u00f3 18 k\u00e9t\u00e1gyas szob\u00e1t k\u00edn\u00e1l k\u00f6z\u00f6s tiszt\u00e1lkod\u00e1si helys\u00e9gekkel (zuhany, WC). Egy 9-szem\u00e9lyes apartman is rendelkez\u00e9sre \u00e1ll, melyben saj\u00e1t f\u00fcrd\u0151szoba, k\u00e9t WC, kis konyha \u00e9s nappali telev\u00edzi\u00f3val tal\u00e1lhat\u00f3.<\/p>\n\n\n<div class=\"wp-block-image\">\n<figure class=\"aligncenter size-large is-resized\"><img loading=\"lazy\" decoding=\"async\" width=\"1024\" height=\"643\" src=\"https:\/\/regiongron.sk\/wp-content\/uploads\/2023\/05\/slovan-sklene-teplice-01-1024x643.jpg\" alt=\"Rekrea\u010dn\u00e9 zariadenie Slovan\" class=\"wp-image-19462\" style=\"width:496px;height:311px\" srcset=\"https:\/\/regiongron.sk\/hu\/wp-content\/uploads\/2023\/05\/slovan-sklene-teplice-01-1024x643.jpg 1024w, https:\/\/regiongron.sk\/hu\/wp-content\/uploads\/2023\/05\/slovan-sklene-teplice-01-600x377.jpg 600w, https:\/\/regiongron.sk\/hu\/wp-content\/uploads\/2023\/05\/slovan-sklene-teplice-01-768x482.jpg 768w, https:\/\/regiongron.sk\/hu\/wp-content\/uploads\/2023\/05\/slovan-sklene-teplice-01-1536x964.jpg 1536w, https:\/\/regiongron.sk\/hu\/wp-content\/uploads\/2023\/05\/slovan-sklene-teplice-01-2048x1285.jpg 2048w, https:\/\/regiongron.sk\/hu\/wp-content\/uploads\/2023\/05\/slovan-sklene-teplice-01-scaled.jpg 2560w\" sizes=\"auto, (max-width: 1024px) 100vw, 1024px\" \/><\/figure>\n<\/div>\n\n<div class=\"wp-block-image\">\n<figure class=\"aligncenter size-large is-resized\"><img loading=\"lazy\" decoding=\"async\" width=\"1024\" height=\"766\" src=\"https:\/\/regiongron.sk\/wp-content\/uploads\/2023\/05\/1684318373146-1024x766.jpg\" alt=\"V\u00fdh\u013ead na Kapitulsk\u00e9 bral\u00e1\" class=\"wp-image-19457\" style=\"width:484px;height:362px\" srcset=\"https:\/\/regiongron.sk\/hu\/wp-content\/uploads\/2023\/05\/1684318373146-1024x766.jpg 1024w, https:\/\/regiongron.sk\/hu\/wp-content\/uploads\/2023\/05\/1684318373146-600x449.jpg 600w, https:\/\/regiongron.sk\/hu\/wp-content\/uploads\/2023\/05\/1684318373146-768x575.jpg 768w, https:\/\/regiongron.sk\/hu\/wp-content\/uploads\/2023\/05\/1684318373146-1536x1149.jpg 1536w, https:\/\/regiongron.sk\/hu\/wp-content\/uploads\/2023\/05\/1684318373146-2048x1533.jpg 2048w, https:\/\/regiongron.sk\/hu\/wp-content\/uploads\/2023\/05\/1684318373146-scaled.jpg 2560w\" sizes=\"auto, (max-width: 1024px) 100vw, 1024px\" \/><\/figure>\n<\/div>\n\n\t\t\t<div \n\t\t\tclass=\"wp-block-uagb-google-map uagb-google-map__wrap uagb-block-8f7cc3d3     \"\n\t\t\tstyle=\"\" >\n\t\t\t\t<embed\n\t\t\t\t\tclass=\"uagb-google-map__iframe\"\n\t\t\t\t\ttitle=\"Google Map for \"\n\t\t\t\t\tsrc=\"https:\/\/maps.google.com\/maps?q=TJ%20Slovan%20Sklen%C3%A9&z=12&hl=en&t=m&output=embed&iwloc=near\"\n\t\t\t\t\twidth=\"640\"\n\t\t\t\t\theight=\"300\"\n\t\t\t\t\tloading=\"lazy\"\n\t\t\t\t><\/embed>\n\t\t\t<\/div>\n\t\t\t","protected":false},"excerpt":{"rendered":"<p>Szklen\u0151f\u00fcrd\u0151 hat\u00e1r\u00e1ban tal\u00e1lhat\u00f3, a Selmeci-hegys\u00e9g gy\u00f6ny\u00f6r\u0171 term\u00e9szeti k\u00f6rnyezet \u00f6lel\u00e9s\u00e9ben. \u00a0 A klasszikus turistasz\u00e1ll\u00f3 18 k\u00e9t\u00e1gyas szob\u00e1t k\u00edn\u00e1l k\u00f6z\u00f6s tiszt\u00e1lkod\u00e1si helys\u00e9gekkel (zuhany, WC). Egy 9-szem\u00e9lyes apartman is rendelkez\u00e9sre \u00e1ll, melyben saj\u00e1t f\u00fcrd\u0151szoba, k\u00e9t WC, kis konyha \u00e9s nappali telev\u00edzi\u00f3val tal\u00e1lhat\u00f3.<\/p>\n","protected":false},"author":2,"featured_media":19462,"menu_order":11,"comment_status":"open","ping_status":"closed","template":"","meta":{"_acf_changed":false,"inline_featured_image":false,"_uag_custom_page_level_css":"","footnotes":""},"categories":[],"tags":[],"class_list":["post-19456","ubytovanie","type-ubytovanie","status-publish","has-post-thumbnail","hentry"],"acf":[],"uagb_featured_image_src":{"full":["https:\/\/regiongron.sk\/hu\/wp-content\/uploads\/2023\/05\/slovan-sklene-teplice-01-scaled.jpg",2560,1607,false],"thumbnail":["https:\/\/regiongron.sk\/hu\/wp-content\/uploads\/2023\/05\/slovan-sklene-teplice-01-400x400.jpg",400,400,true],"medium":["https:\/\/regiongron.sk\/hu\/wp-content\/uploads\/2023\/05\/slovan-sklene-teplice-01-600x377.jpg",600,377,true],"medium_large":["https:\/\/regiongron.sk\/hu\/wp-content\/uploads\/2023\/05\/slovan-sklene-teplice-01-768x482.jpg",768,482,true],"large":["https:\/\/regiongron.sk\/hu\/wp-content\/uploads\/2023\/05\/slovan-sklene-teplice-01-1024x643.jpg",1024,643,true],"1536x1536":["https:\/\/regiongron.sk\/hu\/wp-content\/uploads\/2023\/05\/slovan-sklene-teplice-01-1536x964.jpg",1536,964,true],"2048x2048":["https:\/\/regiongron.sk\/hu\/wp-content\/uploads\/2023\/05\/slovan-sklene-teplice-01-2048x1285.jpg",2048,1285,true]},"uagb_author_info":{"display_name":"regiongron","author_link":"https:\/\/regiongron.sk\/hu\/author\/regiongron\/"},"uagb_comment_info":0,"uagb_excerpt":"Szklen\u0151f\u00fcrd\u0151 hat\u00e1r\u00e1ban tal\u00e1lhat\u00f3, a Selmeci-hegys\u00e9g gy\u00f6ny\u00f6r\u0171 term\u00e9szeti k\u00f6rnyezet \u00f6lel\u00e9s\u00e9ben. \u00a0 A klasszikus turistasz\u00e1ll\u00f3 18 k\u00e9t\u00e1gyas szob\u00e1t k\u00edn\u00e1l k\u00f6z\u00f6s tiszt\u00e1lkod\u00e1si helys\u00e9gekkel (zuhany, WC). Egy 9-szem\u00e9lyes apartman is rendelkez\u00e9sre \u00e1ll, melyben saj\u00e1t f\u00fcrd\u0151szoba, k\u00e9t WC, kis konyha \u00e9s nappali telev\u00edzi\u00f3val tal\u00e1lhat\u00f3.","_links":{"self":[{"href":"https:\/\/regiongron.sk\/hu\/wp-json\/wp\/v2\/ubytovanie\/19456","targetHints":{"allow":["GET"]}}],"collection":[{"href":"https:\/\/regiongron.sk\/hu\/wp-json\/wp\/v2\/ubytovanie"}],"about":[{"href":"https:\/\/regiongron.sk\/hu\/wp-json\/wp\/v2\/types\/ubytovanie"}],"author":[{"embeddable":true,"href":"https:\/\/regiongron.sk\/hu\/wp-json\/wp\/v2\/users\/2"}],"replies":[{"embeddable":true,"href":"https:\/\/regiongron.sk\/hu\/wp-json\/wp\/v2\/comments?post=19456"}],"version-history":[{"count":5,"href":"https:\/\/regiongron.sk\/hu\/wp-json\/wp\/v2\/ubytovanie\/19456\/revisions"}],"predecessor-version":[{"id":24159,"href":"https:\/\/regiongron.sk\/hu\/wp-json\/wp\/v2\/ubytovanie\/19456\/revisions\/24159"}],"wp:featuredmedia":[{"embeddable":true,"href":"https:\/\/regiongron.sk\/hu\/wp-json\/wp\/v2\/media\/19462"}],"wp:attachment":[{"href":"https:\/\/regiongron.sk\/hu\/wp-json\/wp\/v2\/media?parent=19456"}],"wp:term":[{"taxonomy":"category","embeddable":true,"href":"https:\/\/regiongron.sk\/hu\/wp-json\/wp\/v2\/categories?post=19456"},{"taxonomy":"post_tag","embeddable":true,"href":"https:\/\/regiongron.sk\/hu\/wp-json\/wp\/v2\/tags?post=19456"}],"curies":[{"name":"wp","href":"https:\/\/api.w.org\/{rel}","templated":true}]}}

Slovan Turistaszálló

<p>Szklenőfürdő határában található, a Selmeci-hegység gyönyörű természeti környezet ölelésében.   A klasszikus turistaszálló 18 kétágyas szobát kínál közös tisztálkodási helységekkel (zuhany, WC). Egy 9-személyes apartman is rendelkezésre áll, melyben saját fürdőszoba, két WC, kis konyha és nappali televízióval található.</p>


<div class="wp-block-image">
<figure class="aligncenter size-large is-resized"><img loading="lazy" decoding="async" width="1024" height="643" src="https://regiongron.sk/wp-content/uploads/2023/05/slovan-sklene-teplice-01-1024x643.jpg" alt="Rekreačné zariadenie Slovan" class="wp-image-19462" style="width:496px;height:311px" srcset="https://regiongron.sk/hu/wp-content/uploads/2023/05/slovan-sklene-teplice-01-1024x643.jpg 1024w, https://regiongron.sk/hu/wp-content/uploads/2023/05/slovan-sklene-teplice-01-600x377.jpg 600w, https://regiongron.sk/hu/wp-content/uploads/2023/05/slovan-sklene-teplice-01-768x482.jpg 768w, https://regiongron.sk/hu/wp-content/uploads/2023/05/slovan-sklene-teplice-01-1536x964.jpg 1536w, https://regiongron.sk/hu/wp-content/uploads/2023/05/slovan-sklene-teplice-01-2048x1285.jpg 2048w, https://regiongron.sk/hu/wp-content/uploads/2023/05/slovan-sklene-teplice-01-scaled.jpg 2560w" sizes="auto, (max-width: 1024px) 100vw, 1024px" /></figure>
</div>

<div class="wp-block-image">
<figure class="aligncenter size-large is-resized"><img loading="lazy" decoding="async" width="1024" height="766" src="https://regiongron.sk/wp-content/uploads/2023/05/1684318373146-1024x766.jpg" alt="Výhľad na Kapitulské bralá" class="wp-image-19457" style="width:484px;height:362px" srcset="https://regiongron.sk/hu/wp-content/uploads/2023/05/1684318373146-1024x766.jpg 1024w, https://regiongron.sk/hu/wp-content/uploads/2023/05/1684318373146-600x449.jpg 600w, https://regiongron.sk/hu/wp-content/uploads/2023/05/1684318373146-768x575.jpg 768w, https://regiongron.sk/hu/wp-content/uploads/2023/05/1684318373146-1536x1149.jpg 1536w, https://regiongron.sk/hu/wp-content/uploads/2023/05/1684318373146-2048x1533.jpg 2048w, https://regiongron.sk/hu/wp-content/uploads/2023/05/1684318373146-scaled.jpg 2560w" sizes="auto, (max-width: 1024px) 100vw, 1024px" /></figure>
</div>

			<div 
			class="wp-block-uagb-google-map uagb-google-map__wrap uagb-block-8f7cc3d3     "
			style="" >
				<embed
					class="uagb-google-map__iframe"
					title="Google Map for "
					src="https://maps.google.com/maps?q=TJ%20Slovan%20Sklen%C3%A9&z=12&hl=en&t=m&output=embed&iwloc=near"
					width="640"
					height="300"
					loading="lazy"
				></embed>
			</div>

<p>Szklenőfürdő határában található, a Selmeci-hegység gyönyörű természeti környezet ölelésében.   A klasszikus turistaszálló 18 kétágyas szobát kínál közös tisztálkodási helységekkel (zuhany, WC). Egy 9-személyes apartman is rendelkezésre áll, melyben saját fürdőszoba, két WC, kis konyha és nappali televízióval található.</p>

Szklenőfürdő határában található, a Selmeci-hegység gyönyörű természeti környezet ölelésében.   A klasszikus turistaszálló 18 kétágyas szobát kínál közös tisztálkodási helységekkel (zuhany, WC). Egy 9-személyes apartman is rendelkezésre áll, melyben saját fürdőszoba, két WC, kis konyha és nappali televízióval található.
