{"id":20379,"date":"2023-09-13T10:20:47","date_gmt":"2023-09-13T08:20:47","guid":{"rendered":"https:\/\/regiongron.sk\/?post_type=ubytovanie&#038;p=20379"},"modified":"2025-04-11T10:56:12","modified_gmt":"2025-04-11T08:56:12","slug":"motocamp-slovakia-nova-bana","status":"publish","type":"ubytovanie","link":"https:\/\/regiongron.sk\/hu\/ubytovanie\/motocamp-slovakia-nova-bana\/","title":{"rendered":"MOTOCAMP SLOVAKIA"},"content":{"rendered":"\n<p>A MotoCamp Slov\u00e1kia egy kemping st\u00edlus\u00fa sz\u00e1ll\u00e1shely a Tajch \u00fcd\u00fcl\u0151\u00f6vezetben. K\u00f6zvetlen\u00fcl a Tajch v\u00edzt\u00e1roz\u00f3 partj\u00e1n \u00e1ll, ide\u00e1lis helyet biztos\u00edtva nem csak az aut\u00f3sok, de a lak\u00f3kocsik sz\u00e1m\u00e1ra is. A kis n\u00e9gy\u00e1gyas kabinok mag\u00e1ny\u00e1ban pihenni v\u00e1gy\u00f3k is el\u00e9gedettek leszek, hasonl\u00f3an a kalandv\u00e1gy\u00f3bb, saj\u00e1t s\u00e1torral rendelkez\u0151k vend\u00e9gekhez. A sz\u00e1ll\u00f3vend\u00e9gek sz\u00e1m\u00e1ra a kemping b\u00fcf\u00e9reggelit is k\u00edn\u00e1l.<\/p>\n\n\n\n<p>A sz\u00e1ll\u00f3vend\u00e9gek \u00e9s a l\u00e1togat\u00f3k sz\u00e1m\u00e1ra \u00e9tterem is rendelkez\u00e9sre \u00e1ll, amely az \u00e1lland\u00f3 leves \u00e9s f\u0151\u00e9tel k\u00edn\u00e1laton k\u00edv\u00fcl k\u00fcl\u00f6nb\u00f6z\u0151 specialit\u00e1sokat is k\u00edn\u00e1l. Az aktu\u00e1lis k\u00edn\u00e1latr\u00f3l k\u00f6zvetlen\u00fcl az \u00e9tteremben, vagy a Facebook oldalukon \u2014 MotoCamp Slovakia t\u00e1j\u00e9koz\u00f3dhat. A kemping f\u00fcves ter\u00fclet\u00e9n kerti ki\u00fcl\u0151k \u00e9s falazott t\u0171zrak\u00f3helyek tal\u00e1lhat\u00f3k, a motorok sz\u00e1m\u00e1ra fedett be\u00e1ll\u00f3hely van ki\u00e9p\u00edtve, a lak\u00f3kocsik sz\u00e1m\u00e1ra elektromos csatlakoz\u00f3k \u00e1llnak rendelkez\u00e9sre. A fah\u00e1zakban zuhanyf\u00fclke, WC \u00e9s h\u0171t\u0151 is megtal\u00e1lhat\u00f3. A fah\u00e1zak f\u0171t\u00f6ttek, \u00edgy eg\u00e9sz \u00e9vben haszn\u00e1lhat\u00f3k. Az eg\u00e9sz ter\u00fcleten biztos\u00edtott a WiFi lefedetts\u00e9g.<\/p>\n\n\n<div class=\"wp-block-image\">\n<figure class=\"aligncenter size-full is-resized\"><img loading=\"lazy\" decoding=\"async\" width=\"940\" height=\"628\" src=\"https:\/\/regiongron.sk\/wp-content\/uploads\/2023\/03\/banskydvor.jpg\" alt=\"Motocamp Slovakia na Tajchu\" class=\"wp-image-18342\" style=\"width:596px;height:398px\" srcset=\"https:\/\/regiongron.sk\/hu\/wp-content\/uploads\/2023\/03\/banskydvor.jpg 940w, https:\/\/regiongron.sk\/hu\/wp-content\/uploads\/2023\/03\/banskydvor-600x401.jpg 600w, https:\/\/regiongron.sk\/hu\/wp-content\/uploads\/2023\/03\/banskydvor-768x513.jpg 768w\" sizes=\"auto, (max-width: 940px) 100vw, 940px\" \/><\/figure>\n<\/div>\n\n\t\t\t<div \n\t\t\tclass=\"wp-block-uagb-google-map uagb-google-map__wrap uagb-block-612525ab     \"\n\t\t\tstyle=\"\" >\n\t\t\t\t<embed\n\t\t\t\t\tclass=\"uagb-google-map__iframe\"\n\t\t\t\t\ttitle=\"Google Map for \"\n\t\t\t\t\tsrc=\"https:\/\/maps.google.com\/maps?q=Motocamp%20Slovakia&z=12&hl=en&t=m&output=embed&iwloc=near\"\n\t\t\t\t\twidth=\"640\"\n\t\t\t\t\theight=\"300\"\n\t\t\t\t\tloading=\"lazy\"\n\t\t\t\t><\/embed>\n\t\t\t<\/div>\n\t\t\t","protected":false},"excerpt":{"rendered":"<p>A MotoCamp Slov\u00e1kia egy kemping st\u00edlus\u00fa sz\u00e1ll\u00e1shely a Tajch \u00fcd\u00fcl\u0151\u00f6vezetben. K\u00f6zvetlen\u00fcl a Tajch v\u00edzt\u00e1roz\u00f3 partj\u00e1n \u00e1ll, ide\u00e1lis helyet biztos\u00edtva nem csak az aut\u00f3sok, de a lak\u00f3kocsik sz\u00e1m\u00e1ra is. A kis n\u00e9gy\u00e1gyas kabinok mag\u00e1ny\u00e1ban pihenni v\u00e1gy\u00f3k is el\u00e9gedettek leszek, hasonl\u00f3an a kalandv\u00e1gy\u00f3bb, saj\u00e1t s\u00e1torral rendelkez\u0151k vend\u00e9gekhez. A sz\u00e1ll\u00f3vend\u00e9gek sz\u00e1m\u00e1ra a kemping b\u00fcf\u00e9reggelit is k\u00edn\u00e1l. A sz\u00e1ll\u00f3vend\u00e9gek [&hellip;]<\/p>\n","protected":false},"author":2,"featured_media":18342,"menu_order":2,"comment_status":"open","ping_status":"closed","template":"","meta":{"_acf_changed":false,"inline_featured_image":false,"_uag_custom_page_level_css":"","footnotes":""},"categories":[],"tags":[],"class_list":["post-20379","ubytovanie","type-ubytovanie","status-publish","has-post-thumbnail","hentry"],"acf":[],"uagb_featured_image_src":{"full":["https:\/\/regiongron.sk\/hu\/wp-content\/uploads\/2023\/03\/banskydvor.jpg",940,628,false],"thumbnail":["https:\/\/regiongron.sk\/hu\/wp-content\/uploads\/2023\/03\/banskydvor-400x400.jpg",400,400,true],"medium":["https:\/\/regiongron.sk\/hu\/wp-content\/uploads\/2023\/03\/banskydvor-600x401.jpg",600,401,true],"medium_large":["https:\/\/regiongron.sk\/hu\/wp-content\/uploads\/2023\/03\/banskydvor-768x513.jpg",768,513,true],"large":["https:\/\/regiongron.sk\/hu\/wp-content\/uploads\/2023\/03\/banskydvor.jpg",940,628,false],"1536x1536":["https:\/\/regiongron.sk\/hu\/wp-content\/uploads\/2023\/03\/banskydvor.jpg",940,628,false],"2048x2048":["https:\/\/regiongron.sk\/hu\/wp-content\/uploads\/2023\/03\/banskydvor.jpg",940,628,false]},"uagb_author_info":{"display_name":"regiongron","author_link":"https:\/\/regiongron.sk\/hu\/author\/regiongron\/"},"uagb_comment_info":0,"uagb_excerpt":"A MotoCamp Slov\u00e1kia egy kemping st\u00edlus\u00fa sz\u00e1ll\u00e1shely a Tajch \u00fcd\u00fcl\u0151\u00f6vezetben. K\u00f6zvetlen\u00fcl a Tajch v\u00edzt\u00e1roz\u00f3 partj\u00e1n \u00e1ll, ide\u00e1lis helyet biztos\u00edtva nem csak az aut\u00f3sok, de a lak\u00f3kocsik sz\u00e1m\u00e1ra is. A kis n\u00e9gy\u00e1gyas kabinok mag\u00e1ny\u00e1ban pihenni v\u00e1gy\u00f3k is el\u00e9gedettek leszek, hasonl\u00f3an a kalandv\u00e1gy\u00f3bb, saj\u00e1t s\u00e1torral rendelkez\u0151k vend\u00e9gekhez. A sz\u00e1ll\u00f3vend\u00e9gek sz\u00e1m\u00e1ra a kemping b\u00fcf\u00e9reggelit is k\u00edn\u00e1l. A sz\u00e1ll\u00f3vend\u00e9gek&hellip;","_links":{"self":[{"href":"https:\/\/regiongron.sk\/hu\/wp-json\/wp\/v2\/ubytovanie\/20379","targetHints":{"allow":["GET"]}}],"collection":[{"href":"https:\/\/regiongron.sk\/hu\/wp-json\/wp\/v2\/ubytovanie"}],"about":[{"href":"https:\/\/regiongron.sk\/hu\/wp-json\/wp\/v2\/types\/ubytovanie"}],"author":[{"embeddable":true,"href":"https:\/\/regiongron.sk\/hu\/wp-json\/wp\/v2\/users\/2"}],"replies":[{"embeddable":true,"href":"https:\/\/regiongron.sk\/hu\/wp-json\/wp\/v2\/comments?post=20379"}],"version-history":[{"count":3,"href":"https:\/\/regiongron.sk\/hu\/wp-json\/wp\/v2\/ubytovanie\/20379\/revisions"}],"predecessor-version":[{"id":24153,"href":"https:\/\/regiongron.sk\/hu\/wp-json\/wp\/v2\/ubytovanie\/20379\/revisions\/24153"}],"wp:featuredmedia":[{"embeddable":true,"href":"https:\/\/regiongron.sk\/hu\/wp-json\/wp\/v2\/media\/18342"}],"wp:attachment":[{"href":"https:\/\/regiongron.sk\/hu\/wp-json\/wp\/v2\/media?parent=20379"}],"wp:term":[{"taxonomy":"category","embeddable":true,"href":"https:\/\/regiongron.sk\/hu\/wp-json\/wp\/v2\/categories?post=20379"},{"taxonomy":"post_tag","embeddable":true,"href":"https:\/\/regiongron.sk\/hu\/wp-json\/wp\/v2\/tags?post=20379"}],"curies":[{"name":"wp","href":"https:\/\/api.w.org\/{rel}","templated":true}]}}

<p>A MotoCamp Slovákia egy kemping stílusú szálláshely a Tajch üdülőövezetben. Közvetlenül a Tajch víztározó partján áll, ideális helyet biztosítva nem csak az autósok, de a lakókocsik számára is. A kis négyágyas kabinok magányában pihenni vágyók is elégedettek leszek, hasonlóan a kalandvágyóbb, saját sátorral rendelkezők vendégekhez. A szállóvendégek számára a kemping büféreggelit is kínál.</p>



<p>A szállóvendégek és a látogatók számára étterem is rendelkezésre áll, amely az állandó leves és főétel kínálaton kívül különböző specialitásokat is kínál. Az aktuális kínálatról közvetlenül az étteremben, vagy a Facebook oldalukon — MotoCamp Slovakia tájékozódhat. A kemping füves területén kerti kiülők és falazott tűzrakóhelyek találhatók, a motorok számára fedett beállóhely van kiépítve, a lakókocsik számára elektromos csatlakozók állnak rendelkezésre. A faházakban zuhanyfülke, WC és hűtő is megtalálható. A faházak fűtöttek, így egész évben használhatók. Az egész területen biztosított a WiFi lefedettség.</p>


<div class="wp-block-image">
<figure class="aligncenter size-full is-resized"><img loading="lazy" decoding="async" width="940" height="628" src="https://regiongron.sk/wp-content/uploads/2023/03/banskydvor.jpg" alt="Motocamp Slovakia na Tajchu" class="wp-image-18342" style="width:596px;height:398px" srcset="https://regiongron.sk/hu/wp-content/uploads/2023/03/banskydvor.jpg 940w, https://regiongron.sk/hu/wp-content/uploads/2023/03/banskydvor-600x401.jpg 600w, https://regiongron.sk/hu/wp-content/uploads/2023/03/banskydvor-768x513.jpg 768w" sizes="auto, (max-width: 940px) 100vw, 940px" /></figure>
</div>

			<div 
			class="wp-block-uagb-google-map uagb-google-map__wrap uagb-block-612525ab     "
			style="" >
				<embed
					class="uagb-google-map__iframe"
					title="Google Map for "
					src="https://maps.google.com/maps?q=Motocamp%20Slovakia&z=12&hl=en&t=m&output=embed&iwloc=near"
					width="640"
					height="300"
					loading="lazy"
				></embed>
			</div>

<p>A MotoCamp Slovákia egy kemping stílusú szálláshely a Tajch üdülőövezetben. Közvetlenül a Tajch víztározó partján áll, ideális helyet biztosítva nem csak az autósok, de a lakókocsik számára is. A kis négyágyas kabinok magányában pihenni vágyók is elégedettek leszek, hasonlóan a kalandvágyóbb, saját sátorral rendelkezők vendégekhez. A szállóvendégek számára a kemping büféreggelit is kínál. A szállóvendégek [&hellip;]</p>

A MotoCamp Slovákia egy kemping stílusú szálláshely a Tajch üdülőövezetben. Közvetlenül a Tajch víztározó partján áll, ideális helyet biztosítva nem csak az autósok, de a lakókocsik számára is. A kis négyágyas kabinok magányában pihenni vágyók is elégedettek leszek, hasonlóan a kalandvágyóbb, saját sátorral rendelkezők vendégekhez. A szállóvendégek számára a kemping büféreggelit is kínál. A szállóvendégek&hellip;
